474
CXUS54 KEWX 011010
CF6BMQ
PRELIMINARY LOCAL CLIMATOLOGICAL DATA (WS FORM: F-6)
STATION: BURNET
MONTH: OCTOBER
YEAR: 2020
LATITUDE: 30 43 N
LONGITUDE: 98 14 W
TEMPERATURE IN F: :PCPN: SNOW: WIND :SUNSHINE: SKY :PK WND
================================================================================
1 2 3 4 5 6A 6B 7 8 9 10 11 12 13 14 15 16 17 18
12Z AVG MX 2MIN
DY MAX MIN AVG DEP HDD CDD WTR SNW DPTH SPD SPD DIR MIN PSBL S-S WX SPD DR
================================================================================
1 87 53 70 -3 0 5 0.00 M M 4.9 13 50 M M 0 19 40
2 81 59 70 -2 0 5 0.00 M M 5.5 12 80 M M 0 17 90
3 83 55 69 -3 0 4 0.00 M M 5.2 15 190 M M 0 25 170
4 87 60 74 2 0 9 0.00 M M 5.8 14 50 M M 1 20 30
5 84 60 72 0 0 7 0.00 M M 3.8 10 210 M M 1 15 110
6 88 63 76 5 0 11 0.00 M M 3.6 12 190 M M 0 17 180
7 88 61 75 4 0 10 0.00 M M 3.0 12 110 M M 0 16 50
8 87 57 72 1 0 7 0.00 M M 4.0 12 130 M M 1 18 90
9 86 70 78 8 0 13 0.00 M M 4.8 10 40 M M 5 18 16 20
10 93 63 78 8 0 13 0.00 M M 3.1 12 180 M M 1 12 17 180
11 97 63 80 10 0 15 0.00 M M 6.2 17 180 M M 0 25 240
12 85 63 74 4 0 9 0.00 M M 7.5 18 20 M M 3 8 30 20
13 89 58 74 5 0 9 0.00 M M 2.6 8 80 M M 0 12 110
14 91 60 76 7 0 11 0.00 M M 6.7 17 200 M M 0 25 180
15 85 63 74 6 0 9 0.00 M M 10.6 22 30 M M 2 18 32 40
16 74 57 66 -2 0 1 0.00 M M 10.0 21 30 M M 2 32 50
17 79 53 66 -2 0 1 0.00 M M 9.8 23 190 M M 5 37 170
18 89 68 79 11 0 14 0.00 M M 10.6 22 190 M M 2 34 180
19 87 68 78 11 0 13 0.00 M M 7.1 17 180 M M 7 28 180
20 88 73 81 14 0 16 T M M 7.7 17 180 M M 5 26 170
21 86 69 78 11 0 13 0.00 M M 7.6 16 140 M M 4 26 150
22 87 70 79 13 0 14 0.00 M M 8.1 15 170 M M 5 26 150
23 77 50 64 -2 1 0 T M M 9.4 24 30 M M 10 37 20
24 66 49 58 -8 7 0 0.00 M M 5.9 14 340 M M 7 8 23 360
25 81 55 68 3 0 3 0.00 M M 7.4 18 190 M M 6 28 200
26 73 38 56 -9 9 0 0.12 M M 10.7 20 30 M M 10 1 27 30
27 39 36 38 -26 27 0 0.06 M M 9.2 16 330 M M 10 1 23 330
28 57 36 47 -17 18 0 0.05 M M 11.1 22 300 M M 4 1 32 290
29 61 44 53 -11 12 0 T M M 13.3 30 320 M M 2 45 280
30 70 39 55 -8 10 0 0.00 M M 3.5 10 30 M M 0 18 20
31 76 40 58 -5 7 0 0.00 M M 2.9 14 200 M M 0 20 200
================================================================================
SM 2501 1753 91 212 0.23 M 211.6 M 93
================================================================================
AV 80.7 56.6 6.8 FASTST M M 3 MAX(MPH)
MISC ----> # 30 320 # 45 280
================================================================================
NOTES:
# LAST OF SEVERAL OCCURRENCES
COLUMN 17 PEAK WIND IN M.P.H.
PRELIMINARY LOCAL CLIMATOLOGICAL DATA (WS FORM: F-6) , PAGE 2
STATION: BURNET
MONTH: OCTOBER
YEAR: 2020
LATITUDE: 30 43 N
LONGITUDE: 98 14 W
[TEMPERATURE DATA] [PRECIPITATION DATA] SYMBOLS USED IN COLUMN 16
AVERAGE MONTHLY: 68.6 TOTAL FOR MONTH: 0.23 1 = FOG OR MIST
DPTR FM NORMAL: 0.5 DPTR FM NORMAL: -3.17 2 = FOG REDUCING VISIBILITY
HIGHEST: 97 ON 11 GRTST 24HR 0.12 ON 26-26 TO 1/4 MILE OR LESS
LOWEST: 36 ON 28,27 3 = THUNDER
SNOW, ICE PELLETS, HAIL 4 = ICE PELLETS
TOTAL MONTH: M 5 = HAIL
GRTST 24HR M ON M 6 = FREEZING RAIN OR DRIZZLE
GRTST DEPTH: M ON M 7 = DUSTSTORM OR SANDSTORM:
VSBY 1/2 MILE OR LESS
8 = SMOKE OR HAZE
[NO. OF DAYS WITH] [WEATHER - DAYS WITH] 9 = BLOWING SNOW
X = TORNADO
MAX 32 OR BELOW: 0 0.01 INCH OR MORE: 3
MAX 90 OR ABOVE: 3 0.10 INCH OR MORE: 1
MIN 32 OR BELOW: 0 0.50 INCH OR MORE: 0
MIN 0 OR BELOW: 0 1.00 INCH OR MORE: 0
[HDD (BASE 65) ]
TOTAL THIS MO. 91 CLEAR (SCALE 0-3) 19
DPTR FM NORMAL 35 PTCLDY (SCALE 4-7) 9
TOTAL FM JUL 1 91 CLOUDY (SCALE 8-10) 3
DPTR FM NORMAL 32
[CDD (BASE 65) ]
TOTAL THIS MO. 212
DPTR FM NORMAL 60 [PRESSURE DATA]
TOTAL FM JAN 1 2803 HIGHEST SLP 30.36 ON 30
DPTR FM NORMAL 240 LOWEST SLP 29.75 ON 11
[REMARKS]
#FINAL-10-20#