000
CXUS55 KOHX 011210
CF6BNA
PRELIMINARY LOCAL CLIMATOLOGICAL DATA (WS FORM: F-6)
STATION: NASHVILLE
MONTH: DECEMBER
YEAR: 2021
LATITUDE: 36 7 N
LONGITUDE: 86 41 W
TEMPERATURE IN F: :PCPN: SNOW: WIND :SUNSHINE: SKY :PK WND
================================================================================
1 2 3 4 5 6A 6B 7 8 9 10 11 12 13 14 15 16 17 18
12Z AVG MX 2MIN
DY MAX MIN AVG DEP HDD CDD WTR SNW DPTH SPD SPD DIR MIN PSBL S-S WX SPD DR
================================================================================
1 67 38 53 7 12 0 0.04 0.0 0 7.4 17 200 M M 7 8 25 200
2 74 46 60 15 5 0 0.00 0.0 0 6.2 15 250 M M 2 18 22 250
3 75 43 59 14 6 0 0.00 0.0 0 6.6 14 200 M M 3 8 18 210
4 62 51 57 12 8 0 0.00 0.0 0 4.9 15 30 M M 9 18 20 20
5 70 49 60 15 5 0 0.01 0.0 0 11.1 28 200 M M 7 138 39 200
6 68 33 51 7 14 0 1.33 0.0 0 12.9 29 200 M M 5 138 47 200
7 45 29 37 -7 28 0 0.00 0.0 0 6.1 14 50 M M 6 19 40
8 54 34 44 0 21 0 0.00 0.0 0 4.3 12 330 M M 4 15 310
9 63 32 48 4 17 0 0.00 0.0 0 10.5 25 190 M M 6 35 210
10 73 57 65 21 0 0 0.16 0.0 0 13.0 28 190 M M 10 18 39 190
11 73 36 55 11 10 0 0.29 0.0 0 14.2 47 210 M M 8 13 78 200
12 51 28 40 -3 25 0 0.00 0.0 0 2.3 12 100 M M 0 1 15 100
13 61 28 45 2 20 0 0.00 0.0 0 3.7 15 200 M M 0 21 190
14 66 32 49 6 16 0 0.00 0.0 0 3.4 10 110 M M 2 18 14 100
15 69 50 60 17 5 0 0.00 0.0 0 14.4 24 190 M M 5 32 180
16 70 55 63 20 2 0 0.40 0.0 0 11.9 24 200 M M 9 18 36 190
17 65 52 59 17 6 0 0.61 0.0 0 5.3 16 190 M M 9 138 22 190
18 73 42 58 16 7 0 0.32 0.0 0 11.3 20 360 M M 9 13 26 310
19 47 32 40 -2 25 0 0.00 0.0 0 10.4 18 10 M M 6 26 10
20 47 28 38 -4 27 0 0.00 0.0 0 2.4 8 80 M M 5 1 10 80
21 52 35 44 2 21 0 0.00 0.0 0 2.1 9 330 M M 6 18 11 330
22 47 30 39 -3 26 0 0.00 0.0 0 6.3 14 20 M M 0 19 10
23 63 26 45 3 20 0 0.00 0.0 0 7.9 20 190 M M 2 31 220
24 69 50 60 19 5 0 0.00 0.0 0 15.6 M M M M 8 M M
25 76 62 69 28 0 4 0.00 0.0 0 9.3 22 230 M M 7 34 210
26 68 53 61 20 4 0 0.00 0.0 0 4.6 14 170 M M 6 18 22 160
27 69 61 65 24 0 0 0.00 0.0 0 9.3 20 200 M M 9 28 190
28 72 57 65 24 0 0 0.02 0.0 0 10.3 22 190 M M 8 18 37 220
29 69 51 60 19 5 0 0.44 0.0 0 5.0 18 340 M M 8 13 23 330
30 60 49 55 15 10 0 0.00 0.0 M 2.4 9 180 M M 7 18 12 190
31 72 50 61 21 4 0 0.01 0.0 0 6.6 16 200 M M 9 23 200
================================================================================
SM 1990 1319 354 4 3.63 0.0 241.7 M 182
================================================================================
AV 64.2 42.5 7.8 FASTST M M 6 MAX(MPH)
MISC ----> 47 210 78 200
================================================================================
NOTES:
# LAST OF SEVERAL OCCURRENCES
COLUMN 17 PEAK WIND IN M.P.H.
PRELIMINARY LOCAL CLIMATOLOGICAL DATA (WS FORM: F-6) , PAGE 2
STATION: NASHVILLE
MONTH: DECEMBER
YEAR: 2021
LATITUDE: 36 7 N
LONGITUDE: 86 41 W
[TEMPERATURE DATA] [PRECIPITATION DATA] SYMBOLS USED IN COLUMN 16
AVERAGE MONTHLY: 53.4 TOTAL FOR MONTH: 3.63 1 = FOG OR MIST
DPTR FM NORMAL: 10.7 DPTR FM NORMAL: -0.80 2 = FOG REDUCING VISIBILITY
HIGHEST: 76 ON 25 GRTST 24HR 1.34 ON 5- 6 TO 1/4 MILE OR LESS
LOWEST: 26 ON 23 3 = THUNDER
SNOW, ICE PELLETS, HAIL 4 = ICE PELLETS
TOTAL MONTH: 0.0 INCH 5 = HAIL
GRTST 24HR 0.0 6 = FREEZING RAIN OR DRIZZLE
GRTST DEPTH: 0 7 = DUSTSTORM OR SANDSTORM:
VSBY 1/2 MILE OR LESS
8 = SMOKE OR HAZE
[NO. OF DAYS WITH] [WEATHER - DAYS WITH] 9 = BLOWING SNOW
X = TORNADO
MAX 32 OR BELOW: 0 0.01 INCH OR MORE: 11
MAX 90 OR ABOVE: 0 0.10 INCH OR MORE: 7
MIN 32 OR BELOW: 9 0.50 INCH OR MORE: 2
MIN 0 OR BELOW: 0 1.00 INCH OR MORE: 1
[HDD (BASE 65) ]
TOTAL THIS MO. 354 CLEAR (SCALE 0-3) 7
DPTR FM NORMAL -337 PTCLDY (SCALE 4-7) 17
TOTAL FM JUL 1 957 CLOUDY (SCALE 8-10) 7
DPTR FM NORMAL -360
[CDD (BASE 65) ]
TOTAL THIS MO. 4
DPTR FM NORMAL 3 [PRESSURE DATA]
TOTAL FM JAN 1 1946 HIGHEST SLP 30.46 ON 14
DPTR FM NORMAL 73 LOWEST SLP 29.57 ON 11
[REMARKS]
#FINAL-12-21#