000
CXUS55 KBOI 240056
CF6BOI
PRELIMINARY LOCAL CLIMATOLOGICAL DATA (WS FORM: F-6)
STATION: BOISE ID
MONTH: JANUARY
YEAR: 2023
LATITUDE: 43 34 N
LONGITUDE: 116 13 W
TEMPERATURE IN F: :PCPN: SNOW: WIND :SUNSHINE: SKY :PK WND
================================================================================
1 2 3 4 5 6A 6B 7 8 9 10 11 12 13 14 15 16 17 18
12Z AVG MX 2MIN
DY MAX MIN AVG DEP HDD CDD WTR SNW DPTH SPD SPD DIR MIN PSBL S-S WX SPD DR
================================================================================
1 40 26 33 2 32 0 0.00 0.0 0 5.5 18 310 M M 6 12 23 300
2 34 20 27 -4 38 0 0.00 0.0 0 7.6 14 140 M M 1 1 18 130
3 34 21 28 -3 37 0 0.00 0.0 0 5.0 10 150 M M 7 16 170
4 44 29 37 6 28 0 0.00 0.0 0 8.2 20 110 M M 7 25 150
5 49 36 43 12 22 0 0.06 0.0 0 9.2 22 140 M M 7 1 29 140
6 48 32 40 9 25 0 0.05 0.0 0 3.8 13 120 M M 7 12 15 120
7 48 28 38 7 27 0 0.00 0.0 0 12.0 26 140 M M 2 36 150
8 47 36 42 11 23 0 T 0.0 0 13.7 24 120 M M 6 33 130
9 47 37 42 11 23 0 0.09 0.0 0 13.8 30 110 M M 5 39 110
10 40 30 35 4 30 0 0.10 0.0 0 5.4 16 160 M M 6 12 21 150
11 48 31 40 8 25 0 T 0.0 0 5.9 16 120 M M 6 1 21 120
12 52 37 45 13 20 0 T 0.0 0 13.3 20 130 M M 7 27 130
13 52 37 45 13 20 0 0.09 0.0 0 9.1 21 110 M M 3 27 120
14 52 41 47 15 18 0 0.04 0.0 0 13.4 24 100 M M 9 32 110
15 50 37 44 12 21 0 T 0.0 0 5.2 14 120 M M 7 19 330
16 45 31 38 6 27 0 0.00 0.0 0 4.1 13 320 M M 6 17 290
17 44 25 35 3 30 0 0.00 0.0 0 6.5 21 310 M M 2 27 300
18 43 25 34 2 31 0 T T 0 9.9 20 140 M M 3 27 150
19 36 23 30 -2 35 0 0.24 3.1 1 8.6 20 300 M M 7 1 26 120
20 32 13 23 -9 42 0 0.00 0.0 2 4.0 15 310 M M 0 1 19 310
21 32 15 24 -9 41 0 T 0.1 2 8.3 18 140 M M 2 24 140
22 31 24 28 -5 37 0 T T 2 9.4 21 300 M M 6 18 24 310
23 32 16 24 -9 41 0 0.00 0.0 2 5.9 14 310 M M 3 17 320
24 37 15 26 -7 39 0 0.00 0.0 2 3.2 9 290 M M 4 13 280
25 42 22 32 -1 33 0 0.00 0.0 2 4.6 15 320 M M 6 18 320
26 48 28 38 5 27 0 0.00 0.0 1 3.8 14 320 M M 4 17 330
27 44 34 39 6 26 0 T 0.0 T 7.1 14 280 M M 9 20 330
28 39 28 34 0 31 0 0.04 0.6 0 5.6 14 310 M M 9 18 17 310
29 28 15 22 -12 43 0 T T 1 5.6 15 140 M M 5 23 160
30 23 9 16 -18 49 0 0.00 0.0 T 6.5 12 140 M M 0 15 120
31 24 13 19 -15 46 0 0.00 0.0 T 10.0 14 160 M M 7 18 170
================================================================================
SM 1265 814 967 0 0.71 3.8 234.2 M 159
================================================================================
AV 40.8 26.3 7.6 FASTST M M 5 MAX(MPH)
MISC ----> 30 110 39 110
================================================================================
NOTES:
# LAST OF SEVERAL OCCURRENCES
COLUMN 17 PEAK WIND IN M.P.H.
PRELIMINARY LOCAL CLIMATOLOGICAL DATA (WS FORM: F-6) , PAGE 2
STATION: BOISE ID
MONTH: JANUARY
YEAR: 2023
LATITUDE: 43 34 N
LONGITUDE: 116 13 W
[TEMPERATURE DATA] [PRECIPITATION DATA] SYMBOLS USED IN COLUMN 16
AVERAGE MONTHLY: 33.5 TOTAL FOR MONTH: 0.71 1 = FOG OR MIST
DPTR FM NORMAL: 1.3 DPTR FM NORMAL: -0.70 2 = FOG REDUCING VISIBILITY
HIGHEST: 52 ON 14,13 GRTST 24HR 0.24 ON 19-19 TO 1/4 MILE OR LESS
LOWEST: 9 ON 30 3 = THUNDER
SNOW, ICE PELLETS, HAIL 4 = ICE PELLETS
TOTAL MONTH: 3.8 INCHES 5 = HAIL
GRTST 24HR 3.1 ON 19-19 6 = FREEZING RAIN OR DRIZZLE
GRTST DEPTH: 2 ON 25,24 7 = DUSTSTORM OR SANDSTORM:
VSBY 1/2 MILE OR LESS
8 = SMOKE OR HAZE
[NO. OF DAYS WITH] [WEATHER - DAYS WITH] 9 = BLOWING SNOW
X = TORNADO
MAX 32 OR BELOW: 7 0.01 INCH OR MORE: 8
MAX 90 OR ABOVE: 0 0.10 INCH OR MORE: 2
MIN 32 OR BELOW: 23 0.50 INCH OR MORE: 0
MIN 0 OR BELOW: 0 1.00 INCH OR MORE: 0
[HDD (BASE 65) ]
TOTAL THIS MO. 967 CLEAR (SCALE 0-3) 8
DPTR FM NORMAL -51 PTCLDY (SCALE 4-7) 20
TOTAL FM JUL 1 3259 CLOUDY (SCALE 8-10) 3
DPTR FM NORMAL 8
[CDD (BASE 65) ]
TOTAL THIS MO. 0
DPTR FM NORMAL 0 [PRESSURE DATA]
TOTAL FM JAN 1 0 HIGHEST SLP 30.63 ON 26
DPTR FM NORMAL 0 LOWEST SLP 29.47 ON 15
[REMARKS]
#FINAL-01-23#