000
CXUS55 KBOI 072353
CF6BOI
PRELIMINARY LOCAL CLIMATOLOGICAL DATA (WS FORM: F-6)
STATION: BOISE ID
MONTH: NOVEMBER
YEAR: 2022
LATITUDE: 43 34 N
LONGITUDE: 116 13 W
TEMPERATURE IN F: :PCPN: SNOW: WIND :SUNSHINE: SKY :PK WND
================================================================================
1 2 3 4 5 6A 6B 7 8 9 10 11 12 13 14 15 16 17 18
12Z AVG MX 2MIN
DY MAX MIN AVG DEP HDD CDD WTR SNW DPTH SPD SPD DIR MIN PSBL S-S WX SPD DR
================================================================================
1 65 40 53 7 12 0 0.35 0.0 0 14.6 30 150 M M 3 1 39 150
2 47 33 40 -5 25 0 0.04 T 0 4.7 21 290 M M 8 26 290
3 44 27 36 -9 29 0 0.00 0.0 0 5.7 17 310 M M 5 12 22 300
4 43 33 38 -7 27 0 0.55 0.2 0 11.7 18 120 M M 10 1 24 120
5 52 35 44 0 21 0 0.05 0.0 0 8.0 23 320 M M 8 32 310
6 54 32 43 -1 22 0 T 0.0 0 14.6 28 130 M M 2 37 110
7 49 35 42 -1 23 0 0.25 T 0 9.6 26 270 M M 3 1 38 270
8 49 34 42 -1 23 0 0.29 0.0 0 10.2 21 110 M M 5 1 29 130
9 37 25 31 -12 34 0 0.52 1.5 1 8.0 18 300 M M 9 1 25 290
10 36 20 28 -14 37 0 0.00 0.0 T 5.1 13 300 M M 1 15 290
11 36 22 29 -13 36 0 0.00 0.0 T 8.7 17 120 M M 0 21 120
12 39 27 33 -8 32 0 0.00 0.0 T 4.4 18 150 M M 2 24 140
13 41 24 33 -8 32 0 0.00 0.0 T 6.7 20 300 M M 0 25 300
14 39 23 31 -10 34 0 0.00 0.0 T 4.8 12 120 M M 0 14 120
15 38 21 30 -10 35 0 0.00 0.0 T 2.8 8 300 M M 0 10 300
16 39 23 31 -9 34 0 0.00 0.0 T 5.1 12 140 M M 1 18 14 280
17 38 22 30 -10 35 0 0.00 0.0 T 5.5 15 150 M M 4 18 21 150
18 34 23 29 -10 36 0 T T T 3.9 14 130 M M 7 18 18 140
19 36 20 28 -11 37 0 0.00 0.0 0 5.7 14 120 M M 0 17 130
20 35 18 27 -11 38 0 0.00 0.0 0 3.1 10 140 M M 0 13 150
21 38 18 28 -10 37 0 0.00 0.0 0 2.1 7 180 M M 0 8 9 170
22 39 22 31 -7 34 0 T T 0 4.8 16 310 M M 3 8 20 310
23 46 28 37 0 28 0 0.00 0.0 0 5.5 17 290 M M 3 18 22 330
24 46 25 36 -1 29 0 0.00 0.0 0 5.7 13 130 M M 0 16 140
25 43 27 35 -2 30 0 0.00 0.0 0 5.4 16 140 M M 1 32 250
26 44 28 36 0 29 0 0.05 0.2 0 5.4 18 300 M M 5 126 23 290
27 44 27 36 0 29 0 0.10 0.6 0 9.1 24 280 M M 7 1 34 300
28 35 26 31 -5 34 0 0.02 0.4 1 6.3 16 310 M M 10 1 24 320
29 33 18 26 -10 39 0 0.00 0.0 T 5.8 15 150 M M 7 19 160
30 46 29 38 3 27 0 T 0.3 T 13.9 24 110 M M 10 1 29 120
================================================================================
SM 1265 785 918 0 2.22 3.2 206.9 M 114
================================================================================
AV 42.2 26.2 6.9 FASTST M M 4 MAX(MPH)
MISC ----> 30 150 39 150
================================================================================
NOTES:
# LAST OF SEVERAL OCCURRENCES
COLUMN 17 PEAK WIND IN M.P.H.
PRELIMINARY LOCAL CLIMATOLOGICAL DATA (WS FORM: F-6) , PAGE 2
STATION: BOISE ID
MONTH: NOVEMBER
YEAR: 2022
LATITUDE: 43 34 N
LONGITUDE: 116 13 W
[TEMPERATURE DATA] [PRECIPITATION DATA] SYMBOLS USED IN COLUMN 16
AVERAGE MONTHLY: 34.2 TOTAL FOR MONTH: 2.22 1 = FOG OR MIST
DPTR FM NORMAL: -6.1 DPTR FM NORMAL: 1.04 2 = FOG REDUCING VISIBILITY
HIGHEST: 65 ON 1 GRTST 24HR 0.74 ON 8- 9 TO 1/4 MILE OR LESS
LOWEST: 18 ON 29,21 3 = THUNDER
SNOW, ICE PELLETS, HAIL 4 = ICE PELLETS
TOTAL MONTH: 3.2 INCHES 5 = HAIL
GRTST 24HR 1.5 ON 9- 9 6 = FREEZING RAIN OR DRIZZLE
GRTST DEPTH: 1 ON 28, 9 7 = DUSTSTORM OR SANDSTORM:
VSBY 1/2 MILE OR LESS
8 = SMOKE OR HAZE
[NO. OF DAYS WITH] [WEATHER - DAYS WITH] 9 = BLOWING SNOW
X = TORNADO
MAX 32 OR BELOW: 0 0.01 INCH OR MORE: 10
MAX 90 OR ABOVE: 0 0.10 INCH OR MORE: 6
MIN 32 OR BELOW: 24 0.50 INCH OR MORE: 2
MIN 0 OR BELOW: 0 1.00 INCH OR MORE: 0
[HDD (BASE 65) ]
TOTAL THIS MO. 918 CLEAR (SCALE 0-3) 16
DPTR FM NORMAL 176 PTCLDY (SCALE 4-7) 10
TOTAL FM JUL 1 1190 CLOUDY (SCALE 8-10) 4
DPTR FM NORMAL -22
[CDD (BASE 65) ]
TOTAL THIS MO. 0
DPTR FM NORMAL 0 [PRESSURE DATA]
TOTAL FM JAN 1 1401 HIGHEST SLP 30.77 ON 16
DPTR FM NORMAL 357 LOWEST SLP 29.39 ON 1
[REMARKS]
#FINAL-11-22#