000
CXUS55 KRIW 011010
CF6BPI
PRELIMINARY LOCAL CLIMATOLOGICAL DATA (WS FORM: F-6)
STATION: BIG PINEY WY
MONTH: SEPTEMBER
YEAR: 2021
LATITUDE: 42 34 N
LONGITUDE: 110 6 W
TEMPERATURE IN F: :PCPN: SNOW: WIND :SUNSHINE: SKY :PK WND
================================================================================
1 2 3 4 5 6A 6B 7 8 9 10 11 12 13 14 15 16 17 18
12Z AVG MX 2MIN
DY MAX MIN AVG DEP HDD CDD WTR SNW DPTH SPD SPD DIR MIN PSBL S-S WX SPD DR
================================================================================
1 76 47 62 6 3 0 0.06 M M 9.2 22 160 M M 2 38 27 190
2 68 38 53 -3 12 0 T M M 7.6 22 90 M M 3 3 30 80
3 71 37 54 -1 11 0 0.01 M M 7.6 18 360 M M 2 13 23 350
4 76 28 52 -3 13 0 0.00 M M 5.3 17 310 M M 1 25 310
5 79 30 55 1 10 0 0.00 M M 5.0 15 350 M M 0 17 350
6 83 32 58 4 7 0 0.00 M M 6.1 22 320 M M 3 28 330
7 82 33 58 4 7 0 0.00 M M 4.9 15 350 M M 4 8 18 350
8 83 35 59 5 6 0 0.00 M M 3.7 13 10 M M 0 8 14 350
9 88 34 61 8 4 0 0.00 0.0 M 6.0 17 290 M M 0 23 290
10 81 39 60 7 5 0 0.11 M M 6.5 37 290 M M 2 13 52 290
11 71 43 57 5 8 0 0.02 M M 7.7 20 260 M M 4 18 27 230
12 77 38 58 6 7 0 T M M 7.9 22 260 M M 2 3 32 260
13 72 43 58 6 7 0 0.09 M M 6.8 29 330 M M 3 1 42 330
14 73 32 53 1 12 0 0.00 M M 5.7 15 320 M M 0 20 310
15 77 29 53 2 12 0 0.00 M M 7.5 24 260 M M 0 33 250
16 74 31 53 2 12 0 0.00 M M 8.0 28 300 M M 0 37 300
17 78 30 54 4 11 0 0.00 M M 7.6 25 270 M M 0 34 280
18 71 30 51 1 14 0 T M M 9.7 28 220 M M 4 37 220
19 68 31 50 0 15 0 T M M 13.7 40 240 M M 2 51 230
20 53 29 41 -8 24 0 0.00 M M 13.2 26 350 M M 2 36 340
21 62 21 42 -7 23 0 0.00 M M 5.0 14 10 M M 0 17 10
22 72 21 47 -1 18 0 0.00 M M 5.7 18 310 M M 0 24 320
23 69 32 51 3 14 0 0.00 M M 7.0 18 10 M M 1 24 10
24 71 30 51 3 14 0 0.00 M M 4.6 13 10 M M 0 16 220
25 76 30 53 6 12 0 0.00 M M 5.4 15 350 M M 0 21 340
26 79 30 55 8 10 0 0.00 M M 6.1 17 330 M M 0 23 340
27 77 29 53 7 12 0 0.00 M M 4.6 12 340 M M 0 18 340
28 73 29 51 5 14 0 0.00 M M 9.0 30 340 M M 2 8 38 330
29 56 26 41 -5 24 0 0.00 M M 6.1 16 170 M M 2 21 150
30 61 28 45 0 20 0 0.00 M M 3.5 13 220 M M 2 18 220
================================================================================
SM 2197 965 361 0 0.29 0.0 206.7 M 41
================================================================================
AV 73.2 32.2 6.9 FASTST M M 1 MAX(MPH)
MISC ----> 40 240 52 290
================================================================================
NOTES:
# LAST OF SEVERAL OCCURRENCES
COLUMN 17 PEAK WIND IN M.P.H.
PRELIMINARY LOCAL CLIMATOLOGICAL DATA (WS FORM: F-6) , PAGE 2
STATION: BIG PINEY WY
MONTH: SEPTEMBER
YEAR: 2021
LATITUDE: 42 34 N
LONGITUDE: 110 6 W
[TEMPERATURE DATA] [PRECIPITATION DATA] SYMBOLS USED IN COLUMN 16
AVERAGE MONTHLY: 52.7 TOTAL FOR MONTH: 0.29 1 = FOG OR MIST
DPTR FM NORMAL: 1.9 DPTR FM NORMAL: -0.35 2 = FOG REDUCING VISIBILITY
HIGHEST: 88 ON 9 GRTST 24HR 0.13 ON 10-11 TO 1/4 MILE OR LESS
LOWEST: 21 ON 22,21 3 = THUNDER
SNOW, ICE PELLETS, HAIL 4 = ICE PELLETS
TOTAL MONTH: 0.0 INCH 5 = HAIL
GRTST 24HR 0.0 6 = FREEZING RAIN OR DRIZZLE
GRTST DEPTH: M ON M 7 = DUSTSTORM OR SANDSTORM:
VSBY 1/2 MILE OR LESS
8 = SMOKE OR HAZE
[NO. OF DAYS WITH] [WEATHER - DAYS WITH] 9 = BLOWING SNOW
X = TORNADO
MAX 32 OR BELOW: 0 0.01 INCH OR MORE: 5
MAX 90 OR ABOVE: 0 0.10 INCH OR MORE: 1
MIN 32 OR BELOW: 20 0.50 INCH OR MORE: 0
MIN 0 OR BELOW: 0 1.00 INCH OR MORE: 0
[HDD (BASE 65) ]
TOTAL THIS MO. 361 CLEAR (SCALE 0-3) 27
DPTR FM NORMAL -67 PTCLDY (SCALE 4-7) 3
TOTAL FM JUL 1 520 CLOUDY (SCALE 8-10) 0
DPTR FM NORMAL -185
[CDD (BASE 65) ]
TOTAL THIS MO. 0
DPTR FM NORMAL 0 [PRESSURE DATA]
TOTAL FM JAN 1 107 HIGHEST SLP 30.60 ON 21
DPTR FM NORMAL 77 LOWEST SLP 29.64 ON 28
[REMARKS]
#FINAL-09-21#