395
CXUS54 KLCH 010820
CF6BPT
PRELIMINARY LOCAL CLIMATOLOGICAL DATA (WS FORM: F-6)
STATION: BEAUMONT PORT ARTHUR
MONTH: SEPTEMBER
YEAR: 2020
LATITUDE: 29 57 N
LONGITUDE: 94 1 W
TEMPERATURE IN F: :PCPN: SNOW: WIND :SUNSHINE: SKY :PK WND
================================================================================
1 2 3 4 5 6A 6B 7 8 9 10 11 12 13 14 15 16 17 18
12Z AVG MX 2MIN
DY MAX MIN AVG DEP HDD CDD WTR SNW DPTH SPD SPD DIR MIN PSBL S-S WX SPD DR
================================================================================
1 92 81 87 5 0 22 0.00 0.0 0 11.5 20 180 M M M 27 180
2 92 79 86 4 0 21 0.00 0.0 0 10.0 20 170 M M M 1 27 180
3 92 76 84 2 0 19 0.00 0.0 0 5.8 15 230 M M M 38 22 230
4 93 75 84 2 0 19 0.00 0.0 0 6.7 24 30 M M M 1 33 10
5 93 75 84 3 0 19 0.00 0.0 0 7.4 20 350 M M M 3 27 360
6 93 73 83 2 0 18 0.00 0.0 0 4.2 13 10 M M M 13 16 10
7 93 74 84 3 0 19 0.26 0.0 0 2.3 24 170 M M M 138 33 170
8 87 73 80 -1 0 15 0.01 0.0 0 4.9 12 150 M M M 16 150
9 92 75 84 3 0 19 0.00 0.0 0 6.5 15 130 M M M 21 130
10 94 77 86 6 0 21 0.01 0.0 0 5.4 13 100 M M M 18 120
11 95 76 86 6 0 21 0.00 0.0 0 9.9 16 360 M M M 22 350
12 95 75 85 5 0 20 0.03 0.0 0 6.9 23 20 M M M 13 30 20
13 93 75 84 4 0 19 0.01 0.0 0 9.2 23 90 M M M 13 29 90
14 94 75 85 5 0 20 0.00 0.0 0 M 20 10 M M M 25 10
15 95 75 85 6 0 20 0.00 0.0 0 11.6 20 360 M M 1 26 360
16 95 75 85 6 0 20 0.00 0.0 0 10.0 17 10 M M 1 23 350
17 89 77 83 4 0 18 0.00 0.0 0 8.7 12 10 M M 1 M M
18 86 70 78 0 0 13 0.00 0.0 0 10.8 17 20 M M 0 22 20
19 86 68 77 -1 0 12 0.00 0.0 0 12.5 18 10 M M 5 24 30
20 75 66 71 -7 0 6 0.39 0.0 0 15.2 21 30 M M 7 1 36 40
21 82 69 76 -2 0 11 0.23 0.0 0 18.6 28 80 M M 10 1 37 100
22 83 72 78 1 0 13 0.44 M 0 16.4 22 80 M M 9 1 35 80
23 81 69 75 -2 0 10 0.32 0.0 0 10.3 18 320 M M 8 1 29 180
24 74 68 71 -6 0 6 T 0.0 0 6.0 12 310 M M 10 1 17 300
25 81 68 75 -2 0 10 0.00 0.0 0 3.9 8 70 M M 10 13 240
26 85 67 76 0 0 11 0.00 0.0 0 4.5 13 170 M M 4 1 16 180
27 88 67 78 2 0 13 0.00 0.0 0 8.1 17 170 M M 3 12 24 190
28 81 66 74 -2 0 9 0.17 0.0 0 11.2 26 350 M M 8 123 38 360
29 80 52 66 -9 0 1 0.00 0.0 0 8.0 18 10 M M 0 27 360
30 83 50 67 -8 0 2 0.00 0.0 0 3.2 13 170 M M 0 18 180
================================================================================
SM 2642 2138 0 447 1.87 0.0 249.7 M 77
================================================================================
AV 88.1 71.3 8.6 FASTST M M 5 MAX(MPH)
MISC ----> # 28 80 # 38 360
================================================================================
NOTES:
# LAST OF SEVERAL OCCURRENCES
COLUMN 17 PEAK WIND IN M.P.H.
PRELIMINARY LOCAL CLIMATOLOGICAL DATA (WS FORM: F-6) , PAGE 2
STATION: BEAUMONT PORT ARTHUR
MONTH: SEPTEMBER
YEAR: 2020
LATITUDE: 29 57 N
LONGITUDE: 94 1 W
[TEMPERATURE DATA] [PRECIPITATION DATA] SYMBOLS USED IN COLUMN 16
AVERAGE MONTHLY: 79.7 TOTAL FOR MONTH: 1.87 1 = FOG OR MIST
DPTR FM NORMAL: 0.7 DPTR FM NORMAL: -4.10 2 = FOG REDUCING VISIBILITY
HIGHEST: 95 ON 16,15 GRTST 24HR 0.44 ON 22-22 TO 1/4 MILE OR LESS
LOWEST: 50 ON 30 3 = THUNDER
SNOW, ICE PELLETS, HAIL 4 = ICE PELLETS
TOTAL MONTH: 0.0 INCH 5 = HAIL
GRTST 24HR 0.0 6 = FREEZING RAIN OR DRIZZLE
GRTST DEPTH: 0 7 = DUSTSTORM OR SANDSTORM:
VSBY 1/2 MILE OR LESS
8 = SMOKE OR HAZE
[NO. OF DAYS WITH] [WEATHER - DAYS WITH] 9 = BLOWING SNOW
X = TORNADO
MAX 32 OR BELOW: 0 0.01 INCH OR MORE: 10
MAX 90 OR ABOVE: 15 0.10 INCH OR MORE: 6
MIN 32 OR BELOW: 0 0.50 INCH OR MORE: 0
MIN 0 OR BELOW: 0 1.00 INCH OR MORE: 0
[HDD (BASE 65) ]
TOTAL THIS MO. 0 CLEAR (SCALE 0-3) 7
DPTR FM NORMAL -1 PTCLDY (SCALE 4-7) 5
TOTAL FM JUL 1 0 CLOUDY (SCALE 8-10) 4
DPTR FM NORMAL -1
[CDD (BASE 65) ]
TOTAL THIS MO. 447
DPTR FM NORMAL 28 [PRESSURE DATA]
TOTAL FM JAN 1 2845 HIGHEST SLP 30.19 ON 5
DPTR FM NORMAL 259 LOWEST SLP 29.72 ON 23
[REMARKS]
#FINAL-09-20#