000
CXUS55 KDVN 011000
CF6BRL
PRELIMINARY LOCAL CLIMATOLOGICAL DATA (WS FORM: F-6)
STATION: BURLINGTON IA
MONTH: AUGUST
YEAR: 2020
LATITUDE: 40 46 N
LONGITUDE: 91 7 W
TEMPERATURE IN F: :PCPN: SNOW: WIND :SUNSHINE: SKY :PK WND
================================================================================
1 2 3 4 5 6A 6B 7 8 9 10 11 12 13 14 15 16 17 18
12Z AVG MX 2MIN
DY MAX MIN AVG DEP HDD CDD WTR SNW DPTH SPD SPD DIR MIN PSBL S-S WX SPD DR
================================================================================
1 83 65 74 -2 0 9 0.00 M M 4.9 13 350 M M 5 8 19 10
2 82 62 72 -4 0 7 T M M 4.8 15 10 M M 4 1 20 330
3 73 58 66 -10 0 1 T M M 9.0 16 20 M M 6 18 22 10
4 76 56 66 -10 0 1 0.00 M M 4.6 13 30 M M 5 17 40
5 78 52 65 -11 0 0 0.00 M M 2.5 10 190 M M 2 18 20 220
6 80 58 69 -7 0 4 0.00 M M 5.6 15 180 M M 3 8 22 150
7 84 65 75 -1 0 10 0.00 M M 10.1 17 170 M M 3 23 180
8 85 71 78 2 0 13 0.00 M M 10.1 17 190 M M 1 26 180
9 90 72 81 5 0 16 0.00 M M 9.6 18 210 M M 2 28 210
10 94 65 80 4 0 15 0.20 M M 8.3 35 320 M M 2 13 60 330
11 84 62 73 -3 0 8 0.00 M M 5.0 10 80 M M 0 14 80
12 87 65 76 0 0 11 0.00 M M 6.5 13 140 M M 2 8 17 130
13 89 66 78 2 0 13 0.00 M M 5.3 10 120 M M 1 8 17 140
14 89 67 78 2 0 13 0.00 M M 3.8 10 40 M M 0 1 16 30
15 86 64 75 0 0 10 0.00 M M 6.6 18 360 M M 1 1 25 10
16 89 56 73 -2 0 8 0.00 M M 4.6 12 250 M M 0 18 250
17 88 64 76 1 0 11 0.10 M M 7.2 18 350 M M 2 8 24 310
18 84 59 72 -3 0 7 0.00 M M 8.7 20 20 M M 1 8 23 10
19 83 56 70 -5 0 5 0.00 M M 2.7 10 150 M M 0 18 14 170
20 84 56 70 -5 0 5 0.00 M M 2.9 12 180 M M 0 1 17 190
21 87 59 73 -2 0 8 0.00 M M 4.2 9 180 M M 0 12 14 140
22 88 62 75 0 0 10 0.00 M M 5.5 15 170 M M 0 8 20 180
23 96 68 82 8 0 17 0.00 M M 4.2 10 210 M M 2 3 15 210
24 97 69 83 9 0 18 0.00 M M 4.2 14 210 M M 0 1 18 210
25 95 69 82 8 0 17 0.00 M M 6.1 13 170 M M 0 1 18 170
26 95 72 84 10 0 19 0.00 M M 7.7 16 180 M M 0 18 22 180
27 93 74 84 10 0 19 0.00 M M 8.8 16 190 M M 0 21 190
28 92 70 81 7 0 16 0.00 M M 5.1 14 330 M M 3 128 21 320
29 83 59 71 -2 0 6 0.00 M M 7.4 17 10 M M 0 25 360
30 84 54 69 -4 0 4 0.00 M M 6.0 15 140 M M 0 1 22 120
31 80 64 72 -1 0 7 0.00 M M 6.6 13 20 M M 7 18 18 20
================================================================================
SM 2678 1959 0 308 0.30 M 188.6 M 52
================================================================================
AV 86.4 63.2 6.1 FASTST M M 2 MAX(MPH)
MISC ----> 35 320 60 330
================================================================================
NOTES:
# LAST OF SEVERAL OCCURRENCES
COLUMN 17 PEAK WIND IN M.P.H.
PRELIMINARY LOCAL CLIMATOLOGICAL DATA (WS FORM: F-6) , PAGE 2
STATION: BURLINGTON IA
MONTH: AUGUST
YEAR: 2020
LATITUDE: 40 46 N
LONGITUDE: 91 7 W
[TEMPERATURE DATA] [PRECIPITATION DATA] SYMBOLS USED IN COLUMN 16
AVERAGE MONTHLY: 74.8 TOTAL FOR MONTH: 0.30 1 = FOG OR MIST
DPTR FM NORMAL: -0.3 DPTR FM NORMAL: -3.97 2 = FOG REDUCING VISIBILITY
HIGHEST: 97 ON 24 GRTST 24HR 0.20 ON 10-10 TO 1/4 MILE OR LESS
LOWEST: 52 ON 5 3 = THUNDER
SNOW, ICE PELLETS, HAIL 4 = ICE PELLETS
TOTAL MONTH: M 5 = HAIL
GRTST 24HR M ON M 6 = FREEZING RAIN OR DRIZZLE
GRTST DEPTH: M ON M 7 = DUSTSTORM OR SANDSTORM:
VSBY 1/2 MILE OR LESS
8 = SMOKE OR HAZE
[NO. OF DAYS WITH] [WEATHER - DAYS WITH] 9 = BLOWING SNOW
X = TORNADO
MAX 32 OR BELOW: 0 0.01 INCH OR MORE: 2
MAX 90 OR ABOVE: 8 0.10 INCH OR MORE: 2
MIN 32 OR BELOW: 0 0.50 INCH OR MORE: 0
MIN 0 OR BELOW: 0 1.00 INCH OR MORE: 0
[HDD (BASE 65) ]
TOTAL THIS MO. 0 CLEAR (SCALE 0-3) 26
DPTR FM NORMAL -3 PTCLDY (SCALE 4-7) 5
TOTAL FM JUL 1 0 CLOUDY (SCALE 8-10) 0
DPTR FM NORMAL -1
[CDD (BASE 65) ]
TOTAL THIS MO. 308
DPTR FM NORMAL -6 [PRESSURE DATA]
TOTAL FM JAN 1 1027 HIGHEST SLP 30.16 ON 5
DPTR FM NORMAL -16 LOWEST SLP 29.64 ON 28
[REMARKS]
#FINAL-08-20#