000
CXUS53 KDVN 010705
CLSBRL
CLIMATE REPORT
NATIONAL WEATHER SERVICE QUAD CITIES IA IL
205 AM CDT WED SEP 01 2021
...................................
...THE BURLINGTON IA CLIMATE SUMMARY FOR THE SEASON, FROM
6/1/2021 TO 8/31/2021...
CLIMATE NORMAL PERIOD 1991 TO 2020
CLIMATE RECORD PERIOD 1897 TO 2021
WEATHER OBSERVED NORMAL DEPART LAST YEAR`S
VALUE DATE(S) VALUE FROM VALUE
NORMAL
..............................................................
TEMPERATURE (F)
RECORD
HIGH 111 07/15/1936
07/14/1936
LOW 39 06/08/1913
HIGHEST 93 06/10 87 6
06/17
LOWEST 49 06/22 58 -9
AVG. MAXIMUM 84.0 83.7 0.3
AVG. MINIMUM 65.1 64.2 0.9
MEAN 74.6 73.9 0.7
DAYS MAX >= 90 14
DAYS MAX <= 32 0
DAYS MIN <= 32 0
DAYS MIN <= 0 0
PRECIPITATION (INCHES)
TOTALS 14.90 12.66 2.24
DAILY AVG. 0.16 0.14 0.02
DAYS >= .01 34
DAYS >= .10 22
DAYS >= .50 13
DAYS >= 1.00 5
GREATEST
24 HR. TOTAL 2.56 08/11 TO 08/12
DEGREE DAYS
HEATING TOTAL 8 20 -12
SINCE 7/1 0 2 -2
COOLING TOTAL 910 843 67
SINCE 1/1 992 936 56
..............................................................
WIND (MPH)
AVERAGE WIND SPEED 6.0
HIGHEST WIND SPEED/DIRECTION 31/020 DATE 06/11
HIGHEST GUST SPEED/DIRECTION 47/300 DATE 06/19
SKY COVER
POSSIBLE SUNSHINE (PERCENT) MM
AVERAGE SKY COVER 0.26
NUMBER OF DAYS FAIR 67
NUMBER OF DAYS PC 18
NUMBER OF DAYS CLOUDY 7
AVERAGE RH (PERCENT) 76
WEATHER CONDITIONS. NUMBER OF DAYS WITH
THUNDERSTORM 28 HAIL 0
SLEET 0 FOG 56
FOG W/VIS <= 1/4 MILE 6 HAZE 17
- INDICATES NEGATIVE NUMBERS.
R INDICATES RECORD WAS SET OR TIED.
MM INDICATES DATA IS MISSING.
T INDICATES TRACE AMOUNT.
$$