293
CXUS53 KDVN 011706
CLSBRL
CLIMATE REPORT
NATIONAL WEATHER SERVICE QUAD CITIES IA IL
1106 AM CST TUE DEC 01 2020
...................................
...THE BURLINGTON IA CLIMATE SUMMARY FOR THE SEASON, FROM
9/1/2020 TO 11/30/2020...
CLIMATE NORMAL PERIOD 1981 TO 2010
CLIMATE RECORD PERIOD 1897 TO 2020
WEATHER OBSERVED NORMAL DEPART
VALUE DATE(S) VALUE FROM
NORMAL
..............................................................
TEMPERATURE (F)
RECORD
HIGH 103 09/01/1913
09/05/1899
LOW -2 11/08/1991
11/26/1977
11/29/1976
HIGHEST 92 09/06 83 9
LOWEST 21 11/02 26 -5
AVG. MAXIMUM 64.7 65.4 -0.7
AVG. MINIMUM 43.9 44.7 -0.8
MEAN 54.3 55.1 -0.8
DAYS MAX >= 90 1
DAYS MAX <= 32 1
DAYS MIN <= 32 18
DAYS MIN <= 0 0
PRECIPITATION (INCHES)
TOTALS 7.36R 9.14 -1.78
DAILY AVG. 0.08 0.10 -0.02
DAYS >= .01 22
DAYS >= .10 16
DAYS >= .50 5
DAYS >= 1.00 1
GREATEST
24 HR. TOTAL 1.89 09/11 TO 09/12
DEGREE DAYS
HEATING TOTAL 1087 1070 17
SINCE 7/1 1087 1074 13
COOLING TOTAL 133 164 -31
SINCE 1/1 1158 1207 -49
..............................................................
WIND (MPH)
AVERAGE WIND SPEED 8.7
HIGHEST WIND SPEED/DIRECTION 36/210 DATE 11/10
HIGHEST GUST SPEED/DIRECTION 53/200 DATE 11/10
SKY COVER
POSSIBLE SUNSHINE (PERCENT) MM
AVERAGE SKY COVER 0.34
NUMBER OF DAYS FAIR 52
NUMBER OF DAYS PC 22
NUMBER OF DAYS CLOUDY 17
AVERAGE RH (PERCENT) 69
WEATHER CONDITIONS. NUMBER OF DAYS WITH
THUNDERSTORM 9 HAIL 0
SLEET 0 FOG 31
FOG W/VIS <= 1/4 MILE 2 HAZE 7
- INDICATES NEGATIVE NUMBERS.
R INDICATES RECORD WAS SET OR TIED.
MM INDICATES DATA IS MISSING.
T INDICATES TRACE AMOUNT.
$$