000
CXAK56 PAFG 011136
CF6BRW
PRELIMINARY LOCAL CLIMATOLOGICAL DATA (WS FORM: F-6)
STATION: UTQIAGVIK (BARROW) AK
MONTH: SEPTEMBER
YEAR: 2020
LATITUDE: 71 17 N
LONGITUDE: 156 47 W
TEMPERATURE IN F: :PCPN: SNOW: WIND :SUNSHINE: SKY :PK WND
================================================================================
1 2 3 4 5 6A 6B 7 8 9 10 11 12 13 14 15 16 17 18
12Z AVG MX 2MIN
DY MAX MIN AVG DEP HDD CDD WTR SNW DPTH SPD SPD DIR MIN PSBL S-S WX SPD DR
================================================================================
1 39 35 37 0 28 0 T M M 17.2 23 70 M M 10 18 27 70
2 41 35 38 2 27 0 0.00 M M 15.9 21 60 M M 10 18 24 70
3 38 36 37 1 28 0 0.04 M M 16.9 22 70 M M 10 1 26 70
4 41 37 39 3 26 0 0.00 M M 4.6 14 70 M M 10 12 16 80
5 42 35 39 3 26 0 0.02 M M 4.5 9 240 M M 10 12 12 240
6 43 32 38 3 27 0 0.04 M M 8.3 15 230 M M 9 12 18 210
7 38 34 36 1 29 0 T M M 13.6 21 50 M M 10 18 25 50
8 37 30 34 -1 31 0 T M M 6.9 15 50 M M 10 18 17 50
9 36 29 33 -2 32 0 T M M 8.1 17 220 M M 10 18 21 220
10 41 36 39 5 26 0 0.08 M M 21.4 32 250 M M 10 18 41 250
11 38 31 35 1 30 0 T M M 14.1 30 300 M M 10 18 34 300
12 40 30 35 1 30 0 T M M 12.0 22 280 M M 10 12 27 280
13 41 39 40 7 25 0 0.04 M M 16.0 23 270 M M 10 1 28 270
14 41 36 39 6 26 0 T M M 9.8 17 90 M M 9 12 21 80
15 37 34 36 3 29 0 0.00 M M 23.0 31 100 M M 10 1 40 90
16 50 35 43 11 22 0 0.08 M M 11.7 24 90 M M 10 1 30 100
17 48 39 44 12 21 0 0.02 M M 9.9 20 60 M M 9 1 23 60
18 40 35 38 6 27 0 0.05 M M 17.4 26 40 M M 10 1 33 40
19 35 31 33 2 32 0 0.06 M M 11.0 18 40 M M 10 18 21 40
20 34 30 32 1 33 0 0.02 M M 9.3 17 260 M M 10 18 21 260
21 39 34 37 7 28 0 0.10 M M 16.2 25 260 M M 9 1 30 260
22 37 31 34 4 31 0 T M M 14.9 24 350 M M 10 18 28 350
23 33 29 31 1 34 0 0.01 M M 7.6 18 70 M M 10 168 23 80
24 32 29 31 2 34 0 0.01 M M 17.2 24 50 M M 10 18 29 40
25 33 31 32 3 33 0 0.02 M M 12.9 18 40 M M 10 18 23 40
26 33 32 33 5 32 0 0.01 M M 10.4 15 80 M M 10 18 17 80
27 32 31 32 4 33 0 T M M 9.2 15 70 M M 10 18 17 80
28 32 30 31 4 34 0 0.01 M M 9.0 16 90 M M 10 18 20 80
29 33 32 33 6 32 0 0.03 M M 8.7 14 80 M M 10 12 16 90
30 33 31 32 6 33 0 0.01 M M 18.3 29 70 M M 10 1 33 70
================================================================================
SM 1137 989 879 0 0.65 M 376.0 M 296
================================================================================
AV 37.9 33.0 12.5 FASTST M M 10 MAX(MPH)
MISC ----> # 32 250 # 41 250
================================================================================
NOTES:
# LAST OF SEVERAL OCCURRENCES
COLUMN 17 PEAK WIND IN M.P.H.
PRELIMINARY LOCAL CLIMATOLOGICAL DATA (WS FORM: F-6) , PAGE 2
STATION: UTQIAGVIK (BARROW) AK
MONTH: SEPTEMBER
YEAR: 2020
LATITUDE: 71 17 N
LONGITUDE: 156 47 W
[TEMPERATURE DATA] [PRECIPITATION DATA] SYMBOLS USED IN COLUMN 16
AVERAGE MONTHLY: 35.4 TOTAL FOR MONTH: 0.65 1 = FOG OR MIST
DPTR FM NORMAL: 3.3 DPTR FM NORMAL: -0.07 2 = FOG REDUCING VISIBILITY
HIGHEST: 50 ON 16 GRTST 24HR 0.10 ON 21-21 TO 1/4 MILE OR LESS
LOWEST: 29 ON 24,23 3 = THUNDER
SNOW, ICE PELLETS, HAIL 4 = ICE PELLETS
TOTAL MONTH: M 5 = HAIL
GRTST 24HR M ON M 6 = FREEZING RAIN OR DRIZZLE
GRTST DEPTH: M ON M 7 = DUSTSTORM OR SANDSTORM:
VSBY 1/2 MILE OR LESS
8 = SMOKE OR HAZE
[NO. OF DAYS WITH] [WEATHER - DAYS WITH] 9 = BLOWING SNOW
X = TORNADO
MAX 32 OR BELOW: 3 0.01 INCH OR MORE: 18
MAX 90 OR ABOVE: 0 0.10 INCH OR MORE: 1
MIN 32 OR BELOW: 16 0.50 INCH OR MORE: 0
MIN 0 OR BELOW: 0 1.00 INCH OR MORE: 0
[HDD (BASE 65) ]
TOTAL THIS MO. 879 CLEAR (SCALE 0-3) 0
DPTR FM NORMAL -107 PTCLDY (SCALE 4-7) 0
TOTAL FM JUL 1 2407 CLOUDY (SCALE 8-10) 30
DPTR FM NORMAL -134
[CDD (BASE 65) ]
TOTAL THIS MO. 0
DPTR FM NORMAL 0 [PRESSURE DATA]
TOTAL FM JAN 1 0 HIGHEST SLP 30.33 ON 11
DPTR FM NORMAL 0 LOWEST SLP 29.40 ON 18
[REMARKS]
#FINAL-09-20#