000
CXAK59 PAFG 011007
CLMBRW
CLIMATE REPORT
NATIONAL WEATHER SERVICE FAIRBANKS AK
107 AM AKST FRI MAR 01 2024
...................................
...THE UTQIAGVIK (BARROW) AK CLIMATE SUMMARY FOR THE MONTH OF FEBRUARY 2024...
CLIMATE NORMAL PERIOD 1991 TO 2020
CLIMATE RECORD PERIOD 1920 TO 2024
WEATHER OBSERVED NORMAL DEPART LAST YEAR`S
VALUE DATE(S) VALUE FROM VALUE DATE(S)
NORMAL
................................................................
TEMPERATURE (F)
RECORD
HIGH 36 02/04/1982
LOW -56 02/03/1924
HIGHEST 32 02/14 MM MM 29 02/23
LOWEST -29 02/26 MM MM -37 02/21
AVG. MAXIMUM -1.2 -5.5 4.3 -5.9
AVG. MINIMUM -11.9 -18.3 6.4 -18.8
MEAN -6.5 -11.9 5.4 -12.3
DAYS MAX >= 90 0 0.0 0.0 0
DAYS MAX <= 32 27 27.8 -0.8 28
DAYS MIN <= 32 27 28.0 -1.0 28
DAYS MIN <= 0 26 25.6 0.4 27
PRECIPITATION (INCHES)
RECORD
MAXIMUM 8.11 1923
MINIMUM T
TOTALS 0.57 0.21 0.36 MM
DAILY AVG. 0.02 NAN NAN MM
DAYS >= .01 12 5.5 6.5 MM
DAYS >= .10 1 0.3 0.7 MM
DAYS >= .50 0 0.0 0.0 MM
DAYS >= 1.00 0 0.0 0.0 MM
GREATEST
24 HR. TOTAL 0.18 02/21 TO 02/22 MM
DEGREE DAYS
HEATING TOTAL 1924 2153 -229 2159
SINCE 7/1 10724 12473 -1749 MM
COOLING TOTAL 0 0 0 0
SINCE 1/1 0 0 0 MM
................................................................
WIND (MPH)
AVERAGE WIND SPEED 14.1
HIGHEST WIND SPEED/DIRECTION 38/060 DATE 02/21
HIGHEST GUST SPEED/DIRECTION 44/060 DATE 02/21
SKY COVER
AVERAGE SKY COVER 0.55
NUMBER OF DAYS FAIR 10
WEATHER CONDITIONS. NUMBER OF DAYS WITH
THUNDERSTORM 0 MIXED PRECIP 0
HEAVY RAIN 0 RAIN 0
LIGHT RAIN 0 FREEZING RAIN 0
LT FREEZING RAIN 1 HAIL 0
HEAVY SNOW 0 SNOW 3
LIGHT SNOW 14 SLEET 0
FOG 7 FOG W/VIS <= 1/4 MILE 1
HAZE 21
- INDICATES NEGATIVE NUMBERS.
R INDICATES RECORD WAS SET OR TIED.
MM INDICATES DATA IS MISSING.
T INDICATES TRACE AMOUNT.
$$