000
CXUS53 KGRR 011017
CF6BTL
PRELIMINARY LOCAL CLIMATOLOGICAL DATA (WS FORM: F-6)
STATION: BATTLE CREEK
MONTH: MARCH
YEAR: 2020
LATITUDE: 42 17 N
LONGITUDE: 85 14 W
TEMPERATURE IN F: :PCPN: SNOW: WIND :SUNSHINE: SKY :PK WND
================================================================================
1 2 3 4 5 6A 6B 7 8 9 10 11 12 13 14 15 16 17 18
12Z AVG MX 2MIN
DY MAX MIN AVG DEP HDD CDD WTR SNW DPTH SPD SPD DIR MIN PSBL S-S WX SPD DR
================================================================================
1 49 19 34 4 31 0 0.00 M M 11.7 25 190 M M 0 39 170
2 51 34 43 13 22 0 T M M 8.8 16 290 M M 7 1 21 220
3 47 28 38 7 27 0 0.00 M M 10.3 31 280 M M 8 42 270
4 46 24 35 4 30 0 T M M 10.9 22 320 M M 4 1 31 270
5 51 21 36 5 29 0 0.03 M M 10.7 26 230 M M 2 1 40 240
6 38 26 32 0 33 0 0.02 M M 11.1 25 10 M M 9 1 36 10
7 47 16 32 0 33 0 0.00 M M 8.3 18 200 M M 0 24 200
8 61 34 48 16 17 0 0.00 M M 14.5 24 200 M M 0 32 210
9 60 48 54 21 11 0 0.23 M M 15.4 26 180 M M 5 18 38 170
10 53 32 43 10 22 0 0.07 M M 10.0 24 190 M M 6 1 36 200
11 41 32 37 3 28 0 T M M 4.6 13 250 M M 9 1 17 150
12 54 39 47 13 18 0 T M M 8.9 21 260 M M 8 18 29 260
13 52 32 42 8 23 0 0.02 M M 18.1 31 290 M M 3 1 44 290
14 38 32 35 0 30 0 T M M 5.7 13 40 M M 5 18 50
15 47 25 36 1 29 0 0.00 M M 7.5 16 60 M M 2 21 70
16 43 25 34 -2 31 0 T M M 6.5 13 210 M M 5 1 17 220
17 47 28 38 2 27 0 T M M 9.3 21 280 M M 4 1 30 280
18 45 30 38 2 27 0 0.19 M M 6.8 15 170 M M 5 1 19 170
19 62 37 50 13 15 0 0.17 M M 10.9 23 220 M M 10 12 35 220
20 63 26 45 8 20 0 0.01 M M 15.8 24 240 M M 8 1 36 200
21 36 24 30 -8 35 0 0.00 M M 6.4 16 30 M M 8 21 40
22 38 20 29 -9 36 0 0.05 M M 7.4 18 170 M M 4 18 23 160
23 41 31 36 -2 29 0 0.04 M M 4.3 12 310 M M 10 1 16 280
24 44 30 37 -2 28 0 0.00 M M 5.1 12 130 M M 9 1 16 130
25 56 32 44 5 21 0 0.00 M M 6.5 13 170 M M 5 18 18 190
26 58 45 52 12 13 0 0.13 M M 7.0 15 180 M M 7 18 21 190
27 53 39 46 6 19 0 0.31 M M 8.1 14 90 M M 9 1 21 80
28 55 43 49 9 16 0 1.41 M M 8.0 15 330 M M 10 13 22 80
29 58 43 51 10 14 0 T M M 19.1 38 250 M M 8 50 250
30 44 38 41 0 24 0 T M M 13.3 25 270 M M 10 1 35 280
31 42 37 40 -2 25 0 T M M 7.8 14 10 M M 10 1 18 10
================================================================================
SM 1520 970 763 0 2.68 M 298.8 M 190
================================================================================
AV 49.0 31.3 9.6 FASTST M M 6 MAX(MPH)
MISC ----> # 38 250 # 50 250
================================================================================
NOTES:
# LAST OF SEVERAL OCCURRENCES
COLUMN 17 PEAK WIND IN M.P.H.
PRELIMINARY LOCAL CLIMATOLOGICAL DATA (WS FORM: F-6) , PAGE 2
STATION: BATTLE CREEK
MONTH: MARCH
YEAR: 2020
LATITUDE: 42 17 N
LONGITUDE: 85 14 W
[TEMPERATURE DATA] [PRECIPITATION DATA] SYMBOLS USED IN COLUMN 16
AVERAGE MONTHLY: 40.2 TOTAL FOR MONTH: 2.68 1 = FOG OR MIST
DPTR FM NORMAL: 4.6 DPTR FM NORMAL: 0.77 2 = FOG REDUCING VISIBILITY
HIGHEST: 63 ON 20 GRTST 24HR 1.41 ON 28-28 TO 1/4 MILE OR LESS
LOWEST: 16 ON 7 3 = THUNDER
SNOW, ICE PELLETS, HAIL 4 = ICE PELLETS
TOTAL MONTH: M 5 = HAIL
GRTST 24HR M ON M 6 = FREEZING RAIN OR DRIZZLE
GRTST DEPTH: M ON M 7 = DUSTSTORM OR SANDSTORM:
VSBY 1/2 MILE OR LESS
8 = SMOKE OR HAZE
[NO. OF DAYS WITH] [WEATHER - DAYS WITH] 9 = BLOWING SNOW
X = TORNADO
MAX 32 OR BELOW: 0 0.01 INCH OR MORE: 13
MAX 90 OR ABOVE: 0 0.10 INCH OR MORE: 6
MIN 32 OR BELOW: 20 0.50 INCH OR MORE: 1
MIN 0 OR BELOW: 0 1.00 INCH OR MORE: 1
[HDD (BASE 65) ]
TOTAL THIS MO. 763 CLEAR (SCALE 0-3) 6
DPTR FM NORMAL -147 PTCLDY (SCALE 4-7) 13
TOTAL FM JUL 1 5224 CLOUDY (SCALE 8-10) 12
DPTR FM NORMAL -651
[CDD (BASE 65) ]
TOTAL THIS MO. 0
DPTR FM NORMAL 0 [PRESSURE DATA]
TOTAL FM JAN 1 0 HIGHEST SLP 30.67 ON 15
DPTR FM NORMAL 0 LOWEST SLP 29.47 ON 29
[REMARKS]
#FINAL-03-20#