000
CXUS54 KLIX 010810
CF6BTR
PRELIMINARY LOCAL CLIMATOLOGICAL DATA (WS FORM: F-6)
STATION: BATON ROUGE
MONTH: AUGUST
YEAR: 2023
LATITUDE: 30 31 N
LONGITUDE: 91 9 W
TEMPERATURE IN F: :PCPN: SNOW: WIND :SUNSHINE: SKY :PK WND
================================================================================
1 2 3 4 5 6A 6B 7 8 9 10 11 12 13 14 15 16 17 18
12Z AVG MX 2MIN
DY MAX MIN AVG DEP HDD CDD WTR SNW DPTH SPD SPD DIR MIN PSBL S-S WX SPD DR
================================================================================
1 104 77 91 8 0 26 0.00 0.0 M 2.2 13 20 M M 0 3 19 10
2 102 78 90 7 0 25 T 0.0 M 4.2 22 360 M M 1 3 34 10
3 101 77 89 6 0 24 0.00 0.0 M 4.7 15 170 M M 1 19 170
4 101 81 91 8 0 26 0.00 0.0 M 7.8 16 230 M M 1 23 220
5 101 81 91 8 0 26 0.00 0.0 M 8.4 18 210 M M 1 25 200
6 101 82 92 9 0 27 0.00 0.0 M 9.2 17 220 M M 2 22 220
7 101 82 92 9 0 27 T 0.0 M 10.4 17 220 M M 1 24 290
8 99 83 91 8 0 26 0.00 0.0 M 9.0 17 210 M M 2 3 23 220
9 101 82 92 9 0 27 T 0.0 M 11.1 24 230 M M 3 31 240
10 102 85 94 11 0 29 0.00 0.0 M 13.6 21 220 M M 3 29 210
11 103 83 93 10 0 28 0.00 0.0 M 11.0 20 210 M M 0 25 210
12 102 81 92 9 0 27 0.00 0.0 M 8.3 20 220 M M 2 26 230
13 101 81 91 8 0 26 0.00 0.0 M 8.4 16 180 M M 1 21 230
14 102 79 91 8 0 26 0.00 0.0 M 7.9 18 210 M M 2 24 220
15 102 81 92 9 0 27 0.00 0.0 M 8.8 18 290 M M 1 27 280
16 97 74 86 3 0 21 0.00 0.0 M 6.7 16 280 M M 1 8 21 280
17 99 68 84 1 0 19 0.00 0.0 M 5.3 17 270 M M 0 24 260
18 102 75 89 6 0 24 0.00 0.0 M 6.1 17 220 M M 0 23 310
19 105 80 93 10 0 28 0.00 0.0 M 6.9 18 210 M M 1 24 220
20 105 81 93 10 0 28 0.00 0.0 M 6.4 16 140 M M 2 22 150
21 102 79 91 8 0 26 0.00 0.0 M 9.6 20 130 M M 1 27 120
22 103 76 90 8 0 25 0.00 0.0 M 7.5 16 100 M M 1 12 22 170
23 105 81 93 11 0 28 0.03 0.0 M 5.0 13 220 M M 2 3 19 270
24 106 79 93 11 0 28 0.12 0.0 M 2.8 31 120 M M 1 3 37 130
25 103 79 91 9 0 26 0.00 0.0 M 4.5 17 210 M M 1 123 23 210
26 105 82 94 12 0 29 T 0.0 M 4.9 16 270 M M 1 238 24 260
27 106 78 92 10 0 27 T 0.0 M 6.0 16 120 M M 1 38 22 90
28 96 75 86 4 0 21 1.32 0.0 M 5.3 30 40 M M 5 13 44 50
29 95 75 85 3 0 20 0.06 0.0 M 5.4 20 120 M M 3 1 26 120
30 98 75 87 5 0 22 0.00 0.0 M 7.8 17 30 M M 0 26 350
31 98 71 85 3 0 20 0.00 0.0 M 5.7 12 10 M M 0 17 320
================================================================================
SM 3148 2441 0 789 1.53 0.0 220.9 M 41
================================================================================
AV101.5 78.7 7.1 FASTST M M 1 MAX(MPH)
MISC ----> 31 120 44 50
================================================================================
NOTES:
# LAST OF SEVERAL OCCURRENCES
COLUMN 17 PEAK WIND IN M.P.H.
PRELIMINARY LOCAL CLIMATOLOGICAL DATA (WS FORM: F-6) , PAGE 2
STATION: BATON ROUGE
MONTH: AUGUST
YEAR: 2023
LATITUDE: 30 31 N
LONGITUDE: 91 9 W
[TEMPERATURE DATA] [PRECIPITATION DATA] SYMBOLS USED IN COLUMN 16
AVERAGE MONTHLY: 90.1 TOTAL FOR MONTH: 1.53 1 = FOG OR MIST
DPTR FM NORMAL: 7.3 DPTR FM NORMAL: -4.84 2 = FOG REDUCING VISIBILITY
HIGHEST: 106 ON 27,24 GRTST 24HR 1.32 ON 28-28 TO 1/4 MILE OR LESS
LOWEST: 68 ON 17 3 = THUNDER
SNOW, ICE PELLETS, HAIL 4 = ICE PELLETS
TOTAL MONTH: 0.0 INCH 5 = HAIL
GRTST 24HR 0.0 6 = FREEZING RAIN OR DRIZZLE
GRTST DEPTH: M ON M 7 = DUSTSTORM OR SANDSTORM:
VSBY 1/2 MILE OR LESS
8 = SMOKE OR HAZE
[NO. OF DAYS WITH] [WEATHER - DAYS WITH] 9 = BLOWING SNOW
X = TORNADO
MAX 32 OR BELOW: 0 0.01 INCH OR MORE: 4
MAX 90 OR ABOVE: 31 0.10 INCH OR MORE: 2
MIN 32 OR BELOW: 0 0.50 INCH OR MORE: 1
MIN 0 OR BELOW: 0 1.00 INCH OR MORE: 1
[HDD (BASE 65) ]
TOTAL THIS MO. 0 CLEAR (SCALE 0-3) 30
DPTR FM NORMAL 0 PTCLDY (SCALE 4-7) 1
TOTAL FM JUL 1 0 CLOUDY (SCALE 8-10) 0
DPTR FM NORMAL 0
[CDD (BASE 65) ]
TOTAL THIS MO. 789
DPTR FM NORMAL 239 [PRESSURE DATA]
TOTAL FM JAN 1 3005 HIGHEST SLP M ON M
DPTR FM NORMAL 850 LOWEST SLP 29.68 ON 27
[REMARKS]
#FINAL-08-23#