000
CXAK56 PAFG 011010
CF6BTT
PRELIMINARY LOCAL CLIMATOLOGICAL DATA (WS FORM: F-6)
STATION: BETTLES AK
MONTH: APRIL
YEAR: 2021
LATITUDE: 66 55 N
LONGITUDE: 151 31 W
TEMPERATURE IN F: :PCPN: SNOW: WIND :SUNSHINE: SKY :PK WND
================================================================================
1 2 3 4 5 6A 6B 7 8 9 10 11 12 13 14 15 16 17 18
12Z AVG MX 2MIN
DY MAX MIN AVG DEP HDD CDD WTR SNW DPTH SPD SPD DIR MIN PSBL S-S WX SPD DR
================================================================================
1 4 -8 -2 -14 67 0 0.00 M 32 5.3 10 140 M M 9 1 13 140
2 7 -7 0 -13 65 0 M M 32 3.4 9 30 M M 10 1 11 20
3 15 -2 7 -7 58 0 M M 31 8.2 14 40 M M 9 1 19 60
4 23 0 12 -2 53 0 0.00 M 33 12.4 23 250 M M 9 129 32 230
5 7 -18 -5 -20 70 0 T M 36 6.4 10 220 M M 5 1 16 220
6 7 -33 -13 -29 78 0 0.00 M 36 2.9 8 130 M M 0 10 130
7 6 -31 -12 -29 77 0 0.00 M 36 2.7 9 120 M M 3 12 120
8 -2 -26 -14 -32 79 0 0.00 M 34 8.8 23 330 M M 2 34 340
9 -3 -39 -21 -39 86 0 0.00 M 34 3.7 9 140 M M 0 12 140
10 9 -35 -13 -32 78 0 0.00 M 34 6.5 14 30 M M 1 18 20
11 13 -10 2 -18 63 0 0.00 M 33 10.4 16 40 M M 7 12 23 30
12 33 13 23 2 42 0 0.00 M 35 7.7 13 40 M M 10 1 18 20
13 42 21 32 11 33 0 0.00 M 35 4.9 14 30 M M 8 1 18 20
14 45 15 30 8 35 0 0.01 M 33 7.0 16 40 M M 6 1 24 40
15 39 33 36 13 29 0 M M 32 3.1 7 30 M M 10 1 9 30
16 41 22 32 8 33 0 0.00 0.0 29 5.6 12 130 M M 3 1 14 110
17 49 12 31 7 34 0 0.00 0.0 29 4.3 13 40 M M 1 15 50
18 53 25 39 14 26 0 0.00 0.0 28 7.2 14 40 M M 3 19 40
19 55 30 43 17 22 0 0.00 M M 6.2 20 20 M M 3 29 10
20 42 19 31 4 34 0 0.00 M 24 7.6 23 350 M M 2 33 350
21 45 15 30 2 35 0 0.00 M 23 4.0 9 340 M M 1 14 340
22 54 22 38 10 27 0 0.00 M 23 5.3 15 20 M M 1 19 10
23 55 25 40 11 25 0 0.00 M 22 4.9 12 360 M M 2 15 20
24 57 27 42 12 23 0 0.00 M 20 5.3 10 30 M M 1 14 350
25 60 30 45 14 20 0 0.00 M 19 5.2 12 360 M M 2 16 360
26 49 32 41 10 24 0 0.00 M 17 7.0 13 60 M M 6 22 50
27 47 29 38 6 27 0 0.00 M 14 6.6 15 40 M M 6 23 50
28 46 25 36 3 29 0 0.00 M 13 5.6 10 130 M M 3 15 50
29 45 31 38 4 27 0 0.00 M 12 5.8 12 240 M M 10 16 220
30 33 24 29 -5 36 0 T M 12 9.1 15 230 M M 9 1 24 180
================================================================================
SM 976 241 1335 0 0.01 0.0 183.1 M 142
================================================================================
AV 32.5 8.0 6.1 FASTST M M 5 MAX(MPH)
MISC ----> # 23 250 34 340
================================================================================
NOTES:
# LAST OF SEVERAL OCCURRENCES
COLUMN 17 PEAK WIND IN M.P.H.
PRELIMINARY LOCAL CLIMATOLOGICAL DATA (WS FORM: F-6) , PAGE 2
STATION: BETTLES AK
MONTH: APRIL
YEAR: 2021
LATITUDE: 66 55 N
LONGITUDE: 151 31 W
[TEMPERATURE DATA] [PRECIPITATION DATA] SYMBOLS USED IN COLUMN 16
AVERAGE MONTHLY: 20.3 TOTAL FOR MONTH: 0.01 1 = FOG OR MIST
DPTR FM NORMAL: -3.0 DPTR FM NORMAL: -0.59 2 = FOG REDUCING VISIBILITY
HIGHEST: 60 ON 25 GRTST 24HR 0.01 ON 14-14 TO 1/4 MILE OR LESS
LOWEST: -39 ON 9 3 = THUNDER
SNOW, ICE PELLETS, HAIL 4 = ICE PELLETS
TOTAL MONTH: 0.0 INCH 5 = HAIL
GRTST 24HR 0.0 6 = FREEZING RAIN OR DRIZZLE
GRTST DEPTH: 36 ON 7, 6 7 = DUSTSTORM OR SANDSTORM:
VSBY 1/2 MILE OR LESS
8 = SMOKE OR HAZE
[NO. OF DAYS WITH] [WEATHER - DAYS WITH] 9 = BLOWING SNOW
X = TORNADO
MAX 32 OR BELOW: 11 0.01 INCH OR MORE: 1
MAX 90 OR ABOVE: 0 0.10 INCH OR MORE: 0
MIN 32 OR BELOW: 29 0.50 INCH OR MORE: 0
MIN 0 OR BELOW: 11 1.00 INCH OR MORE: 0
[HDD (BASE 65) ]
TOTAL THIS MO. 1335 CLEAR (SCALE 0-3) 16
DPTR FM NORMAL 84 PTCLDY (SCALE 4-7) 6
TOTAL FM JUL 1 14008 CLOUDY (SCALE 8-10) 8
DPTR FM NORMAL -318
[CDD (BASE 65) ]
TOTAL THIS MO. 0
DPTR FM NORMAL 0 [PRESSURE DATA]
TOTAL FM JAN 1 0 HIGHEST SLP M ON M
DPTR FM NORMAL 0 LOWEST SLP 29.45 ON 4
[REMARKS]
#FINAL-04-21#