000
CXUS51 KBTV 010700
CF6BTV
PRELIMINARY LOCAL CLIMATOLOGICAL DATA (WS FORM: F-6)
STATION: BURLINGTON VT
MONTH: JULY
YEAR: 2020
LATITUDE: 44 28 N
LONGITUDE: 73 9 W
TEMPERATURE IN F: :PCPN: SNOW: WIND :SUNSHINE: SKY :PK WND
================================================================================
1 2 3 4 5 6A 6B 7 8 9 10 11 12 13 14 15 16 17 18
12Z AVG MX 2MIN
DY MAX MIN AVG DEP HDD CDD WTR SNW DPTH SPD SPD DIR MIN PSBL S-S WX SPD DR
================================================================================
1 82 64 73 3 0 8 0.20 0.0 0 4.8 14 330 M M 7 13 16 330
2 92 65 79 9 0 14 T 0.0 0 5.0 17 340 M M 5 23 350
3 86 67 77 7 0 12 0.05 0.0 0 5.7 17 320 M M 6 18 21 320
4 87 65 76 6 0 11 0.00 0.0 0 4.4 15 320 M M 3 20 320
5 87 62 75 5 0 10 T 0.0 0 3.6 14 220 M M 5 24 310
6 87 60 74 4 0 9 0.00 0.0 M 3.4 12 310 M M 3 12 15 310
7 89 61 75 5 0 10 0.01 0.0 M 11.1 20 190 M M 4 28 180
8 88 70 79 9 0 14 0.49 0.0 M 8.7 30 20 M M 5 13 38 10
9 95 67 81 10 0 16 0.00 0.0 M 5.8 14 190 M M 3 17 200
10 95 75 85 14 0 20 0.00 0.0 M 9.1 17 130 M M 4 22 150
11 89 74 82 11 0 17 0.24 0.0 M 10.8 24 190 M M 8 1 33 180
12 85 69 77 6 0 12 0.09 0.0 0 6.2 17 320 M M 6 1 24 320
13 82 66 74 3 0 9 T 0.0 0 3.8 18 340 M M 6 21 330
14 79 65 72 1 0 7 T 0.0 0 6.1 14 40 M M 7 19 360
15 83 64 74 3 0 9 0.00 0.0 0 4.3 9 290 M M 5 12 300
16 81 65 73 2 0 8 T 0.0 0 11.4 23 170 M M 7 29 190
17 85 63 74 3 0 9 0.17 0.0 0 11.0 26 180 M M 7 1 36 190
18 93 67 80 9 0 15 0.00 0.0 0 6.3 15 180 M M 3 19 190
19 95 70 83 12 0 18 0.07 0.0 0 10.0 20 180 M M 5 27 190
20 91 75 83 12 0 18 0.01 0.0 0 8.6 18 280 M M 6 23 290
21 83 64 74 3 0 9 0.00 0.0 0 6.2 15 360 M M 4 20 330
22 82 63 73 2 0 8 T 0.0 0 4.5 12 190 M M 6 15 220
23 83 68 76 5 0 11 0.39 0.0 0 5.8 16 350 M M 7 1 20 360
24 85 64 75 4 0 10 0.00 0.0 M 4.7 13 290 M M 3 18 20 340
25 89 62 76 5 0 11 0.00 0.0 0 2.8 10 240 M M 5 13 250
26 92 66 79 8 0 14 0.00 0.0 0 7.4 15 240 M M 7 21 210
27 93 73 83 12 0 18 0.68 0.0 0 6.2 15 240 M M 8 18 21 260
28 91 70 81 10 0 16 0.01 0.0 0 6.9 16 300 M M 4 21 280
29 86 65 76 5 0 11 0.04 0.0 0 5.9 15 310 M M 5 3 22 310
30 85 66 76 6 0 11 T 0.0 0 5.7 21 340 M M 6 3 27 360
31 85 61 73 3 0 8 0.00 0.0 0 4.0 13 10 M M 2 17 330
================================================================================
SM 2705 2056 0 373 2.45 0.0 200.2 M 162
================================================================================
AV 87.3 66.3 6.5 FASTST M M 5 MAX(MPH)
MISC ----> 30 20 38 10
================================================================================
NOTES:
# LAST OF SEVERAL OCCURRENCES
COLUMN 17 PEAK WIND IN M.P.H.
PRELIMINARY LOCAL CLIMATOLOGICAL DATA (WS FORM: F-6) , PAGE 2
STATION: BURLINGTON VT
MONTH: JULY
YEAR: 2020
LATITUDE: 44 28 N
LONGITUDE: 73 9 W
[TEMPERATURE DATA] [PRECIPITATION DATA] SYMBOLS USED IN COLUMN 16
AVERAGE MONTHLY: 76.8 TOTAL FOR MONTH: 2.45 1 = FOG OR MIST
DPTR FM NORMAL: 6.2 DPTR FM NORMAL: -1.71 2 = FOG REDUCING VISIBILITY
HIGHEST: 95 ON 19,10 GRTST 24HR 0.99 ON 30- 1 TO 1/4 MILE OR LESS
LOWEST: 60 ON 6 3 = THUNDER
SNOW, ICE PELLETS, HAIL 4 = ICE PELLETS
TOTAL MONTH: 0.0 INCH 5 = HAIL
GRTST 24HR 0.0 6 = FREEZING RAIN OR DRIZZLE
GRTST DEPTH: 0 7 = DUSTSTORM OR SANDSTORM:
VSBY 1/2 MILE OR LESS
8 = SMOKE OR HAZE
[NO. OF DAYS WITH] [WEATHER - DAYS WITH] 9 = BLOWING SNOW
X = TORNADO
MAX 32 OR BELOW: 0 0.01 INCH OR MORE: 13
MAX 90 OR ABOVE: 9 0.10 INCH OR MORE: 6
MIN 32 OR BELOW: 0 0.50 INCH OR MORE: 1
MIN 0 OR BELOW: 0 1.00 INCH OR MORE: 0
[HDD (BASE 65) ]
TOTAL THIS MO. 0 CLEAR (SCALE 0-3) 3
DPTR FM NORMAL -13 PTCLDY (SCALE 4-7) 28
TOTAL FM JUL 1 0 CLOUDY (SCALE 8-10) 0
DPTR FM NORMAL -8
[CDD (BASE 65) ]
TOTAL THIS MO. 373
DPTR FM NORMAL 186 [PRESSURE DATA]
TOTAL FM JAN 1 632 HIGHEST SLP M ON M
DPTR FM NORMAL 329 LOWEST SLP 29.45 ON 12
[REMARKS]
#FINAL-07-20#