000
CXUS51 KBUF 010805
CF6BUF
PRELIMINARY LOCAL CLIMATOLOGICAL DATA (WS FORM: F-6)
STATION: BUFFALO NY
MONTH: OCTOBER
YEAR: 2023
LATITUDE: 42 55 N
LONGITUDE: 78 44 W
TEMPERATURE IN F: :PCPN: SNOW: WIND :SUNSHINE: SKY :PK WND
================================================================================
1 2 3 4 5 6A 6B 7 8 9 10 11 12 13 14 15 16 17 18
12Z AVG MX 2MIN
DY MAX MIN AVG DEP HDD CDD WTR SNW DPTH SPD SPD DIR MIN PSBL S-S WX SPD DR
================================================================================
1 77 59 68 10 0 3 0.00 0.0 0 5.3 12 250 M M 6 128 17 230
2 78 62 70 13 0 5 0.00 0.0 0 6.1 10 240 M M 4 12 15 240
3 80 59 70 13 0 5 0.00 0.0 0 6.0 12 210 M M 1 19 240
4 84 62 73 17 0 8 0.00 0.0 0 5.7 12 170 M M 2 19 190
5 83 64 74 18 0 9 0.01 0.0 0 9.3 21 250 M M 8 1 28 250
6 71 58 65 9 0 0 0.38 0.0 0 11.1 20 200 M M 8 1 28 160
7 59 47 53 -2 12 0 0.12 0.0 0 11.5 22 240 M M 7 1 29 250
8 55 46 51 -4 14 0 0.03 0.0 0 15.9 31 250 M M 7 43 250
9 54 45 50 -4 15 0 0.27 0.0 0 15.2 30 230 M M 8 1 41 220
10 50 46 48 -6 17 0 1.14 0.0 0 9.9 23 200 M M 10 1 30 200
11 56 45 51 -3 14 0 0.10 0.0 0 8.4 20 230 M M 9 1 26 230
12 62 43 53 0 12 0 0.01 0.0 0 3.6 15 340 M M 5 18 340
13 59 39 49 -4 16 0 0.00 0.0 0 3.2 10 20 M M 6 14 40
14 50 47 49 -3 16 0 0.38 0.0 0 8.3 14 60 M M 10 19 100
15 51 46 49 -3 16 0 0.05 0.0 0 9.6 18 340 M M 9 1 26 310
16 53 46 50 -2 15 0 0.03 0.0 0 8.0 17 350 M M 10 1 22 340
17 55 48 52 1 13 0 0.00 0.0 0 5.8 13 240 M M 8 16 240
18 57 45 51 0 14 0 T 0.0 0 6.9 14 200 M M 8 19 190
19 64 44 54 4 11 0 T 0.0 0 9.7 22 200 M M 6 29 190
20 59 52 56 6 9 0 0.11 0.0 0 9.4 17 190 M M 9 1 23 220
21 53 46 50 0 15 0 0.01 0.0 0 10.7 20 330 M M 10 26 310
22 51 41 46 -4 19 0 0.04 0.0 0 12.7 24 270 M M 7 1 35 280
23 53 35 44 -5 21 0 0.00 0.0 0 6.4 14 220 M M 4 18 230
24 71 45 58 9 7 0 T 0.0 0 9.5 21 230 M M 5 30 230
25 73 59 66 18 0 1 0.04 0.0 0 10.1 23 220 M M 8 32 220
26 70 58 64 16 1 0 0.20 0.0 0 8.2 16 240 M M 9 1 24 230
27 71 63 67 19 0 2 0.03 0.0 0 12.7 23 240 M M 7 35 240
28 68 45 57 10 8 0 0.02 0.0 0 10.6 26 330 M M 8 1 33 330
29 46 43 45 -2 20 0 0.24 0.0 0 9.0 17 70 M M 10 1 24 70
30 45 36 41 -6 24 0 0.44 0.0 0 8.2 18 340 M M 10 1 25 340
31 40 32 36 -10 29 0 0.09 0.4 0 4.3 16 290 M M 8 1 21 290
================================================================================
SM 1898 1506 338 33 3.74 0.4 271.3 M 227
================================================================================
AV 61.2 48.6 8.8 FASTST M M 7 MAX(MPH)
MISC ----> 31 250 43 250
================================================================================
NOTES:
# LAST OF SEVERAL OCCURRENCES
COLUMN 17 PEAK WIND IN M.P.H.
PRELIMINARY LOCAL CLIMATOLOGICAL DATA (WS FORM: F-6) , PAGE 2
STATION: BUFFALO NY
MONTH: OCTOBER
YEAR: 2023
LATITUDE: 42 55 N
LONGITUDE: 78 44 W
[TEMPERATURE DATA] [PRECIPITATION DATA] SYMBOLS USED IN COLUMN 16
AVERAGE MONTHLY: 54.9 TOTAL FOR MONTH: 3.74 1 = FOG OR MIST
DPTR FM NORMAL: 3.2 DPTR FM NORMAL: -0.29 2 = FOG REDUCING VISIBILITY
HIGHEST: 84 ON 4 GRTST 24HR 1.23 ON 10-11 TO 1/4 MILE OR LESS
LOWEST: 32 ON 31 3 = THUNDER
SNOW, ICE PELLETS, HAIL 4 = ICE PELLETS
TOTAL MONTH: 0.4 INCH 5 = HAIL
GRTST 24HR 0.4 ON 31-31 6 = FREEZING RAIN OR DRIZZLE
GRTST DEPTH: 0 7 = DUSTSTORM OR SANDSTORM:
VSBY 1/2 MILE OR LESS
8 = SMOKE OR HAZE
[NO. OF DAYS WITH] [WEATHER - DAYS WITH] 9 = BLOWING SNOW
X = TORNADO
MAX 32 OR BELOW: 0 0.01 INCH OR MORE: 21
MAX 90 OR ABOVE: 0 0.10 INCH OR MORE: 10
MIN 32 OR BELOW: 1 0.50 INCH OR MORE: 1
MIN 0 OR BELOW: 0 1.00 INCH OR MORE: 1
[HDD (BASE 65) ]
TOTAL THIS MO. 338 CLEAR (SCALE 0-3) 2
DPTR FM NORMAL -79 PTCLDY (SCALE 4-7) 16
TOTAL FM JUL 1 399 CLOUDY (SCALE 8-10) 13
DPTR FM NORMAL -152
[CDD (BASE 65) ]
TOTAL THIS MO. 33
DPTR FM NORMAL 27 [PRESSURE DATA]
TOTAL FM JAN 1 627 HIGHEST SLP 30.34 ON 1
DPTR FM NORMAL 20 LOWEST SLP 29.44 ON 21
[REMARKS]
#FINAL-10-23#