000
CXUS56 KLOX 011155
CF6BUR
PRELIMINARY LOCAL CLIMATOLOGICAL DATA (WS FORM: F-6)
STATION: HOLLYWOOD/BURBANK AIRPORT CA
MONTH: MAY
YEAR: 2022
LATITUDE: 34 12 N
LONGITUDE: 118 22 W
TEMPERATURE IN F: :PCPN: SNOW: WIND :SUNSHINE: SKY :PK WND
================================================================================
1 2 3 4 5 6A 6B 7 8 9 10 11 12 13 14 15 16 17 18
12Z AVG MX 2MIN
DY MAX MIN AVG DEP HDD CDD WTR SNW DPTH SPD SPD DIR MIN PSBL S-S WX SPD DR
================================================================================
1 75 56 66 2 0 1 0.00 M M 6.3 15 160 M M 1 20 160
2 75 59 67 2 0 2 0.00 M M 6.9 15 170 M M 4 19 160
3 73 59 66 1 0 1 0.00 M M 6.4 14 200 M M 3 17 180
4 86 56 71 6 0 6 0.00 M M 5.3 15 110 M M 0 8 18 110
5 83 59 71 6 0 6 0.00 M M 6.9 13 180 M M M 8 17 110
6 82 59 71 6 0 6 0.00 M M 5.9 15 170 M M 0 18 170
7 78 60 69 4 0 4 0.00 M M 8.4 15 180 M M 1 8 18 200
8 69 58 64 -1 1 0 0.00 M M 6.7 16 170 M M 5 20 140
9 70 54 62 -4 3 0 0.00 M M 5.5 16 150 M M 0 22 190
10 70 52 61 -5 4 0 0.00 M M 6.0 17 200 M M 0 8 25 170
11 74 52 63 -3 2 0 0.00 M M 10.2 23 340 M M 0 32 350
12 83 57 70 4 0 5 0.00 M M 6.0 16 200 M M 0 22 180
13 93 61 77 11 0 12 0.00 M M 4.6 14 170 M M 0 16 170
14 95 64 80 14 0 15 0.00 M M 3.8 14 160 M M 0 16 150
15 88 64 76 10 0 11 0.00 M M 5.7 15 170 M M 0 23 120
16 78 60 69 3 0 4 0.00 M M 7.1 15 170 M M 1 19 150
17 75 57 66 0 0 1 0.00 M M 5.8 14 150 M M 2 8 21 200
18 80 59 70 4 0 5 0.00 M M 6.1 13 120 M M 3 8 18 110
19 74 60 67 1 0 2 0.00 M M 7.1 16 190 M M 7 8 21 210
20 68 58 63 -3 2 0 0.01 M M 6.8 15 120 M M 10 18 21 110
21 72 60 66 0 0 1 0.00 M M 6.6 13 180 M M 7 15 190
22 74 56 65 -2 0 0 0.00 M M 5.0 14 160 M M 0 17 180
23 75 57 66 -1 0 1 0.00 M M 6.8 14 180 M M 3 8 22 220
24 82 60 71 4 0 6 0.00 M M 6.5 13 110 M M 3 8 21 120
25 82 60 71 4 0 6 0.00 M M 6.2 14 180 M M 1 8 17 170
26 80 60 70 3 0 5 0.00 M M 6.8 15 170 M M 3 8 19 200
27 76 60 68 1 0 3 0.00 M M 5.9 13 180 M M 5 17 150
28 71 60 66 -1 0 1 0.00 M M 6.1 13 190 M M 8 17 200
29 76 58 67 0 0 2 0.00 M M 7.4 15 130 M M 1 8 19 190
30 76 59 68 1 0 3 0.00 M M 7.2 16 160 M M 2 8 24 130
31 80 59 70 3 0 5 0.00 M M 6.8 13 160 M M 0 18 180
================================================================================
SM 2413 1813 12 114 0.01 M 198.8 M 70
================================================================================
AV 77.8 58.5 6.4 FASTST M M 2 MAX(MPH)
MISC ----> 23 340 32 350
================================================================================
NOTES:
# LAST OF SEVERAL OCCURRENCES
COLUMN 17 PEAK WIND IN M.P.H.
PRELIMINARY LOCAL CLIMATOLOGICAL DATA (WS FORM: F-6) , PAGE 2
STATION: HOLLYWOOD/BURBANK AIRPORT CA
MONTH: MAY
YEAR: 2022
LATITUDE: 34 12 N
LONGITUDE: 118 22 W
[TEMPERATURE DATA] [PRECIPITATION DATA] SYMBOLS USED IN COLUMN 16
AVERAGE MONTHLY: 68.2 TOTAL FOR MONTH: 0.01 1 = FOG OR MIST
DPTR FM NORMAL: 2.1 DPTR FM NORMAL: -0.28 2 = FOG REDUCING VISIBILITY
HIGHEST: 95 ON 14 GRTST 24HR 0.01 ON 20-20 TO 1/4 MILE OR LESS
LOWEST: 52 ON 11,10 3 = THUNDER
SNOW, ICE PELLETS, HAIL 4 = ICE PELLETS
TOTAL MONTH: M 5 = HAIL
GRTST 24HR M ON M 6 = FREEZING RAIN OR DRIZZLE
GRTST DEPTH: M ON M 7 = DUSTSTORM OR SANDSTORM:
VSBY 1/2 MILE OR LESS
8 = SMOKE OR HAZE
[NO. OF DAYS WITH] [WEATHER - DAYS WITH] 9 = BLOWING SNOW
X = TORNADO
MAX 32 OR BELOW: 0 0.01 INCH OR MORE: 1
MAX 90 OR ABOVE: 2 0.10 INCH OR MORE: 0
MIN 32 OR BELOW: 0 0.50 INCH OR MORE: 0
MIN 0 OR BELOW: 0 1.00 INCH OR MORE: 0
[HDD (BASE 65) ]
TOTAL THIS MO. 12 CLEAR (SCALE 0-3) 21
DPTR FM NORMAL -40 PTCLDY (SCALE 4-7) 7
TOTAL FM JUL 1 862 CLOUDY (SCALE 8-10) 3
DPTR FM NORMAL -531
[CDD (BASE 65) ]
TOTAL THIS MO. 114
DPTR FM NORMAL 29 [PRESSURE DATA]
TOTAL FM JAN 1 333 HIGHEST SLP 30.13 ON 12
DPTR FM NORMAL 177 LOWEST SLP 29.72 ON 30
[REMARKS]
#FINAL-05-22#