000
CXUS56 KLOX 011655
CF6BUR
PRELIMINARY LOCAL CLIMATOLOGICAL DATA (WS FORM: F-6)
STATION: BOB HOPE AIRPORT (BURBANK) CA
MONTH: JUNE
YEAR: 2020
LATITUDE: 34 12 N
LONGITUDE: 118 22 W
TEMPERATURE IN F: :PCPN: SNOW: WIND :SUNSHINE: SKY :PK WND
================================================================================
1 2 3 4 5 6A 6B 7 8 9 10 11 12 13 14 15 16 17 18
12Z AVG MX 2MIN
DY MAX MIN AVG DEP HDD CDD WTR SNW DPTH SPD SPD DIR MIN PSBL S-S WX SPD DR
================================================================================
1 88 62 75 8 0 10 0.00 0.0 0 6.3 17 280 M M 0 24 270
2 86 64 75 8 0 10 0.00 0.0 0 5.2 12 230 M M 0 22 240
3 98 67 83 16 0 18 0.00 0.0 0 6.0 17 110 M M 0 27 100
4 79 62 71 4 0 6 0.00 0.0 0 8.1 15 180 M M 3 18 M M
5 68 59 64 -4 1 0 T 0.0 0 6.4 13 190 M M 10 18 17 180
6 72 60 66 -2 0 1 0.00 0.0 0 6.8 16 110 M M 8 19 110
7 80 56 68 0 0 3 0.00 0.0 0 8.6 24 350 M M 0 32 350
8 87 61 74 6 0 9 0.00 0.0 0 13.5 29 340 M M 0 37 360
9 95 60 78 10 0 13 0.00 0.0 0 4.8 17 220 M M 0 8 21 280
10 98 64 81 13 0 16 0.00 0.0 0 4.0 14 200 M M 0 18 230
11 92 65 79 11 0 14 0.00 0.0 0 6.0 15 150 M M 0 19 150
12 79 61 70 1 0 5 0.00 0.0 0 7.9 15 190 M M 1 8 M M
13 77 59 68 -1 0 3 0.00 0.0 0 7.3 15 160 M M 0 20 160
14 79 60 70 1 0 5 0.00 0.0 0 6.9 13 170 M M 0 18 160
15 81 63 72 3 0 7 0.00 0.0 0 6.8 13 180 M M 0 16 180
16 75 61 68 -2 0 3 0.00 0.0 0 7.0 14 180 M M 5 18 210
17 75 62 69 -1 0 4 0.00 0.0 0 7.2 14 170 M M 4 20 200
18 73 61 67 -3 0 2 0.00 0.0 0 5.9 13 180 M M 5 17 180
19 77 60 69 -1 0 4 0.00 0.0 0 5.4 14 160 M M 4 27 200
20 78 60 69 -1 0 4 0.00 0.0 0 5.8 15 180 M M 7 18 170
21 79 61 70 -1 0 5 0.00 0.0 0 5.6 14 180 M M 4 24 290
22 83 60 72 1 0 7 0.00 0.0 0 6.1 13 180 M M 4 18 17 200
23 83 61 72 1 0 7 0.00 0.0 0 6.7 13 190 M M 3 18 19 90
24 83 60 72 1 0 7 0.00 0.0 0 6.3 14 180 M M 4 18 M M
25 81 63 72 0 0 7 0.00 0.0 0 6.8 16 220 M M 5 8 26 220
26 85 60 73 1 0 8 0.00 0.0 0 6.5 14 190 M M 2 18 16 190
27 82 61 72 0 0 7 0.00 0.0 0 7.6 15 190 M M 2 18 19 190
28 73 62 68 -4 0 3 0.00 0.0 0 8.6 15 180 M M 9 19 150
29 75 62 69 -3 0 4 T 0.0 0 7.3 14 180 M M 5 22 220
30 78 59 69 -3 0 4 0.00 0.0 0 5.4 13 180 M M 1 20 220
================================================================================
SM 2439 1836 1 196 T 0.0 202.8 M 86
================================================================================
AV 81.3 61.2 6.8 FASTST M M 3 MAX(MPH)
MISC ----> # 29 340 # 37 360
================================================================================
NOTES:
# LAST OF SEVERAL OCCURRENCES
COLUMN 17 PEAK WIND IN M.P.H.
PRELIMINARY LOCAL CLIMATOLOGICAL DATA (WS FORM: F-6) , PAGE 2
STATION: BOB HOPE AIRPORT (BURBANK) CA
MONTH: JUNE
YEAR: 2020
LATITUDE: 34 12 N
LONGITUDE: 118 22 W
[TEMPERATURE DATA] [PRECIPITATION DATA] SYMBOLS USED IN COLUMN 16
AVERAGE MONTHLY: 71.3 TOTAL FOR MONTH: T 1 = FOG OR MIST
DPTR FM NORMAL: 1.8 DPTR FM NORMAL: -0.11 2 = FOG REDUCING VISIBILITY
HIGHEST: 98 ON 10, 3 GRTST 24HR T ON 29-29 TO 1/4 MILE OR LESS
LOWEST: 56 ON 7 3 = THUNDER
SNOW, ICE PELLETS, HAIL 4 = ICE PELLETS
TOTAL MONTH: 0.0 INCH 5 = HAIL
GRTST 24HR 0.0 6 = FREEZING RAIN OR DRIZZLE
GRTST DEPTH: 0 7 = DUSTSTORM OR SANDSTORM:
VSBY 1/2 MILE OR LESS
8 = SMOKE OR HAZE
[NO. OF DAYS WITH] [WEATHER - DAYS WITH] 9 = BLOWING SNOW
X = TORNADO
MAX 32 OR BELOW: 0 0.01 INCH OR MORE: 0
MAX 90 OR ABOVE: 4 0.10 INCH OR MORE: 0
MIN 32 OR BELOW: 0 0.50 INCH OR MORE: 0
MIN 0 OR BELOW: 0 1.00 INCH OR MORE: 0
[HDD (BASE 65) ]
TOTAL THIS MO. 1 CLEAR (SCALE 0-3) 17
DPTR FM NORMAL -12 PTCLDY (SCALE 4-7) 11
TOTAL FM JUL 1 1311 CLOUDY (SCALE 8-10) 2
DPTR FM NORMAL -258
[CDD (BASE 65) ]
TOTAL THIS MO. 196
DPTR FM NORMAL 48 [PRESSURE DATA]
TOTAL FM JAN 1 465 HIGHEST SLP M ON M
DPTR FM NORMAL 193 LOWEST SLP 29.72 ON 28
[REMARKS]
#FINAL-06-20#