000
CXUS54 KTSA 131517
CF6BVO
PRELIMINARY LOCAL CLIMATOLOGICAL DATA (WS FORM: F-6)
STATION: BARTLESVILLE OKLAHOMA
MONTH: MAY
YEAR: 2021
LATITUDE: 36 45 N
LONGITUDE: 96 0 W
TEMPERATURE IN F: :PCPN: SNOW: WIND :SUNSHINE: SKY :PK WND
================================================================================
1 2 3 4 5 6A 6B 7 8 9 10 11 12 13 14 15 16 17 18
12Z AVG MX 2MIN
DY MAX MIN AVG DEP HDD CDD WTR SNW DPTH SPD SPD DIR MIN PSBL S-S WX SPD DR
================================================================================
1 77 47 62 0 3 0 0.00 0.0 M 7.4 21 160 M M 2 28 170
2 78 58 68 5 0 3 T 0.0 M 7.0 16 170 M M 5 22 170
3 80 55 68 5 0 3 0.00 0.0 M 7.3 22 10 M M 6 12 30 360
4 66 40 53 -10 12 0 0.56 0.0 M 8.3 24 10 M M 6 1 35 10
5 73 36 55 -9 10 0 0.00 0.0 M 2.1 9 80 M M 2 13 100
6 75 44 60 -4 5 0 0.00 0.0 M 4.0 20 10 M M 0 27 10
7 73 40 57 -7 8 0 0.06 0.0 M 6.6 18 130 M M 4 3 26 130
8 85 59 72 8 0 7 0.00 0.0 M 11.9 24 170 M M 1 36 170
9 77 52 65 0 0 0 0.00 0.0 M 11.2 21 10 M M 8 30 180
10 60 47 54 -11 11 0 0.10 0.0 M 8.6 18 10 M M 7 1 26 20
11 62 44 53 -12 12 0 0.01 0.0 M 6.9 18 50 M M 7 29 50
12 67 43 55 -11 10 0 0.00 0.0 M 6.8 14 60 M M 7 20 20
13 73 38 56 -10 9 0 0.00 0.0 M 2.1 10 90 M M 0 16 80
14 76 41 59 -7 6 0 0.08 0.0 M 4.4 22 170 M M 4 1 32 160
15 75 52 64 -3 1 0 0.40 0.0 M 4.8 15 360 M M 7 13 25 360
16 77 62 70 3 0 5 2.88 0.0 M 7.1 18 20 M M 7 18 29 80
17 77 60 69 2 0 4 0.23 0.0 M 3.0 12 20 M M 7 1 15 360
18 79 62 71 3 0 6 0.00 0.0 M 6.0 16 170 M M 7 1 22 140
19 71 61 66 -2 0 1 0.41 0.0 M 3.5 10 70 M M 8 1 17 90
20 73 63 68 0 0 3 0.43 0.0 M 5.2 15 160 M M 9 1 22 120
21 77 67 72 3 0 7 0.01 0.0 M 9.6 16 150 M M 10 18 23 130
22 77 65 71 2 0 6 0.09 0.0 M 6.4 18 170 M M 7 1 28 160
23 73 64 69 0 0 4 0.13 0.0 M 2.7 12 190 M M 8 1 20 220
24 77 64 71 1 0 6 0.05 0.0 M 3.6 15 170 M M 7 12 21 150
25 77 61 69 -1 0 4 0.05 0.0 M 5.4 20 160 M M 6 123 26 170
26 82 61 72 2 0 7 0.00 0.0 M 5.0 14 120 M M 7 12 19 120
27 80 63 72 1 0 7 1.38 0.0 M 4.7 13 110 M M 7 13 24 270
28 70 53 62 -9 3 0 0.00 0.0 M 6.6 17 40 M M 1 25 10
29 64 50 57 -14 8 0 0.00 0.0 M 6.9 15 60 M M 4 23 20
30 72 47 60 -12 5 0 0.00 0.0 M 2.8 12 140 M M 4 18 18 180
31 66 56 61 -11 4 0 0.50 0.0 M 4.0 12 80 M M 8 1 16 80
================================================================================
SM 2289 1655 107 73 7.37 0.0 181.9 M 173
================================================================================
AV 73.8 53.4 5.9 FASTST M M 6 MAX(MPH)
MISC ----> # 24 10 36 170
================================================================================
NOTES:
# LAST OF SEVERAL OCCURRENCES
COLUMN 17 PEAK WIND IN M.P.H.
PRELIMINARY LOCAL CLIMATOLOGICAL DATA (WS FORM: F-6) , PAGE 2
STATION: BARTLESVILLE OKLAHOMA
MONTH: MAY
YEAR: 2021
LATITUDE: 36 45 N
LONGITUDE: 96 0 W
[TEMPERATURE DATA] [PRECIPITATION DATA] SYMBOLS USED IN COLUMN 16
AVERAGE MONTHLY: 63.6 TOTAL FOR MONTH: 7.37 1 = FOG OR MIST
DPTR FM NORMAL: -3.5 DPTR FM NORMAL: 1.69 2 = FOG REDUCING VISIBILITY
HIGHEST: 85 ON 8 GRTST 24HR 3.11 ON 16-17 TO 1/4 MILE OR LESS
LOWEST: 36 ON 5 3 = THUNDER
SNOW, ICE PELLETS, HAIL 4 = ICE PELLETS
TOTAL MONTH: 0.0 INCH 5 = HAIL
GRTST 24HR 0.0 6 = FREEZING RAIN OR DRIZZLE
GRTST DEPTH: M ON M 7 = DUSTSTORM OR SANDSTORM:
VSBY 1/2 MILE OR LESS
8 = SMOKE OR HAZE
[NO. OF DAYS WITH] [WEATHER - DAYS WITH] 9 = BLOWING SNOW
X = TORNADO
MAX 32 OR BELOW: 0 0.01 INCH OR MORE: 17
MAX 90 OR ABOVE: 0 0.10 INCH OR MORE: 10
MIN 32 OR BELOW: 0 0.50 INCH OR MORE: 4
MIN 0 OR BELOW: 0 1.00 INCH OR MORE: 2
[HDD (BASE 65) ]
TOTAL THIS MO. 107 CLEAR (SCALE 0-3) 6
DPTR FM NORMAL 39 PTCLDY (SCALE 4-7) 21
TOTAL FM JUL 1 4183 CLOUDY (SCALE 8-10) 4
DPTR FM NORMAL 51
[CDD (BASE 65) ]
TOTAL THIS MO. 73
DPTR FM NORMAL -59 [PRESSURE DATA]
TOTAL FM JAN 1 102 HIGHEST SLP 30.39 ON 13
DPTR FM NORMAL -70 LOWEST SLP 29.48 ON 2
[REMARKS]
#FINAL-05-21#