000
CXUS54 KTSA 010840
CF6BVO
PRELIMINARY LOCAL CLIMATOLOGICAL DATA (WS FORM: F-6)
STATION: BARTLESVILLE OKLAHOMA
MONTH: APRIL
YEAR: 2020
LATITUDE: 36 45 N
LONGITUDE: 96 0 W
TEMPERATURE IN F: :PCPN: SNOW: WIND :SUNSHINE: SKY :PK WND
================================================================================
1 2 3 4 5 6A 6B 7 8 9 10 11 12 13 14 15 16 17 18
12Z AVG MX 2MIN
DY MAX MIN AVG DEP HDD CDD WTR SNW DPTH SPD SPD DIR MIN PSBL S-S WX SPD DR
================================================================================
1 71 41 56 2 9 0 0.00 0.0 0 9.1 23 160 M M 0 1 31 150
2 75 55 65 11 0 0 0.00 0.0 0 15.5 35 170 M M 3 47 160
3 55 33 44 -11 21 0 0.10 0.0 0 9.5 16 20 M M 10 1 26 360
4 41 33 37 -18 28 0 0.00 0.0 0 7.4 16 20 M M 10 18 23 30
5 61 41 51 -4 14 0 0.00 0.0 0 3.7 14 150 M M 7 18 18 150
6 73 56 65 9 0 0 0.00 0.0 0 9.6 21 190 M M 9 32 210
7 88 55 72 16 0 7 0.00 0.0 0 7.3 16 210 M M 2 26 210
8 88 48 68 12 0 3 0.00 0.0 0 5.1 23 360 M M 0 18 34 360
9 67 43 55 -2 10 0 0.00 0.0 0 10.5 22 10 M M 1 8 31 20
10 62 33 48 -9 17 0 0.00 0.0 0 6.4 16 10 M M 0 24 10
11 75 49 62 5 3 0 T 0.0 0 12.7 24 170 M M 5 39 200
12 68 36 52 -6 13 0 T 0.0 0 10.5 29 170 M M 8 13 42 170
13 47 33 40 -18 25 0 0.00 0.0 0 9.0 22 10 M M 9 33 20
14 53 34 44 -14 21 0 0.00 0.0 0 3.4 10 210 M M 7 16 220
15 65 36 51 -8 14 0 0.00 0.0 0 6.5 14 240 M M 2 23 230
16 72 34 53 -6 12 0 0.06 0.0 0 10.7 30 160 M M 1 3 38 180
17 55 30 43 -16 22 0 0.04 0.0 0 5.8 18 20 M M 7 1 26 10
18 67 27 47 -13 18 0 0.10 0.0 0 5.9 18 160 M M 1 1 27 160
19 72 46 59 -1 6 0 0.02 0.0 0 3.8 16 60 M M 4 13 26 40
20 81 41 61 1 4 0 0.00 0.0 0 2.8 15 270 M M 1 1 27 250
21 78 39 59 -2 6 0 0.00 0.0 0 3.0 12 70 M M 1 19 80
22 64 50 57 -4 8 0 1.53 0.0 0 4.1 18 30 M M 7 13 25 130
23 81 54 68 7 0 3 0.11 0.0 0 2.8 12 10 M M 4 1 17 30
24 78 55 67 5 0 2 0.48 0.0 0 7.4 31 170 M M 5 13 41 220
25 74 46 60 -2 5 0 0.00 0.0 0 2.7 14 360 M M 2 24 360
26 78 41 60 -2 5 0 0.00 0.0 0 2.8 18 160 M M 1 1 23 170
27 70 52 61 -1 4 0 0.02 0.0 0 7.9 25 210 M M 4 3 43 210
28 80 54 67 4 0 2 1.20 0.0 0 7.9 32 30 M M 2 123 51 20
29 71 49 60 -3 5 0 0.00 0.0 0 3.8 16 360 M M 2 33 360
30 78 46 62 -1 3 0 0.00 0.0 0 2.0 8 250 M M 0 14 250
================================================================================
SM 2088 1290 273 17 3.66 0.0 199.6 M 115
================================================================================
AV 69.6 43.0 6.7 FASTST M M 4 MAX(MPH)
MISC ----> # 35 170 # 51 20
================================================================================
NOTES:
# LAST OF SEVERAL OCCURRENCES
COLUMN 17 PEAK WIND IN M.P.H.
PRELIMINARY LOCAL CLIMATOLOGICAL DATA (WS FORM: F-6) , PAGE 2
STATION: BARTLESVILLE OKLAHOMA
MONTH: APRIL
YEAR: 2020
LATITUDE: 36 45 N
LONGITUDE: 96 0 W
[TEMPERATURE DATA] [PRECIPITATION DATA] SYMBOLS USED IN COLUMN 16
AVERAGE MONTHLY: 56.3 TOTAL FOR MONTH: 3.66 1 = FOG OR MIST
DPTR FM NORMAL: -2.5 DPTR FM NORMAL: -0.32 2 = FOG REDUCING VISIBILITY
HIGHEST: 88 ON 8, 7 GRTST 24HR 1.53 ON 22-22 TO 1/4 MILE OR LESS
LOWEST: 27 ON 18 3 = THUNDER
SNOW, ICE PELLETS, HAIL 4 = ICE PELLETS
TOTAL MONTH: 0.0 INCH 5 = HAIL
GRTST 24HR 0.0 6 = FREEZING RAIN OR DRIZZLE
GRTST DEPTH: 0 7 = DUSTSTORM OR SANDSTORM:
VSBY 1/2 MILE OR LESS
8 = SMOKE OR HAZE
[NO. OF DAYS WITH] [WEATHER - DAYS WITH] 9 = BLOWING SNOW
X = TORNADO
MAX 32 OR BELOW: 0 0.01 INCH OR MORE: 10
MAX 90 OR ABOVE: 0 0.10 INCH OR MORE: 6
MIN 32 OR BELOW: 2 0.50 INCH OR MORE: 2
MIN 0 OR BELOW: 0 1.00 INCH OR MORE: 2
[HDD (BASE 65) ]
TOTAL THIS MO. 273 CLEAR (SCALE 0-3) 16
DPTR FM NORMAL 46 PTCLDY (SCALE 4-7) 9
TOTAL FM JUL 1 3779 CLOUDY (SCALE 8-10) 5
DPTR FM NORMAL -234
[CDD (BASE 65) ]
TOTAL THIS MO. 17
DPTR FM NORMAL -22 [PRESSURE DATA]
TOTAL FM JAN 1 41 HIGHEST SLP 30.39 ON 14
DPTR FM NORMAL -4 LOWEST SLP 29.43 ON 12
[REMARKS]
#FINAL-04-20#