000
CXUS55 KPIH 031340
CF6BYI
PRELIMINARY LOCAL CLIMATOLOGICAL DATA (WS FORM: F-6)
STATION: BURLEY
MONTH: AUGUST
YEAR: 2022
LATITUDE: 42 32 N
LONGITUDE: 113 46 W
TEMPERATURE IN F: :PCPN: SNOW: WIND :SUNSHINE: SKY :PK WND
================================================================================
1 2 3 4 5 6A 6B 7 8 9 10 11 12 13 14 15 16 17 18
12Z AVG MX 2MIN
DY MAX MIN AVG DEP HDD CDD WTR SNW DPTH SPD SPD DIR MIN PSBL S-S WX SPD DR
================================================================================
1 95 60 78 5 0 13 T M M 8.2 30 120 M M 1 8 50 110
2 83 65 74 1 0 9 T M M 11.5 22 260 M M 2 31 260
3 90 60 75 2 0 10 0.00 M M 4.8 13 220 M M 0 19 260
4 91 58 75 2 0 10 0.00 M M 4.8 23 200 M M 0 30 190
5 77 64 71 -1 0 6 0.16 M M 4.7 15 250 M M 8 13 21 250
6 80 62 71 -1 0 6 0.02 M M 9.3 18 210 M M 3 26 200
7 87 52 70 -2 0 5 0.00 M M 5.7 17 200 M M 0 23 190
8 93 50 72 0 0 7 0.00 M M 3.5 9 90 M M 0 14 90
9 97 52 75 3 0 10 0.00 M M 5.1 20 250 M M 0 28 260
10 85 66 76 4 0 11 0.04 M M 6.0 18 270 M M 4 28 240
11 92 61 77 6 0 12 0.00 M M 3.8 10 70 M M 0 16 60
12 96 66 81 10 0 16 0.00 M M 5.8 17 210 M M 0 23 210
13 92 65 79 8 0 14 0.00 M M 7.6 21 210 M M 0 29 200
14 89 60 75 4 0 10 0.00 M M 6.1 16 200 M M 0 23 210
15 93 53 73 3 0 8 0.00 M M 3.6 13 180 M M 0 18 190
16 96 52 74 4 0 9 0.00 M M 2.2 7 10 M M 0 11 30
17 98 52 75 5 0 10 0.00 M M 2.6 8 220 M M 0 14 340
18 89 56 73 3 0 8 0.00 M M 4.6 13 260 M M 0 20 310
19 85 61 73 4 0 8 0.02 M M 8.1 26 200 M M 2 3 36 190
20 87 60 74 5 0 9 T M M 4.6 14 90 M M 2 19 80
21 90 56 73 4 0 8 0.00 M M 3.1 13 10 M M 0 18 340
22 93 60 77 9 0 12 0.00 M M 8.2 22 200 M M 0 29 210
23 92 54 73 5 0 8 0.00 M M 2.8 10 30 M M 0 15 350
24 89 54 72 4 0 7 0.00 M M 3.6 17 220 M M 0 24 200
25 92 55 74 6 0 9 0.00 M M 5.4 20 210 M M M 27 200
26 89 M M M M M 0.00 M M 6.4 14 310 M M 0 23 340
27 84 53 69 2 0 4 0.00 M M 9.3 22 250 M M 0 33 300
28 79 55 67 0 0 2 0.00 M M 11.4 18 260 M M 0 27 250
29 86 47 67 1 0 2 0.00 M M 2.8 9 190 M M 0 13 330
30 94 48 71 5 0 6 0.00 M M 3.5 13 60 M M 0 17 50
31 99 53 76 10 0 11 0.00 M M 5.0 13 200 M M 0 16 60
================================================================================
SM 2782 1710 0 260 0.24 M 174.1 M 22
================================================================================
AV 89.7 57.0 5.6 FASTST M M 1 MAX(MPH)
MISC ----> 30 120 50 110
================================================================================
NOTES:
# LAST OF SEVERAL OCCURRENCES
COLUMN 17 PEAK WIND IN M.P.H.
6TH: SENSOR OFF LINE IN EARLY MORNING INVALIDATING MINIMUM
TEMPERATURES AND REPORTED AS MISSING.
PRELIMINARY LOCAL CLIMATOLOGICAL DATA (WS FORM: F-6) , PAGE 2
STATION: BURLEY
MONTH: AUGUST
YEAR: 2022
LATITUDE: 42 32 N
LONGITUDE: 113 46 W
[TEMPERATURE DATA] [PRECIPITATION DATA] SYMBOLS USED IN COLUMN 16
AVERAGE MONTHLY: 73.4 TOTAL FOR MONTH: 0.24 1 = FOG OR MIST
DPTR FM NORMAL: 3.5 DPTR FM NORMAL: -0.16 2 = FOG REDUCING VISIBILITY
HIGHEST: 99 ON 31 GRTST 24HR 0.18 ON 5- 6 TO 1/4 MILE OR LESS
LOWEST: 47 ON 29 3 = THUNDER
SNOW, ICE PELLETS, HAIL 4 = ICE PELLETS
TOTAL MONTH: M 5 = HAIL
GRTST 24HR M ON M 6 = FREEZING RAIN OR DRIZZLE
GRTST DEPTH: M ON M 7 = DUSTSTORM OR SANDSTORM:
VSBY 1/2 MILE OR LESS
8 = SMOKE OR HAZE
[NO. OF DAYS WITH] [WEATHER - DAYS WITH] 9 = BLOWING SNOW
X = TORNADO
MAX 32 OR BELOW: 0 0.01 INCH OR MORE: 4
MAX 90 OR ABOVE: 17 0.10 INCH OR MORE: 1
MIN 32 OR BELOW: 0 0.50 INCH OR MORE: 0
MIN 0 OR BELOW: 0 1.00 INCH OR MORE: 0
[HDD (BASE 65) ]
TOTAL THIS MO. 0 CLEAR (SCALE 0-3) 27
DPTR FM NORMAL -22 PTCLDY (SCALE 4-7) 2
TOTAL FM JUL 1 0 CLOUDY (SCALE 8-10) 2
DPTR FM NORMAL -29
[CDD (BASE 65) ]
TOTAL THIS MO. 260
DPTR FM NORMAL 86 [PRESSURE DATA]
TOTAL FM JAN 1 576 HIGHEST SLP 30.13 ON 30
DPTR FM NORMAL 119 LOWEST SLP 29.69 ON 27
[REMARKS]
31ST: HIGH OF 99 BREAKS PREVIOUS RECORD OF 96 SET IN 1955.
#FINAL-08-22#