000
CXUS54 KHGX 012158
CF6BYY
PRELIMINARY LOCAL CLIMATOLOGICAL DATA (WS FORM: F-6)
STATION: Bay City
MONTH: JUNE
YEAR: 2021
LATITUDE: 28 58 N
LONGITUDE: 95 52 W
TEMPERATURE IN F: :PCPN: SNOW: WIND :SUNSHINE: SKY :PK WND
================================================================================
1 2 3 4 5 6A 6B 7 8 9 10 11 12 13 14 15 16 17 18
12Z AVG MX 2MIN
DY MAX MIN AVG DEP HDD CDD WTR SNW DPTH SPD SPD DIR MIN PSBL S-S WX SPD DR
================================================================================
1 M M M M M M M M M M M M M M M M M
2 M M M M M M M M 0 M M M M M M M M
3 M M M M M M M M M M M M M M M M M
4 M M M M M M M M M M M M M M M M M
5 M M M M M M M M M M M M M M M M M
6 M M M M M M M M M M M M M M M M M
7 M M M M M M M M M M M M M M M M M
8 M M M M M M M M M M M M M M M M M
9 M M M M M M M M M M M M M M M M M
10 M M M M M M M M M M M M M M M M M
11 M M M M M M M M M M M M M M M M M
12 M M M M M M M M M M M M M M M M M
13 M M M M M M M M M M M M M M M M M
14 94 75 85 M 0 20 M 0.0 0 6.4 27 180 M M 1 30 180
15 92 72 82 M 0 17 0.04 0.0 0 4.1 9 60 M M 2 38 39 130
16 92 69 81 M 0 16 0.00 0.0 0 3.9 9 10 M M 2 20 170
17 93 74 84 M 0 19 0.00 0.0 0 6.0 14 40 M M 2 1 22 30
18 91 68 80 M 0 15 0.00 0.0 0 4.3 10 50 M M 1 M M
19 91 73 82 M 0 17 0.00 0.0 0 4.6 13 180 M M 2 20 180
20 88 75 82 M 0 17 0.50 0.0 0 8.3 17 200 M M 4 31 200
21 90 80 85 M 0 20 T 0.0 0 12.8 21 170 M M 7 25 170
22 89 73 81 M 0 16 0.27 0.0 0 5.8 12 130 M M 2 1 M M
23 91 75 83 M 0 18 0.08 0.0 0 6.3 15 190 M M 2 18 17 210
24 90 78 84 M 0 19 0.00 0.0 0 7.9 16 170 M M 5 1 21 170
25 90 80 85 M 0 20 0.00 0.0 0 9.8 16 190 M M 4 21 180
26 90 79 85 M 0 20 0.00 0.0 0 9.8 16 190 M M 3 23 170
27 90 76 83 M 0 18 0.25 0.0 0 6.6 14 350 M M 4 18 120
28 80 74 77 M 0 12 0.25 0.0 0 4.5 8 110 M M 6 M M
29 86 74 80 M 0 15 0.84 0.0 0 5.8 12 140 M M 3 16 170
30 88 75 82 M 0 17 0.09 0.0 0 3.7 15 150 M M 4 1 18 320
================================================================================
SM 1525 1270 0 296 2.32 0.0 110.6 M 54
================================================================================
AV 89.7 74.7 6.5 FASTST M M 3 MAX(MPH)
MISC ----> 27 180 39 130
================================================================================
NOTES:
# LAST OF SEVERAL OCCURRENCES
COLUMN 17 PEAK WIND IN M.P.H.
PRELIMINARY LOCAL CLIMATOLOGICAL DATA (WS FORM: F-6) , PAGE 2
STATION: Bay City
MONTH: JUNE
YEAR: 2021
LATITUDE: 28 58 N
LONGITUDE: 95 52 W
[TEMPERATURE DATA] [PRECIPITATION DATA] SYMBOLS USED IN COLUMN 16
AVERAGE MONTHLY: 82.2 TOTAL FOR MONTH: 2.32 1 = FOG OR MIST
DPTR FM NORMAL: 0.0 DPTR FM NORMAL: M 2 = FOG REDUCING VISIBILITY
HIGHEST: 94 ON 14 GRTST 24HR 0.84 ON 29-29 TO 1/4 MILE OR LESS
LOWEST: 68 ON 18 3 = THUNDER
SNOW, ICE PELLETS, HAIL 4 = ICE PELLETS
TOTAL MONTH: 0.0 INCH 5 = HAIL
GRTST 24HR 0.0 6 = FREEZING RAIN OR DRIZZLE
GRTST DEPTH: 0 7 = DUSTSTORM OR SANDSTORM:
VSBY 1/2 MILE OR LESS
8 = SMOKE OR HAZE
[NO. OF DAYS WITH] [WEATHER - DAYS WITH] 9 = BLOWING SNOW
X = TORNADO
MAX 32 OR BELOW: 0 0.01 INCH OR MORE: 8
MAX 90 OR ABOVE: 12 0.10 INCH OR MORE: 5
MIN 32 OR BELOW: 0 0.50 INCH OR MORE: 2
MIN 0 OR BELOW: 0 1.00 INCH OR MORE: 0
[HDD (BASE 65) ]
TOTAL THIS MO. 0 CLEAR (SCALE 0-3) 10
DPTR FM NORMAL M PTCLDY (SCALE 4-7) 7
TOTAL FM JUL 1 1220 CLOUDY (SCALE 8-10) 13
DPTR FM NORMAL M
[CDD (BASE 65) ]
TOTAL THIS MO. 296
DPTR FM NORMAL M [PRESSURE DATA]
TOTAL FM JAN 1 613 HIGHEST SLP M ON M
DPTR FM NORMAL M LOWEST SLP M ON M
[REMARKS]
#FINAL-06-21#