000
CXUS55 KABQ 011110
CF6CAO
PRELIMINARY LOCAL CLIMATOLOGICAL DATA (WS FORM: F-6)
STATION: CLAYTON NM
MONTH: JANUARY
YEAR: 2022
LATITUDE: 36 27 N
LONGITUDE: 103 9 W
TEMPERATURE IN F: :PCPN: SNOW: WIND :SUNSHINE: SKY :PK WND
================================================================================
1 2 3 4 5 6A 6B 7 8 9 10 11 12 13 14 15 16 17 18
12Z AVG MX 2MIN
DY MAX MIN AVG DEP HDD CDD WTR SNW DPTH SPD SPD DIR MIN PSBL S-S WX SPD DR
================================================================================
1 20 2 11 -24 54 0 0.08 1.2 1 18.7 31 360 M M 8 18 43 360
2 40 -1 20 -15 45 0 0.00 0.0 0 9.7 16 270 M M 0 22 270
3 56 21 39 4 26 0 0.00 0.0 0 12.3 24 270 M M 0 34 260
4 60 33 47 12 18 0 0.00 0.0 0 13.8 31 260 M M 0 44 260
5 44 12 28 -7 37 0 0.00 0.0 0 12.9 30 20 M M 0 41 20
6 22 5 14 -21 51 0 T T T 14.0 24 200 M M 4 33 10
7 69 16 43 8 22 0 0.00 0.0 0 12.8 23 250 M M 0 34 260
8 66 33 50 15 15 0 0.00 0.0 0 12.0 29 20 M M 1 40 20
9 42 26 34 -1 31 0 0.00 0.0 0 11.2 21 30 M M 3 27 30
10 53 22 38 3 27 0 0.00 0.0 0 8.8 16 260 M M 0 24 260
11 62 27 45 10 20 0 0.00 0.0 0 10.8 20 250 M M 0 27 260
12 61 21 41 6 24 0 0.00 0.0 0 8.6 22 40 M M 0 27 20
13 61 37 49 14 16 0 0.00 0.0 0 10.1 18 240 M M 0 26 250
14 57 26 42 6 23 0 0.00 0.0 0 27.1 44 360 M M 1 60 360
15 41 19 30 -6 35 0 0.00 0.0 0 14.2 28 350 M M 0 37 350
16 60 31 46 10 19 0 0.00 0.0 0 10.5 17 20 M M 0 23 20
17 64 19 42 6 23 0 0.00 0.0 0 9.0 18 200 M M 0 24 220
18 64 35 50 14 15 0 0.00 0.0 0 8.2 15 10 M M 0 20 10
19 39 15 27 -9 38 0 T T 0 19.8 31 20 M M 7 1 40 20
20 33 11 22 -14 43 0 0.02 0.5 1 10.1 17 200 M M 5 1 25 230
21 48 15 32 -4 33 0 0.00 0.0 0 11.3 21 20 M M 1 27 20
22 43 26 35 -1 30 0 T T 0 9.9 18 270 M M 6 1 25 260
23 51 26 39 3 26 0 0.00 0.0 0 10.0 16 180 M M 0 21 180
24 52 31 42 6 23 0 0.00 0.0 0 13.4 28 20 M M 3 36 10
25 36 19 28 -8 37 0 0.01 T 0 9.8 23 160 M M 6 1 31 170
26 37 19 28 -8 37 0 0.06 0.9 1 10.4 23 220 M M 5 1 34 240
27 37 19 28 -8 37 0 0.02 0.3 0 12.9 23 30 M M 5 1 29 30
28 49 14 32 -4 33 0 0.00 0.0 0 10.7 17 310 M M 0 23 260
29 64 27 46 10 19 0 0.00 0.0 0 8.9 18 270 M M 0 27 260
30 56 21 39 3 26 0 0.00 0.0 0 7.7 16 150 M M 0 21 160
31 65 19 42 6 23 0 0.00 0.0 0 11.6 24 190 M M 0 31 200
================================================================================
SM 1552 646 906 0 0.19 2.9 371.2 M 55
================================================================================
AV 50.1 20.8 12.0 FASTST M M 2 MAX(MPH)
MISC ----> 44 360 60 360
================================================================================
NOTES:
# LAST OF SEVERAL OCCURRENCES
COLUMN 17 PEAK WIND IN M.P.H.
PRELIMINARY LOCAL CLIMATOLOGICAL DATA (WS FORM: F-6) , PAGE 2
STATION: CLAYTON NM
MONTH: JANUARY
YEAR: 2022
LATITUDE: 36 27 N
LONGITUDE: 103 9 W
[TEMPERATURE DATA] [PRECIPITATION DATA] SYMBOLS USED IN COLUMN 16
AVERAGE MONTHLY: 35.5 TOTAL FOR MONTH: 0.19 1 = FOG OR MIST
DPTR FM NORMAL: 0.0 DPTR FM NORMAL: -0.14 2 = FOG REDUCING VISIBILITY
HIGHEST: 69 ON 7 GRTST 24HR 0.08 ON 1- 1 TO 1/4 MILE OR LESS
LOWEST: -1 ON 2 3 = THUNDER
SNOW, ICE PELLETS, HAIL 4 = ICE PELLETS
TOTAL MONTH: 2.9 INCHES 5 = HAIL
GRTST 24HR 1.2 ON 1- 1 6 = FREEZING RAIN OR DRIZZLE
GRTST DEPTH: 1 ON 26,20 7 = DUSTSTORM OR SANDSTORM:
VSBY 1/2 MILE OR LESS
8 = SMOKE OR HAZE
[NO. OF DAYS WITH] [WEATHER - DAYS WITH] 9 = BLOWING SNOW
X = TORNADO
MAX 32 OR BELOW: 2 0.01 INCH OR MORE: 5
MAX 90 OR ABOVE: 0 0.10 INCH OR MORE: 0
MIN 32 OR BELOW: 27 0.50 INCH OR MORE: 0
MIN 0 OR BELOW: 1 1.00 INCH OR MORE: 0
[HDD (BASE 65) ]
TOTAL THIS MO. 906 CLEAR (SCALE 0-3) 23
DPTR FM NORMAL -10 PTCLDY (SCALE 4-7) 8
TOTAL FM JUL 1 2324 CLOUDY (SCALE 8-10) 0
DPTR FM NORMAL -556
[CDD (BASE 65) ]
TOTAL THIS MO. 0
DPTR FM NORMAL 0 [PRESSURE DATA]
TOTAL FM JAN 1 0 HIGHEST SLP 30.69 ON 10
DPTR FM NORMAL 0 LOWEST SLP 29.50 ON 8
[REMARKS]
#FINAL-01-22#