000
CXUS55 KABQ 011049
CF6CAO
PRELIMINARY LOCAL CLIMATOLOGICAL DATA (WS FORM: F-6)
STATION: CLAYTON NM
MONTH: JULY
YEAR: 2021
LATITUDE: 36 27 N
LONGITUDE: 103 9 W
TEMPERATURE IN F: :PCPN: SNOW: WIND :SUNSHINE: SKY :PK WND
================================================================================
1 2 3 4 5 6A 6B 7 8 9 10 11 12 13 14 15 16 17 18
12Z AVG MX 2MIN
DY MAX MIN AVG DEP HDD CDD WTR SNW DPTH SPD SPD DIR MIN PSBL S-S WX SPD DR
================================================================================
1 84 63 74 -1 0 9 0.18 0.0 0 10.0 20 20 M M 7 13 34 200
2 79 61 70 -5 0 5 0.07 0.0 0 8.1 16 130 M M 9 12 20 130
3 85 60 73 -2 0 8 0.00 0.0 0 11.6 22 190 M M 3 1 30 180
4 91 63 77 2 0 12 0.37 0.0 0 9.8 25 110 M M 3 13 37 110
5 84 59 72 -3 0 7 0.00 0.0 0 9.7 18 140 M M 2 24 140
6 83 62 73 -2 0 8 0.67 0.0 0 10.1 24 150 M M 5 13 35 150
7 83 59 71 -4 0 6 0.00 0.0 0 7.7 16 70 M M 3 24 70
8 89 61 75 0 0 10 0.00 0.0 0 11.7 20 190 M M 0 30 180
9 97 64 81 5 0 16 0.00 0.0 0 15.7 26 180 M M 0 34 180
10 87 63 75 -1 0 10 0.00 0.0 0 16.4 32 360 M M 1 47 360
11 81 58 70 -6 0 5 0.00 0.0 0 6.7 17 120 M M 5 23 120
12 89 61 75 -1 0 10 0.00 0.0 0 10.6 22 170 M M 2 3 29 170
13 90 64 77 1 0 12 0.00 0.0 0 17.4 31 190 M M 0 43 190
14 93 63 78 2 0 13 0.67 0.0 0 16.3 31 200 M M 3 13 44 350
15 81 63 72 -4 0 7 T 0.0 0 8.8 17 260 M M 3 3 24 250
16 87 60 74 -2 0 9 0.00 0.0 0 8.4 20 140 M M 0 3 27 150
17 90 60 75 -1 0 10 T 0.0 0 6.9 30 120 M M 2 3 38 130
18 87 60 74 -2 0 9 T 0.0 0 8.3 36 60 M M 2 3 50 30
19 84 56 70 -6 0 5 0.00 0.0 0 6.4 16 130 M M 1 24 120
20 84 60 72 -4 0 7 0.00 0.0 0 9.7 20 140 M M 1 28 130
21 86 59 73 -3 0 8 0.00 0.0 0 16.4 26 200 M M 0 42 200
22 88 61 75 -1 0 10 0.00 0.0 0 16.5 29 180 M M 1 38 180
23 90 60 75 -1 0 10 0.00 0.0 0 13.3 23 170 M M 0 32 180
24 91 61 76 0 0 11 0.00 0.0 0 7.5 15 160 M M 2 22 160
25 94 64 79 3 0 14 0.03 0.0 0 10.1 26 200 M M 2 3 34 200
26 90 60 75 0 0 10 0.71 0.0 0 12.9 29 180 M M 3 13 42 280
27 89 61 75 0 0 10 0.00 0.0 0 9.4 20 180 M M 0 25 170
28 93 64 79 4 0 14 0.00 0.0 0 13.2 23 160 M M 0 33 180
29 89 64 77 2 0 12 0.00 0.0 0 12.4 23 200 M M 0 32 190
30 91 63 77 2 0 12 0.00 0.0 0 12.9 25 190 M M 0 42 200
31 89 62 76 1 0 11 0.67 0.0 0 13.6 33 100 M M 3 138 43 100
================================================================================
SM 2718 1899 0 300 3.37 0.0 348.5 M 63
================================================================================
AV 87.7 61.3 11.2 FASTST M M 2 MAX(MPH)
MISC ----> 36 60 50 30
================================================================================
NOTES:
# LAST OF SEVERAL OCCURRENCES
COLUMN 17 PEAK WIND IN M.P.H.
PRELIMINARY LOCAL CLIMATOLOGICAL DATA (WS FORM: F-6) , PAGE 2
STATION: CLAYTON NM
MONTH: JULY
YEAR: 2021
LATITUDE: 36 27 N
LONGITUDE: 103 9 W
[TEMPERATURE DATA] [PRECIPITATION DATA] SYMBOLS USED IN COLUMN 16
AVERAGE MONTHLY: 74.5 TOTAL FOR MONTH: 3.37 1 = FOG OR MIST
DPTR FM NORMAL: -0.9 DPTR FM NORMAL: 0.56 2 = FOG REDUCING VISIBILITY
HIGHEST: 97 ON 9 GRTST 24HR 0.71 ON 26-26 TO 1/4 MILE OR LESS
LOWEST: 56 ON 19 3 = THUNDER
SNOW, ICE PELLETS, HAIL 4 = ICE PELLETS
TOTAL MONTH: 0.0 INCH 5 = HAIL
GRTST 24HR 0.0 6 = FREEZING RAIN OR DRIZZLE
GRTST DEPTH: 0 7 = DUSTSTORM OR SANDSTORM:
VSBY 1/2 MILE OR LESS
8 = SMOKE OR HAZE
[NO. OF DAYS WITH] [WEATHER - DAYS WITH] 9 = BLOWING SNOW
X = TORNADO
MAX 32 OR BELOW: 0 0.01 INCH OR MORE: 8
MAX 90 OR ABOVE: 11 0.10 INCH OR MORE: 6
MIN 32 OR BELOW: 0 0.50 INCH OR MORE: 4
MIN 0 OR BELOW: 0 1.00 INCH OR MORE: 0
[HDD (BASE 65) ]
TOTAL THIS MO. 0 CLEAR (SCALE 0-3) 25
DPTR FM NORMAL -2 PTCLDY (SCALE 4-7) 5
TOTAL FM JUL 1 0 CLOUDY (SCALE 8-10) 1
DPTR FM NORMAL 0
[CDD (BASE 65) ]
TOTAL THIS MO. 300
DPTR FM NORMAL -24 [PRESSURE DATA]
TOTAL FM JAN 1 610 HIGHEST SLP 30.20 ON 19
DPTR FM NORMAL 22 LOWEST SLP 29.76 ON 4
[REMARKS]
#FINAL-07-21#