000
CXUS51 KCAR 010700
CF6CAR
PRELIMINARY LOCAL CLIMATOLOGICAL DATA (WS FORM: F-6)
STATION: CARIBOU ME
MONTH: APRIL
YEAR: 2022
LATITUDE: 46 52 N
LONGITUDE: 68 1 W
TEMPERATURE IN F: :PCPN: SNOW: WIND :SUNSHINE: SKY :PK WND
================================================================================
1 2 3 4 5 6A 6B 7 8 9 10 11 12 13 14 15 16 17 18
12Z AVG MX 2MIN
DY MAX MIN AVG DEP HDD CDD WTR SNW DPTH SPD SPD DIR MIN PSBL S-S WX SPD DR
================================================================================
1 50 33 42 11 23 0 0.53 0.1 16 5.8 15 310 M M 9 12 24 310
2 37 28 33 1 32 0 0.03 0.2 12 16.4 28 310 M M 5 1 37 310
3 42 21 32 0 33 0 0.00 0.0 12 6.3 13 330 M M 3 17 330
4 42 27 35 2 30 0 0.00 0.0 11 11.2 21 360 M M 3 28 340
5 43 22 33 0 32 0 0.00 0.0 9 7.1 15 330 M M 0 21 300
6 46 17 32 -2 33 0 0.00 0.0 7 4.0 13 10 M M 0 15 360
7 48 21 35 1 30 0 T T 6 5.3 13 100 M M 3 18 110
8 39 33 36 1 29 0 0.62 0.8 5 5.9 20 90 M M 10 124 26 100
9 52 35 44 9 21 0 0.15 0.0 3 3.1 16 180 M M 8 1 24 190
10 40 35 38 2 27 0 0.24 0.0 2 5.5 14 330 M M 10 12 19 330
11 47 33 40 4 25 0 0.00 0.0 1 8.8 21 330 M M 3 26 330
12 49 29 39 2 26 0 0.12 0.0 T 1.9 23 330 M M 6 26 330
13 53 31 42 5 23 0 0.00 0.0 T 3.3 9 340 M M 0 13 350
14 48 32 40 2 25 0 0.09 0.0 T 6.6 13 200 M M 7 1 18 190
15 55 39 47 9 18 0 0.20 0.0 T 5.0 16 220 M M 7 1 25 220
16 51 37 44 5 21 0 0.07 T T 7.0 22 240 M M 8 1 31 230
17 43 34 39 0 26 0 T T T 8.6 22 310 M M 8 31 300
18 51 31 41 1 24 0 0.00 0.0 T 8.3 18 330 M M 1 29 320
19 44 33 39 -1 26 0 0.17 0.1 T 12.0 23 110 M M 7 1 43 240
20 44 31 38 -3 27 0 T T 0 12.1 26 250 M M 8 38 270
21 51 27 39 -2 26 0 0.04 0.0 0 10.6 24 190 M M 3 37 200
22 51 34 43 1 22 0 0.01 0.0 0 11.6 23 330 M M 9 32 330
23 43 28 36 -6 29 0 0.00 0.0 0 12.2 23 340 M M 1 30 330
24 53 28 41 -2 24 0 0.00 0.0 0 9.7 18 360 M M 0 23 10
25 56 29 43 0 22 0 0.00 0.0 0 7.0 16 160 M M 1 21 170
26 55 41 48 4 17 0 0.05 0.0 0 8.9 16 160 M M 7 1 22 160
27 47 38 43 -1 22 0 0.66 0.0 0 9.2 22 360 M M 10 1 30 360
28 38 31 35 -10 30 0 0.29 2.3 1 17.4 26 330 M M 10 35 330
29 38 32 35 -10 30 0 0.16 0.6 1 12.7 20 360 M M 10 1 27 350
30 48 33 41 -5 24 0 0.04 T T 11.4 23 340 M M 10 31 10
================================================================================
SM 1404 923 777 0 3.47 4.1 254.9 M 167
================================================================================
AV 46.8 30.8 8.5 FASTST M M 6 MAX(MPH)
MISC ----> 28 310 43 240
================================================================================
NOTES:
# LAST OF SEVERAL OCCURRENCES
COLUMN 17 PEAK WIND IN M.P.H.
PRELIMINARY LOCAL CLIMATOLOGICAL DATA (WS FORM: F-6) , PAGE 2
STATION: CARIBOU ME
MONTH: APRIL
YEAR: 2022
LATITUDE: 46 52 N
LONGITUDE: 68 1 W
[TEMPERATURE DATA] [PRECIPITATION DATA] SYMBOLS USED IN COLUMN 16
AVERAGE MONTHLY: 38.8 TOTAL FOR MONTH: 3.47 1 = FOG OR MIST
DPTR FM NORMAL: 0.3 DPTR FM NORMAL: 0.48 2 = FOG REDUCING VISIBILITY
HIGHEST: 56 ON 25 GRTST 24HR 0.67 ON 27-28 TO 1/4 MILE OR LESS
LOWEST: 17 ON 6 3 = THUNDER
SNOW, ICE PELLETS, HAIL 4 = ICE PELLETS
TOTAL MONTH: 4.1 INCHES 5 = HAIL
GRTST 24HR 2.3 ON 28-28 6 = FREEZING RAIN OR DRIZZLE
GRTST DEPTH: 17 ON M 7 = DUSTSTORM OR SANDSTORM:
VSBY 1/2 MILE OR LESS
8 = SMOKE OR HAZE
[NO. OF DAYS WITH] [WEATHER - DAYS WITH] 9 = BLOWING SNOW
X = TORNADO
MAX 32 OR BELOW: 0 0.01 INCH OR MORE: 17
MAX 90 OR ABOVE: 0 0.10 INCH OR MORE: 10
MIN 32 OR BELOW: 17 0.50 INCH OR MORE: 3
MIN 0 OR BELOW: 0 1.00 INCH OR MORE: 0
[HDD (BASE 65) ]
TOTAL THIS MO. 777 CLEAR (SCALE 0-3) 9
DPTR FM NORMAL -17 PTCLDY (SCALE 4-7) 13
TOTAL FM JUL 1 8223 CLOUDY (SCALE 8-10) 8
DPTR FM NORMAL -275
[CDD (BASE 65) ]
TOTAL THIS MO. 0
DPTR FM NORMAL 0 [PRESSURE DATA]
TOTAL FM JAN 1 0 HIGHEST SLP 30.55 ON 21
DPTR FM NORMAL 0 LOWEST SLP 29.27 ON 1
[REMARKS]
#FINAL-04-22#