000
CXUS54 KLZK 011230
CF6CCA
PRELIMINARY LOCAL CLIMATOLOGICAL DATA (WS FORM: F-6)
STATION: CLINTON
MONTH: MAY
YEAR: 2023
LATITUDE: 35 32 N
LONGITUDE: 92 22 W
TEMPERATURE IN F: :PCPN: SNOW: WIND :SUNSHINE: SKY :PK WND
================================================================================
1 2 3 4 5 6A 6B 7 8 9 10 11 12 13 14 15 16 17 18
12Z AVG MX 2MIN
DY MAX MIN AVG DEP HDD CDD WTR SNW DPTH SPD SPD DIR MIN PSBL S-S WX SPD DR
================================================================================
1 72 36 54 M 11 0 M M M 5.2 20 290 M M 1 26 290
2 73 36 55 M 10 0 M M M 5.0 18 290 M M 1 30 310
3 77 36 57 M 8 0 M M M 1.5 9 290 M M 0 16 290
4 73 41 57 M 8 0 M M M 1.1 6 230 M M 3 18 12 200
5 68 57 63 M 2 0 M M M 1.6 7 100 M M 10 1 M M
6 86 64 75 M 0 10 M M M 2.3 8 150 M M 7 1 14 99
7 84 68 76 M 0 11 M M M 4.6 10 210 M M 6 1 20 190
8 86 66 76 M 0 11 M M M 3.0 9 210 M M 4 18 18 99
9 86 63 75 M 0 10 M M M 2.0 7 99 M M 3 18 13 99
10 84 64 74 M 0 9 M M M 3.3 9 100 M M 5 18 17 90
11 73 68 71 M 0 6 M M M 2.8 7 110 M M 9 14 120
12 81 70 76 M 0 11 M M M 2.1 7 99 M M 9 1 15 99
13 88 70 79 M 0 14 M M M 2.3 8 160 M M 6 1 15 99
14 86 64 75 M 0 10 M M M 1.0 9 80 M M 2 18 13 110
15 86 64 75 M 0 10 M M M 2.7 10 250 M M 4 1 17 250
16 81 66 74 M 0 9 M M M 2.1 8 310 M M 6 16 99
17 79 64 72 M 0 7 M M M 1.2 6 99 M M 9 12 99
18 82 61 72 M 0 7 M M M 1.5 6 190 M M 2 1 12 99
19 81 57 69 M 0 4 M M M 1.0 8 250 M M 5 18 17 0
20 75 55 65 M 0 0 M M M 5.0 12 310 M M 3 1 17 99
21 75 50 63 M 2 0 M M M 0.9 7 99 M M 1 13 0
22 79 55 67 M 0 2 M M M 1.2 6 99 M M 2 1 17 99
23 81 54 68 M 0 3 M M M 1.6 7 100 M M 3 1 14 100
24 81 57 69 M 0 4 M M M 2.0 10 160 M M 1 1 14 99
25 84 59 72 M 0 7 M M M 1.2 8 80 M M 2 1 15 99
26 82 54 68 M 0 3 M M M 1.3 7 99 M M 1 1 14 99
27 81 48 65 M 0 0 M M M 1.2 7 100 M M 1 13 99
28 82 50 66 M 0 1 M M M 0.8 6 150 M M 1 8 M M
29 84 54 69 M 0 4 M M M 0.7 5 150 M M 0 M M
30 86 57 72 M 0 7 M M M 0.4 5 140 M M 2 18 M M
31 88 59 74 M 0 9 M M M 1.6 7 100 M M 1 18 13 100
================================================================================
SM 2504 1767 41 169 M M 63.9 M 110
================================================================================
AV 80.8 57.0 2.1 FASTST M M 4 MAX(MPH)
MISC ----> 20 290 30 310
================================================================================
NOTES:
# LAST OF SEVERAL OCCURRENCES
COLUMN 17 PEAK WIND IN M.P.H.
PRELIMINARY LOCAL CLIMATOLOGICAL DATA (WS FORM: F-6) , PAGE 2
STATION: CLINTON
MONTH: MAY
YEAR: 2023
LATITUDE: 35 32 N
LONGITUDE: 92 22 W
[TEMPERATURE DATA] [PRECIPITATION DATA] SYMBOLS USED IN COLUMN 16
AVERAGE MONTHLY: 68.9 TOTAL FOR MONTH: M 1 = FOG OR MIST
DPTR FM NORMAL: 0.0 DPTR FM NORMAL: M 2 = FOG REDUCING VISIBILITY
HIGHEST: 88 ON 31,13 GRTST 24HR M ON M TO 1/4 MILE OR LESS
LOWEST: 36 ON 3, 2 3 = THUNDER
SNOW, ICE PELLETS, HAIL 4 = ICE PELLETS
TOTAL MONTH: M 5 = HAIL
GRTST 24HR M ON M 6 = FREEZING RAIN OR DRIZZLE
GRTST DEPTH: M ON M 7 = DUSTSTORM OR SANDSTORM:
VSBY 1/2 MILE OR LESS
8 = SMOKE OR HAZE
[NO. OF DAYS WITH] [WEATHER - DAYS WITH] 9 = BLOWING SNOW
X = TORNADO
MAX 32 OR BELOW: 0 0.01 INCH OR MORE: 0
MAX 90 OR ABOVE: 0 0.10 INCH OR MORE: 0
MIN 32 OR BELOW: 0 0.50 INCH OR MORE: 0
MIN 0 OR BELOW: 0 1.00 INCH OR MORE: 0
[HDD (BASE 65) ]
TOTAL THIS MO. 41 CLEAR (SCALE 0-3) 15
DPTR FM NORMAL M PTCLDY (SCALE 4-7) 12
TOTAL FM JUL 1 3380 CLOUDY (SCALE 8-10) 4
DPTR FM NORMAL M
[CDD (BASE 65) ]
TOTAL THIS MO. 169
DPTR FM NORMAL M [PRESSURE DATA]
TOTAL FM JAN 1 190 HIGHEST SLP M ON M
DPTR FM NORMAL M LOWEST SLP M ON M
[REMARKS]
#FINAL-05-23#