000
CXUS54 KLZK 011130
CF6CCA
PRELIMINARY LOCAL CLIMATOLOGICAL DATA (WS FORM: F-6)
STATION: CLINTON
MONTH: APRIL
YEAR: 2022
LATITUDE: 35 32 N
LONGITUDE: 92 22 W
TEMPERATURE IN F: :PCPN: SNOW: WIND :SUNSHINE: SKY :PK WND
================================================================================
1 2 3 4 5 6A 6B 7 8 9 10 11 12 13 14 15 16 17 18
12Z AVG MX 2MIN
DY MAX MIN AVG DEP HDD CDD WTR SNW DPTH SPD SPD DIR MIN PSBL S-S WX SPD DR
================================================================================
1 63 27 45 M 20 0 M M M 1.4 7 180 M M 1 13 0
2 73 43 58 M 7 0 M M M 3.1 12 290 M M 4 20 290
3 72 36 54 M 11 0 M M M 3.9 12 90 M M 1 16 90
4 59 45 52 M 13 0 M M M 0.7 5 70 M M 6 1 12 0
5 75 54 65 M 0 0 M M M 3.5 8 170 M M 6 1 23 160
6 70 41 56 M 9 0 M M M 7.0 15 290 M M 5 24 280
7 63 36 50 M 15 0 M M M 10.5 22 310 M M 5 36 300
8 48 30 39 M 26 0 M M M 8.4 20 290 M M 8 30 290
9 68 27 48 M 17 0 M M M 2.4 12 220 M M 0 18 220
10 81 36 59 M 6 0 M M M 7.9 22 200 M M 1 30 200
11 70 59 65 M 0 0 M M M 2.4 10 210 M M 9 1 14 210
12 79 61 70 M 0 5 M M M 7.7 17 170 M M 9 1 24 170
13 70 45 58 M 7 0 M M M 6.1 16 320 M M 5 3 25 320
14 68 32 50 M 15 0 M M M 2.3 9 150 M M 1 128 17 160
15 79 37 58 M 7 0 M M M 4.2 15 170 M M 4 12 25 160
16 66 54 60 M 5 0 M M M 3.3 9 20 M M 8 12 17 99
17 59 46 53 M 12 0 M M M 3.6 8 60 M M 10 17 99
18 66 39 53 M 12 0 M M M 6.2 14 320 M M 4 24 350
19 64 32 48 M 17 0 M M M 2.3 12 140 M M 1 8 15 100
20 57 48 53 M 12 0 M M M 1.8 8 110 M M 9 138 18 120
21 77 57 67 M 0 2 M M M 2.2 8 150 M M 10 1 14 180
22 82 59 71 M 0 6 M M M 4.9 12 150 M M 5 1 23 170
23 81 59 70 M 0 5 M M M 5.9 14 210 M M 6 1 25 180
24 81 63 72 M 0 7 M M M 5.2 12 310 M M 7 24 190
25 68 46 57 M 8 0 M M M 4.0 9 360 M M 4 17 99
26 70 43 57 M 8 0 M M M 2.2 9 90 M M 0 17 300
27 72 36 54 M 11 0 M M M 2.3 8 140 M M 2 15 99
28 75 46 61 M 4 0 M M M 2.0 13 150 M M 5 17 150
29 82 55 69 M 0 4 M M M 5.5 17 160 M M 4 26 180
30 79 54 67 M 0 2 M M M 5.8 12 190 M M 6 20 190
================================================================================
SM 2117 1346 242 31 M M 128.7 M 146
================================================================================
AV 70.6 44.9 4.3 FASTST M M 5 MAX(MPH)
MISC ----> # 22 310 36 300
================================================================================
NOTES:
# LAST OF SEVERAL OCCURRENCES
COLUMN 17 PEAK WIND IN M.P.H.
PRELIMINARY LOCAL CLIMATOLOGICAL DATA (WS FORM: F-6) , PAGE 2
STATION: CLINTON
MONTH: APRIL
YEAR: 2022
LATITUDE: 35 32 N
LONGITUDE: 92 22 W
[TEMPERATURE DATA] [PRECIPITATION DATA] SYMBOLS USED IN COLUMN 16
AVERAGE MONTHLY: 57.7 TOTAL FOR MONTH: M 1 = FOG OR MIST
DPTR FM NORMAL: 0.0 DPTR FM NORMAL: M 2 = FOG REDUCING VISIBILITY
HIGHEST: 82 ON 29,22 GRTST 24HR M ON M TO 1/4 MILE OR LESS
LOWEST: 27 ON 1, 9 3 = THUNDER
SNOW, ICE PELLETS, HAIL 4 = ICE PELLETS
TOTAL MONTH: M 5 = HAIL
GRTST 24HR M ON M 6 = FREEZING RAIN OR DRIZZLE
GRTST DEPTH: M ON M 7 = DUSTSTORM OR SANDSTORM:
VSBY 1/2 MILE OR LESS
8 = SMOKE OR HAZE
[NO. OF DAYS WITH] [WEATHER - DAYS WITH] 9 = BLOWING SNOW
X = TORNADO
MAX 32 OR BELOW: 0 0.01 INCH OR MORE: 0
MAX 90 OR ABOVE: 0 0.10 INCH OR MORE: 0
MIN 32 OR BELOW: 5 0.50 INCH OR MORE: 0
MIN 0 OR BELOW: 0 1.00 INCH OR MORE: 0
[HDD (BASE 65) ]
TOTAL THIS MO. 242 CLEAR (SCALE 0-3) 8
DPTR FM NORMAL M PTCLDY (SCALE 4-7) 16
TOTAL FM JUL 1 3417 CLOUDY (SCALE 8-10) 6
DPTR FM NORMAL M
[CDD (BASE 65) ]
TOTAL THIS MO. 31
DPTR FM NORMAL M [PRESSURE DATA]
TOTAL FM JAN 1 31 HIGHEST SLP M ON M
DPTR FM NORMAL M LOWEST SLP M ON M
[REMARKS]
#FINAL-04-22#