727
CXUS54 KLZK 011130
CF6CCA
PRELIMINARY LOCAL CLIMATOLOGICAL DATA (WS FORM: F-6)
STATION: CLINTON
MONTH: MARCH
YEAR: 2021
LATITUDE: 35 32 N
LONGITUDE: 92 22 W
TEMPERATURE IN F: :PCPN: SNOW: WIND :SUNSHINE: SKY :PK WND
================================================================================
1 2 3 4 5 6A 6B 7 8 9 10 11 12 13 14 15 16 17 18
12Z AVG MX 2MIN
DY MAX MIN AVG DEP HDD CDD WTR SNW DPTH SPD SPD DIR MIN PSBL S-S WX SPD DR
================================================================================
1 55 30 43 M 22 0 0.00 M M 3.2 9 340 M M 0 17 99
2 54 27 41 M 24 0 0.00 M M 1.5 10 150 M M 2 M M
3 68 25 47 M 18 0 0.00 M M 1.5 9 200 M M 1 15 200
4 72 28 50 M 15 0 0.00 M M 1.7 9 100 M M 2 1 14 100
5 52 41 47 M 18 0 0.00 M M 1.2 6 99 M M 2 17 99
6 M M M M M M 0.00 M M M M M M M M M M
7 46 36 41 M 24 0 0.00 M M 0.0 M M M M 1 M M
8 68 28 48 M 17 0 0.00 M M 1.9 9 180 M M 0 1 16 99
9 70 36 53 M 12 0 0.00 M M 4.1 12 190 M M 7 21 190
10 68 57 63 M 2 0 0.00 M M 7.1 13 190 M M 8 8 22 180
11 70 57 64 M 1 0 0.03 M M 4.8 13 170 M M 10 18 20 170
12 66 52 59 M 6 0 0.03 M M 2.6 7 50 M M 10 18 14 99
13 61 50 56 M 9 0 0.04 M M 1.7 7 99 M M 10 1 M M
14 66 54 60 M 5 0 0.75 M M 4.2 12 260 M M 10 1 20 99
15 73 45 59 M 6 0 0.00 M M 3.6 16 210 M M 5 12 28 230
16 73 39 56 M 9 0 0.00 M M 1.9 9 90 M M 3 1 13 120
17 72 54 63 M 2 0 0.28 0.0 0 3.5 9 240 M M 7 138 14 0
18 55 43 49 M 16 0 0.00 0.0 0 13.1 20 300 M M 10 37 300
19 63 34 49 M 16 0 0.00 0.0 0 6.0 12 40 M M 3 18 340
20 63 28 46 M 19 0 0.00 M M 2.0 9 80 M M 2 12 120
21 68 32 50 M 15 0 0.00 M M 3.5 12 100 M M 1 1 22 0
22 66 37 52 M 13 0 0.00 M M 4.2 15 160 M M 4 22 160
23 72 45 59 M 6 0 0.70 M M 5.8 17 230 M M 6 1 25 240
24 75 37 56 M 9 0 0.00 M M 2.7 13 250 M M 0 18 16 250
25 63 43 53 M 12 0 0.56 M M 3.8 9 270 M M 7 13 20 0
26 72 37 55 M 10 0 0.00 M M 2.6 8 110 M M 3 12 16 99
27 79 43 61 M 4 0 0.00 M M 3.9 21 320 M M 5 18 31 320
28 64 37 51 M 14 0 0.00 M M 8.5 15 320 M M 1 26 300
29 68 30 49 M 16 0 0.00 M M 4.3 15 220 M M 0 22 200
30 59 39 49 M 16 0 0.02 M M 1.0 8 320 M M 9 12 14 320
31 63 34 49 M 16 0 0.00 M M 6.8 15 320 M M 5 22 99
================================================================================
SM 1964 1178 372 0 2.41 0.0 112.8 M 134
================================================================================
AV 65.5 39.3 3.8 FASTST M M 4 MAX(MPH)
MISC ----> 21 320 37 300
================================================================================
NOTES:
# LAST OF SEVERAL OCCURRENCES
COLUMN 17 PEAK WIND IN M.P.H.
PRELIMINARY LOCAL CLIMATOLOGICAL DATA (WS FORM: F-6) , PAGE 2
STATION: CLINTON
MONTH: MARCH
YEAR: 2021
LATITUDE: 35 32 N
LONGITUDE: 92 22 W
[TEMPERATURE DATA] [PRECIPITATION DATA] SYMBOLS USED IN COLUMN 16
AVERAGE MONTHLY: 52.4 TOTAL FOR MONTH: 2.41 1 = FOG OR MIST
DPTR FM NORMAL: 0.0 DPTR FM NORMAL: M 2 = FOG REDUCING VISIBILITY
HIGHEST: 79 ON 27 GRTST 24HR 0.75 ON 14-14 TO 1/4 MILE OR LESS
LOWEST: 25 ON 3 3 = THUNDER
SNOW, ICE PELLETS, HAIL 4 = ICE PELLETS
TOTAL MONTH: 0.0 INCH 5 = HAIL
GRTST 24HR 0.0 6 = FREEZING RAIN OR DRIZZLE
GRTST DEPTH: 0 7 = DUSTSTORM OR SANDSTORM:
VSBY 1/2 MILE OR LESS
8 = SMOKE OR HAZE
[NO. OF DAYS WITH] [WEATHER - DAYS WITH] 9 = BLOWING SNOW
X = TORNADO
MAX 32 OR BELOW: 0 0.01 INCH OR MORE: 8
MAX 90 OR ABOVE: 0 0.10 INCH OR MORE: 4
MIN 32 OR BELOW: 8 0.50 INCH OR MORE: 3
MIN 0 OR BELOW: 0 1.00 INCH OR MORE: 0
[HDD (BASE 65) ]
TOTAL THIS MO. 372 CLEAR (SCALE 0-3) 15
DPTR FM NORMAL M PTCLDY (SCALE 4-7) 8
TOTAL FM JUL 1 3503 CLOUDY (SCALE 8-10) 8
DPTR FM NORMAL M
[CDD (BASE 65) ]
TOTAL THIS MO. 0
DPTR FM NORMAL M [PRESSURE DATA]
TOTAL FM JAN 1 0 HIGHEST SLP M ON M
DPTR FM NORMAL M LOWEST SLP M ON M
[REMARKS]
#FINAL-03-21#