205
CXUS54 KLZK 011130
CF6CCA
PRELIMINARY LOCAL CLIMATOLOGICAL DATA (WS FORM: F-6)
STATION: Clinton
MONTH: JULY
YEAR: 2020
LATITUDE: 35 32 N
LONGITUDE: 92 22 W
TEMPERATURE IN F: :PCPN: SNOW: WIND :SUNSHINE: SKY :PK WND
================================================================================
1 2 3 4 5 6A 6B 7 8 9 10 11 12 13 14 15 16 17 18
12Z AVG MX 2MIN
DY MAX MIN AVG DEP HDD CDD WTR SNW DPTH SPD SPD DIR MIN PSBL S-S WX SPD DR
================================================================================
1 88 70 79 M 0 14 0.02 M M 1.0 7 99 M M 7 18 M M
2 91 70 81 M 0 16 0.30 M M 1.2 9 260 M M 6 13 M M
3 91 66 79 M 0 14 1.11 M M 1.2 8 290 M M 2 13 14 99
4 88 68 78 M 0 13 0.68 M M 1.4 15 100 M M 3 13 23 100
5 90 72 81 M 0 16 0.00 M M 1.9 8 100 M M 4 18 15 100
6 90 70 80 M 0 15 0.00 M M 1.8 8 150 M M 1 18 12 99
7 90 70 80 M 0 15 0.03 M M 1.5 7 120 M M 2 138 M M
8 90 70 80 M 0 15 0.00 M M 1.4 6 110 M M 5 1 M M
9 91 70 81 M 0 16 0.87 M M 1.5 8 340 M M 5 138 25 340
10 91 66 79 M 0 14 0.00 M M 0.6 6 320 M M 2 1 M M
11 95 70 83 M 0 18 0.00 M M 2.2 9 240 M M 1 14 190
12 91 66 79 M 0 14 0.00 M M 4.3 10 300 M M 2 22 300
13 88 63 76 M 0 11 0.00 M M 0.7 5 120 M M 0 1 M M
14 91 68 80 M 0 15 0.00 M M 3.1 9 150 M M 6 1 15 100
15 93 73 83 M 0 18 0.00 M M 2.6 9 160 M M 1 1 15 160
16 93 75 84 M 0 19 0.00 M M 1.1 8 330 M M 3 13 15 330
17 93 73 83 M 0 18 0.00 M M 1.5 7 99 M M 3 1 14 200
18 93 72 83 M 0 18 0.00 M M 3.0 9 210 M M 1 18 13 99
19 95 70 83 M 0 18 0.00 M M 2.4 9 230 M M 1 18 14 99
20 97 72 85 M 0 20 0.00 M M 1.6 7 210 M M 1 18 13 99
21 95 72 84 M 0 19 0.00 M M 2.7 10 230 M M 1 18 15 160
22 86 72 79 M 0 14 0.09 M M 1.1 7 150 M M 4 18 12 0
23 91 73 82 M 0 17 0.89 M M 0.5 8 240 M M 4 128 20 0
24 91 70 81 M 0 16 0.00 M M 2.2 7 99 M M 1 18 14 99
25 90 72 81 M 0 16 0.00 M M 0.3 5 130 M M 5 1 M M
26 91 70 81 M 0 16 0.00 M M 2.3 7 200 M M 1 14 200
27 91 70 81 M 0 16 0.00 M M 2.3 7 220 M M 2 1 12 230
28 93 70 82 M 0 17 0.01 M M 1.0 6 230 M M 4 18 M M
29 90 72 81 M 0 16 0.30 M M 1.9 18 260 M M 4 13 25 260
30 90 75 83 M 0 18 0.06 M M 4.1 14 240 M M 7 13 18 99
31 82 70 76 M 0 11 0.03 M M 3.5 8 310 M M 8 1 18 99
================================================================================
SM 2819 2180 0 493 4.39 M 57.9 M 97
================================================================================
AV 90.9 70.3 1.9 FASTST M M 3 MAX(MPH)
MISC ----> # 18 260 # 25 340
================================================================================
NOTES:
# LAST OF SEVERAL OCCURRENCES
COLUMN 17 PEAK WIND IN M.P.H.
PRELIMINARY LOCAL CLIMATOLOGICAL DATA (WS FORM: F-6) , PAGE 2
STATION: Clinton
MONTH: JULY
YEAR: 2020
LATITUDE: 35 32 N
LONGITUDE: 92 22 W
[TEMPERATURE DATA] [PRECIPITATION DATA] SYMBOLS USED IN COLUMN 16
AVERAGE MONTHLY: 80.6 TOTAL FOR MONTH: 4.39 1 = FOG OR MIST
DPTR FM NORMAL: M DPTR FM NORMAL: M 2 = FOG REDUCING VISIBILITY
HIGHEST: 97 ON 20 GRTST 24HR 1.11 ON 3- 3 TO 1/4 MILE OR LESS
LOWEST: 63 ON 13 3 = THUNDER
SNOW, ICE PELLETS, HAIL 4 = ICE PELLETS
TOTAL MONTH: M 5 = HAIL
GRTST 24HR M ON M 6 = FREEZING RAIN OR DRIZZLE
GRTST DEPTH: M ON M 7 = DUSTSTORM OR SANDSTORM:
VSBY 1/2 MILE OR LESS
8 = SMOKE OR HAZE
[NO. OF DAYS WITH] [WEATHER - DAYS WITH] 9 = BLOWING SNOW
X = TORNADO
MAX 32 OR BELOW: 0 0.01 INCH OR MORE: 12
MAX 90 OR ABOVE: 26 0.10 INCH OR MORE: 6
MIN 32 OR BELOW: 0 0.50 INCH OR MORE: 4
MIN 0 OR BELOW: 0 1.00 INCH OR MORE: 1
[HDD (BASE 65) ]
TOTAL THIS MO. 0 CLEAR (SCALE 0-3) 17
DPTR FM NORMAL M PTCLDY (SCALE 4-7) 13
TOTAL FM JUL 1 0 CLOUDY (SCALE 8-10) 1
DPTR FM NORMAL M
[CDD (BASE 65) ]
TOTAL THIS MO. 493
DPTR FM NORMAL M [PRESSURE DATA]
TOTAL FM JAN 1 897 HIGHEST SLP M ON M
DPTR FM NORMAL M LOWEST SLP M ON M
[REMARKS]
#FINAL-07-20#