000
CXUS56 KMTR 171751
CF6CCR
PRELIMINARY LOCAL CLIMATOLOGICAL DATA (WS FORM: F-6)
STATION: CONCORD AIRPORT
MONTH: OCTOBER
YEAR: 2020
LATITUDE: 37 58 N
LONGITUDE: 122 3 W
TEMPERATURE IN F: :PCPN: SNOW: WIND :SUNSHINE: SKY :PK WND
================================================================================
1 2 3 4 5 6A 6B 7 8 9 10 11 12 13 14 15 16 17 18
12Z AVG MX 2MIN
DY MAX MIN AVG DEP HDD CDD WTR SNW DPTH SPD SPD DIR MIN PSBL S-S WX SPD DR
================================================================================
1 97 64 81 13 0 16 0.00 M M 0.6 6 310 M M 3 8 8 140
2 94 61 78 11 0 13 0.00 M M 0.8 7 270 M M 2 8 10 350
3 101 58 80 13 0 15 0.00 M M 2.2 14 290 M M 0 8 20 280
4 94 56 75 8 0 10 0.00 M M 3.5 14 320 M M 0 8 26 80
5 95 54 75 8 0 10 0.00 M M 2.8 10 20 M M 0 8 13 20
6 91 56 74 8 0 9 0.00 M M 3.7 9 340 M M 0 8 13 340
7 81 55 68 2 0 3 0.00 M M 6.3 15 310 M M 0 18 19 320
8 72 58 65 -1 0 0 0.00 M M 8.8 16 270 M M 4 8 20 270
9 77 58 68 2 0 3 0.00 M M 6.9 15 330 M M 4 42 90
10 74 59 67 1 0 2 0.00 M M 8.1 17 240 M M 4 24 100
11 83 54 69 4 0 4 0.00 M M 3.3 13 310 M M 0 15 310
12 88 55 72 7 0 7 0.00 M M 3.3 10 350 M M 0 8 14 20
13 92 57 75 10 0 10 0.00 M M 2.3 10 330 M M 0 8 12 330
14 96 60 78 13 0 13 0.00 M M 2.5 12 290 M M 0 20 230
15 93 63 78 14 0 13 0.00 M M 5.6 18 50 M M 0 37 200
16 95 65 80 16 0 15 0.00 M M 6.3 16 40 M M 0 21 30
17 96 58 77 13 0 12 0.00 M M 2.9 8 180 M M 1 12 340
18 93 56 75 11 0 10 0.00 M M 2.9 12 290 M M 0 15 300
19 90 56 73 10 0 8 0.00 M M 3.7 12 350 M M 0 14 350
20 90 55 73 10 0 8 0.00 M M 2.5 10 280 M M 0 8 28 30
21 91 53 72 9 0 7 0.00 M M 2.7 12 320 M M 0 13 310
22 83 54 69 7 0 4 0.00 M M 4.3 14 60 M M 0 20 60
23 76 49 63 1 2 0 0.00 M M 4.4 16 330 M M 0 29 80
24 70 52 61 -1 4 0 0.00 M M 6.2 16 260 M M 3 1 20 260
25 73 58 66 4 0 1 0.00 M M 10.6 30 10 M M 5 8 41 10
26 76 50 63 2 2 0 0.00 M M 7.8 29 360 M M 0 8 37 360
27 77 48 63 2 2 0 0.00 M M 3.1 14 20 M M 0 23 10
28 77 43 60 0 5 0 0.00 M M 2.0 9 360 M M 0 8 26 280
29 79 45 62 2 3 0 0.00 M M 2.4 10 350 M M 0 8 20 10
30 79 45 62 2 3 0 0.00 M M 1.9 9 350 M M 0 12 340
31 81 45 63 4 2 0 0.00 M M 2.8 9 360 M M 0 13 360
================================================================================
SM 2654 1700 23 193 0.00 M 127.2 M 26
================================================================================
AV 85.6 54.8 4.1 FASTST M M 1 MAX(MPH)
MISC ----> 30 10 42 90
================================================================================
NOTES:
# LAST OF SEVERAL OCCURRENCES
COLUMN 17 PEAK WIND IN M.P.H.
PRELIMINARY LOCAL CLIMATOLOGICAL DATA (WS FORM: F-6) , PAGE 2
STATION: CONCORD AIRPORT
MONTH: OCTOBER
YEAR: 2020
LATITUDE: 37 58 N
LONGITUDE: 122 3 W
[TEMPERATURE DATA] [PRECIPITATION DATA] SYMBOLS USED IN COLUMN 16
AVERAGE MONTHLY: 70.2 TOTAL FOR MONTH: 0.00 1 = FOG OR MIST
DPTR FM NORMAL: 6.3 DPTR FM NORMAL: -0.87 2 = FOG REDUCING VISIBILITY
HIGHEST: 101 ON 3 GRTST 24HR 0.00 ON 1- 1 TO 1/4 MILE OR LESS
LOWEST: 43 ON 28 3 = THUNDER
SNOW, ICE PELLETS, HAIL 4 = ICE PELLETS
TOTAL MONTH: M 5 = HAIL
GRTST 24HR M ON M 6 = FREEZING RAIN OR DRIZZLE
GRTST DEPTH: M ON M 7 = DUSTSTORM OR SANDSTORM:
VSBY 1/2 MILE OR LESS
8 = SMOKE OR HAZE
[NO. OF DAYS WITH] [WEATHER - DAYS WITH] 9 = BLOWING SNOW
X = TORNADO
MAX 32 OR BELOW: 0 0.01 INCH OR MORE: 0
MAX 90 OR ABOVE: 15 0.10 INCH OR MORE: 0
MIN 32 OR BELOW: 0 0.50 INCH OR MORE: 0
MIN 0 OR BELOW: 0 1.00 INCH OR MORE: 0
[HDD (BASE 65) ]
TOTAL THIS MO. 23 CLEAR (SCALE 0-3) 27
DPTR FM NORMAL -60 PTCLDY (SCALE 4-7) 4
TOTAL FM JUL 1 25 CLOUDY (SCALE 8-10) 0
DPTR FM NORMAL -73
[CDD (BASE 65) ]
TOTAL THIS MO. 193
DPTR FM NORMAL 144 [PRESSURE DATA]
TOTAL FM JAN 1 1590 HIGHEST SLP 30.15 ON 26
DPTR FM NORMAL 705 LOWEST SLP 29.69 ON 21
[REMARKS]
#FINAL-10-20#