000
CXUS53 KARX 012246
CF6CCY
PRELIMINARY LOCAL CLIMATOLOGICAL DATA (WS FORM: F-6)
STATION: CHARLES_CITY IA
MONTH: MAY
YEAR: 2023
LATITUDE: 43 4 N
LONGITUDE: 92 37 W
TEMPERATURE IN F: :PCPN: SNOW: WIND :SUNSHINE: SKY :PK WND
================================================================================
1 2 3 4 5 6A 6B 7 8 9 10 11 12 13 14 15 16 17 18
12Z AVG MX 2MIN
DY MAX MIN AVG DEP HDD CDD WTR SNW DPTH SPD SPD DIR MIN PSBL S-S WX SPD DR
================================================================================
1 57 37 47 -7 18 0 0.00 0.0 0 21.6 35 320 M M 1 46 320
2 63 39 51 -4 14 0 0.00 0.0 0 18.6 28 330 M M 2 39 320
3 68 32 50 -5 15 0 0.00 0.0 0 4.5 12 330 M M 1 8 16 320
4 81 43 62 6 3 0 0.00 0.0 0 11.2 18 230 M M 1 24 210
5 73 50 62 6 3 0 0.00 0.0 0 12.7 20 170 M M 6 29 170
6 66 55 61 5 4 0 0.22 0.0 0 11.9 21 150 M M 9 12 27 110
7 73 54 64 8 1 0 0.00 0.0 0 7.1 15 130 M M 5 12 18 360
8 75 57 66 9 0 1 0.23 0.0 0 8.3 17 130 M M 5 23 120
9 72 52 62 5 3 0 0.00 0.0 0 8.8 13 160 M M 4 12 16 170
10 79 55 67 10 0 2 0.00 0.0 0 11.6 16 140 M M 1 1 25 140
11 79 59 69 11 0 4 M 0.0 0 10.2 18 340 M M 5 27 340
12 70 61 66 8 0 1 0.18 0.0 0 12.3 18 80 M M 7 1 24 80
13 75 59 67 9 0 2 0.31 0.0 0 16.5 23 80 M M 5 1 28 80
14 63 48 56 -3 9 0 0.67 0.0 0 16.7 25 70 M M 10 1 31 70
15 68 46 57 -2 8 0 0.00 0.0 0 6.9 13 40 M M 1 16 40
16 79 46 63 4 2 0 0.00 0.0 0 9.1 16 320 M M 0 24 320
17 68 50 59 -1 6 0 M 0.0 0 11.8 16 110 M M 0 18 110
18 82 50 66 6 0 1 M 0.0 0 11.7 23 190 M M 3 8 25 190
19 59 46 53 -7 12 0 0.00 0.0 0 14.2 21 320 M M 2 29 330
20 72 41 57 -3 8 0 0.00 0.0 0 5.2 12 10 M M 0 15 10
21 77 48 63 2 2 0 0.00 0.0 0 5.1 10 260 M M 0 20 190
22 79 48 64 3 1 0 0.00 0.0 0 7.5 13 150 M M 1 18 180
23 81 54 68 7 0 3 0.00 0.0 0 6.6 16 200 M M 0 22 200
24 82 54 68 6 0 3 0.00 0.0 0 8.8 18 90 M M 1 27 99
25 75 52 64 2 1 0 0.00 0.0 0 11.3 17 140 M M 3 24 130
26 77 45 61 -1 4 0 0.00 0.0 0 9.1 12 130 M M 0 18 160
27 79 46 63 0 2 0 0.00 0.0 0 8.9 13 140 M M 0 20 160
28 81 54 68 5 0 3 0.00 0.0 0 7.7 12 120 M M 0 27 120
29 84 54 69 6 0 4 0.00 0.0 0 8.3 15 120 M M 1 25 170
30 88 63 76 12 0 11 0.00 0.0 0 10.2 15 180 M M 2 25 190
31 90 61 76 12 0 11 M 0.0 0 7.7 18 170 M M 3 24 150
================================================================================
SM 2315 1559 116 46 1.61 0.0 322.1 M 79
================================================================================
AV 74.7 50.3 10.4 FASTST M M 3 MAX(MPH)
MISC ----> 35 320 46 320
================================================================================
NOTES:
# LAST OF SEVERAL OCCURRENCES
COLUMN 17 PEAK WIND IN M.P.H.
PRELIMINARY LOCAL CLIMATOLOGICAL DATA (WS FORM: F-6) , PAGE 2
STATION: CHARLES_CITY IA
MONTH: MAY
YEAR: 2023
LATITUDE: 43 4 N
LONGITUDE: 92 37 W
[TEMPERATURE DATA] [PRECIPITATION DATA] SYMBOLS USED IN COLUMN 16
AVERAGE MONTHLY: 62.5 TOTAL FOR MONTH: 1.61 1 = FOG OR MIST
DPTR FM NORMAL: 3.3 DPTR FM NORMAL: -2.94 2 = FOG REDUCING VISIBILITY
HIGHEST: 90 ON 31 GRTST 24HR 0.67 ON 14-14 TO 1/4 MILE OR LESS
LOWEST: 32 ON 3 3 = THUNDER
SNOW, ICE PELLETS, HAIL 4 = ICE PELLETS
TOTAL MONTH: 0.0 INCH 5 = HAIL
GRTST 24HR 0.0 6 = FREEZING RAIN OR DRIZZLE
GRTST DEPTH: 0 7 = DUSTSTORM OR SANDSTORM:
VSBY 1/2 MILE OR LESS
8 = SMOKE OR HAZE
[NO. OF DAYS WITH] [WEATHER - DAYS WITH] 9 = BLOWING SNOW
X = TORNADO
MAX 32 OR BELOW: 0 0.01 INCH OR MORE: 5
MAX 90 OR ABOVE: 1 0.10 INCH OR MORE: 5
MIN 32 OR BELOW: 1 0.50 INCH OR MORE: 1
MIN 0 OR BELOW: 0 1.00 INCH OR MORE: 0
[HDD (BASE 65) ]
TOTAL THIS MO. 116 CLEAR (SCALE 0-3) 22
DPTR FM NORMAL -96 PTCLDY (SCALE 4-7) 7
TOTAL FM JUL 1 7070 CLOUDY (SCALE 8-10) 2
DPTR FM NORMAL -242
[CDD (BASE 65) ]
TOTAL THIS MO. 46
DPTR FM NORMAL 12 [PRESSURE DATA]
TOTAL FM JAN 1 58 HIGHEST SLP M ON M
DPTR FM NORMAL 18 LOWEST SLP M ON M
[REMARKS]
#FINAL-05-23#