000
CXUS53 KARX 010930
CF6CCY
PRELIMINARY LOCAL CLIMATOLOGICAL DATA (WS FORM: F-6)
STATION: CHARLES_CITY IA
MONTH: JUNE
YEAR: 2020
LATITUDE: 43 4 N
LONGITUDE: 92 37 W
TEMPERATURE IN F: :PCPN: SNOW: WIND :SUNSHINE: SKY :PK WND
================================================================================
1 2 3 4 5 6A 6B 7 8 9 10 11 12 13 14 15 16 17 18
12Z AVG MX 2MIN
DY MAX MIN AVG DEP HDD CDD WTR SNW DPTH SPD SPD DIR MIN PSBL S-S WX SPD DR
================================================================================
1 86 57 72 8 0 7 0.33 0.0 0 16.1 28 190 M M 3 37 190
2 93 66 80 15 0 15 0.00 0.0 0 12.8 23 70 M M 2 33 70
3 86 64 75 10 0 10 0.00 0.0 0 5.5 14 340 M M 2 14 340
4 90 64 77 12 0 12 0.00 0.0 0 6.7 14 170 M M 2 13 99
5 84 66 75 9 0 10 0.63 0.0 M 11.2 17 340 M M 3 23 360
6 81 63 72 6 0 7 0.00 0.0 0 9.4 16 90 M M 5 18 90
7 88 63 76 10 0 11 0.00 0.0 0 17.7 22 150 M M 2 31 140
8 91 70 81 15 0 16 0.00 0.0 0 14.0 21 160 M M 0 28 190
9 77 66 72 5 0 7 1.43 0.0 0 9.7 23 10 M M 6 31 10
10 70 57 64 -3 1 0 0.04 0.0 0 17.7 28 310 M M 6 1 39 310
11 81 54 68 0 0 3 0.00 0.0 0 10.5 22 290 M M 0 30 320
12 84 55 70 2 0 5 0.00 0.0 0 6.7 12 60 M M 2 18 280
13 72 57 65 -3 0 0 0.00 0.0 0 13.6 21 100 M M 3 23 100
14 75 54 65 -3 0 0 0.00 0.0 0 16.2 24 140 M M 3 32 140
15 82 59 71 2 0 6 0.00 0.0 0 16.1 22 150 M M 2 28 160
16 84 63 74 5 0 9 0.00 0.0 0 12.9 21 170 M M 0 24 150
17 84 59 72 3 0 7 0.00 0.0 0 12.9 21 150 M M 0 28 180
18 86 64 75 5 0 10 1.23 0.0 0 11.9 22 320 M M 3 38 320
19 73 66 70 0 0 5 0.27 0.0 0 7.0 13 360 M M 10 1 16 320
20 73 63 68 -2 0 3 0.01 0.0 0 6.9 16 350 M M 5 1 M M
21 84 61 73 3 0 8 1.91 0.0 0 8.3 30 270 M M 3 43 270
22 68 59 64 -7 1 0 0.61 0.0 0 5.5 15 30 M M 6 21 30
23 72 57 65 -6 0 0 0.08 0.0 0 8.6 15 320 M M 4 1 21 310
24 75 54 65 -6 0 0 0.10 0.0 0 5.8 14 270 M M 2 17 260
25 82 57 70 -1 0 5 0.00 0.0 0 5.4 10 170 M M 1 17 210
26 81 66 74 3 0 9 0.55 0.0 0 6.7 18 300 M M 3 25 300
27 84 63 74 2 0 9 0.00 0.0 0 3.4 8 40 M M 0 1 12 99
28 86 66 76 4 0 11 0.00 0.0 0 12.0 20 170 M M 2 24 140
29 88 73 81 9 0 16 M 0.0 0 10.3 17 160 M M 3 22 150
30 86 72 79 7 0 14 0.00 0.0 0 11.6 18 160 M M 5 24 140
================================================================================
SM 2446 1858 2 215 7.19 0.0 313.1 M 88
================================================================================
AV 81.5 61.9 10.4 FASTST M M 3 MAX(MPH)
MISC ----> # 30 270 # 43 270
================================================================================
NOTES:
# LAST OF SEVERAL OCCURRENCES
COLUMN 17 PEAK WIND IN M.P.H.
PRELIMINARY LOCAL CLIMATOLOGICAL DATA (WS FORM: F-6) , PAGE 2
STATION: CHARLES_CITY IA
MONTH: JUNE
YEAR: 2020
LATITUDE: 43 4 N
LONGITUDE: 92 37 W
[TEMPERATURE DATA] [PRECIPITATION DATA] SYMBOLS USED IN COLUMN 16
AVERAGE MONTHLY: 71.7 TOTAL FOR MONTH: 7.19 1 = FOG OR MIST
DPTR FM NORMAL: 3.1 DPTR FM NORMAL: 1.93 2 = FOG REDUCING VISIBILITY
HIGHEST: 93 ON 2 GRTST 24HR 1.91 ON 21-21 TO 1/4 MILE OR LESS
LOWEST: 54 ON 24,14 3 = THUNDER
SNOW, ICE PELLETS, HAIL 4 = ICE PELLETS
TOTAL MONTH: 0.0 INCH 5 = HAIL
GRTST 24HR 0.0 6 = FREEZING RAIN OR DRIZZLE
GRTST DEPTH: 0 7 = DUSTSTORM OR SANDSTORM:
VSBY 1/2 MILE OR LESS
8 = SMOKE OR HAZE
[NO. OF DAYS WITH] [WEATHER - DAYS WITH] 9 = BLOWING SNOW
X = TORNADO
MAX 32 OR BELOW: 0 0.01 INCH OR MORE: 12
MAX 90 OR ABOVE: 3 0.10 INCH OR MORE: 9
MIN 32 OR BELOW: 0 0.50 INCH OR MORE: 6
MIN 0 OR BELOW: 0 1.00 INCH OR MORE: 3
[HDD (BASE 65) ]
TOTAL THIS MO. 2 CLEAR (SCALE 0-3) 22
DPTR FM NORMAL -36 PTCLDY (SCALE 4-7) 7
TOTAL FM JUL 1 7188 CLOUDY (SCALE 8-10) 1
DPTR FM NORMAL -161
[CDD (BASE 65) ]
TOTAL THIS MO. 215
DPTR FM NORMAL 69 [PRESSURE DATA]
TOTAL FM JAN 1 241 HIGHEST SLP M ON M
DPTR FM NORMAL 55 LOWEST SLP M ON M
[REMARKS]
#FINAL-06-20#