000
CXAK56 PAFC 010951
CF6CDB
PRELIMINARY LOCAL CLIMATOLOGICAL DATA (WS FORM: F-6)
STATION: COLD BAY
MONTH: MARCH
YEAR: 2023
LATITUDE: 55 13 N
LONGITUDE: 162 44 W
TEMPERATURE IN F: :PCPN: SNOW: WIND :SUNSHINE: SKY :PK WND
================================================================================
1 2 3 4 5 6A 6B 7 8 9 10 11 12 13 14 15 16 17 18
12Z AVG MX 2MIN
DY MAX MIN AVG DEP HDD CDD WTR SNW DPTH SPD SPD DIR MIN PSBL S-S WX SPD DR
================================================================================
1 34 28 31 1 34 0 0.03 M M 32.2 51 290 M M 8 128 60 260
2 37 29 33 3 32 0 0.11 M M 17.0 35 260 M M 10 1 43 270
3 36 24 30 0 35 0 T M M 12.0 25 330 M M 6 1 31 320
4 39 27 33 3 32 0 T M M 30.1 52 160 M M 5 64 160
5 42 37 40 10 25 0 2.98 M M 30.3 49 150 M M 10 1 63 150
6 44 40 42 12 23 0 T M M 33.7 55 140 M M 10 1 68 130
7 46 37 42 12 23 0 0.05 M M 16.6 39 150 M M 9 1 47 150
8 45 35 40 10 25 0 T M M 7.5 15 30 M M 10 1 17 20
9 50 30 40 10 25 0 0.00 M M 4.8 18 20 M M 3 12 23 20
10 45 29 37 7 28 0 0.00 M M 6.2 18 30 M M 1 22 40
11 48 25 37 7 28 0 0.00 M M 6.6 20 150 M M 0 24 140
12 39 27 33 4 32 0 T M M 15.9 25 360 M M 7 1 32 360
13 34 24 29 0 36 0 T M M 16.8 28 290 M M 4 34 290
14 33 18 26 -3 39 0 0.04 M M 25.5 40 280 M M 9 128 47 280
15 20 16 18 -11 47 0 0.01 M M 23.3 36 340 M M 10 128 42 340
16 23 19 21 -9 44 0 0.06 M M 20.5 28 350 M M 10 18 33 350
17 24 20 22 -8 43 0 0.01 M M 16.5 22 310 M M 10 1 25 330
18 29 22 26 -4 39 0 0.08 M M 17.6 25 310 M M 10 1 34 320
19 36 24 30 0 35 0 0.04 M M 12.1 37 150 M M 7 51 160
20 40 32 36 6 29 0 0.12 M M 18.3 38 160 M M 6 12 46 140
21 39 29 34 4 31 0 0.12 M M 18.5 45 300 M M 6 1 52 310
22 35 28 32 2 33 0 0.08 M M 26.9 52 300 M M 8 128 62 300
23 40 33 37 7 28 0 M M M 14.5 30 270 M M 9 1 36 260
24 43 30 37 7 28 0 0.00 M M 8.0 15 260 M M 9 17 220
25 43 34 39 9 26 0 T M M 27.6 44 150 M M 1 54 160
26 40 35 38 8 27 0 0.03 M M 33.4 45 150 M M 8 1 54 150
27 44 35 40 10 25 0 0.11 M M 16.1 37 140 M M 10 1 43 150
28 43 35 39 8 26 0 0.02 M M 16.3 31 160 M M 10 1 36 160
29 43 35 39 8 26 0 0.11 M M 17.6 30 280 M M 10 1 35 280
30 40 32 36 5 29 0 0.06 M M 20.9 33 290 M M 8 18 40 290
31 34 31 33 2 32 0 0.04 M M 19.5 29 310 M M 10 1 34 310
================================================================================
SM 1188 900 965 0 4.10 M 582.8 M 234
================================================================================
AV 38.3 29.0 18.8 FASTST M M 8 MAX(MPH)
MISC ----> 55 140 68 130
================================================================================
NOTES:
# LAST OF SEVERAL OCCURRENCES
COLUMN 17 PEAK WIND IN M.P.H.
PRELIMINARY LOCAL CLIMATOLOGICAL DATA (WS FORM: F-6) , PAGE 2
STATION: COLD BAY
MONTH: MARCH
YEAR: 2023
LATITUDE: 55 13 N
LONGITUDE: 162 44 W
[TEMPERATURE DATA] [PRECIPITATION DATA] SYMBOLS USED IN COLUMN 16
AVERAGE MONTHLY: 33.7 TOTAL FOR MONTH: 4.10 1 = FOG OR MIST
DPTR FM NORMAL: 3.8 DPTR FM NORMAL: 1.12 2 = FOG REDUCING VISIBILITY
HIGHEST: 50 ON 9 GRTST 24HR 2.98 ON 4- 5 TO 1/4 MILE OR LESS
LOWEST: 16 ON 15 3 = THUNDER
SNOW, ICE PELLETS, HAIL 4 = ICE PELLETS
TOTAL MONTH: M 5 = HAIL
GRTST 24HR M ON M 6 = FREEZING RAIN OR DRIZZLE
GRTST DEPTH: M ON M 7 = DUSTSTORM OR SANDSTORM:
VSBY 1/2 MILE OR LESS
8 = SMOKE OR HAZE
[NO. OF DAYS WITH] [WEATHER - DAYS WITH] 9 = BLOWING SNOW
X = TORNADO
MAX 32 OR BELOW: 4 0.01 INCH OR MORE: 19
MAX 90 OR ABOVE: 0 0.10 INCH OR MORE: 6
MIN 32 OR BELOW: 21 0.50 INCH OR MORE: 1
MIN 0 OR BELOW: 0 1.00 INCH OR MORE: 1
[HDD (BASE 65) ]
TOTAL THIS MO. 965 CLEAR (SCALE 0-3) 4
DPTR FM NORMAL -123 PTCLDY (SCALE 4-7) 9
TOTAL FM JUL 1 6694 CLOUDY (SCALE 8-10) 18
DPTR FM NORMAL -488
[CDD (BASE 65) ]
TOTAL THIS MO. 0
DPTR FM NORMAL 0 [PRESSURE DATA]
TOTAL FM JAN 1 0 HIGHEST SLP M ON M
DPTR FM NORMAL 0 LOWEST SLP 29.11 ON 21
[REMARKS]
#FINAL-03-23#