000
CXUS56 KSLC 010814
CF6CDC
PRELIMINARY LOCAL CLIMATOLOGICAL DATA (WS FORM: F-6)
STATION: CEDAR CITY UT
MONTH: APRIL
YEAR: 2023
LATITUDE: 37 42 N
LONGITUDE: 113 6 W
TEMPERATURE IN F: :PCPN: SNOW: WIND :SUNSHINE: SKY :PK WND
================================================================================
1 2 3 4 5 6A 6B 7 8 9 10 11 12 13 14 15 16 17 18
12Z AVG MX 2MIN
DY MAX MIN AVG DEP HDD CDD WTR SNW DPTH SPD SPD DIR MIN PSBL S-S WX SPD DR
================================================================================
1 57 26 42 -2 23 0 0.00 0.0 M 12.1 24 230 M M 0 32 230
2 61 30 46 1 19 0 0.00 M M 16.8 36 200 M M 0 46 200
3 50 23 37 -8 28 0 0.47 M M 17.8 36 220 M M 6 12 52 190
4 31 15 23 -22 42 0 0.02 M M 2.8 12 350 M M 4 1 18 360
5 34 8 21 -24 44 0 0.00 M M 3.8 12 110 M M 0 16 110
6 46 14 30 -15 35 0 0.00 M M 2.0 12 90 M M 0 14 90
7 58 25 42 -3 23 0 0.00 M M 7.4 23 210 M M 3 30 180
8 62 34 48 2 17 0 0.00 M M 7.0 21 220 M M 2 26 250
9 69 33 51 5 14 0 0.00 M M 4.5 12 360 M M 0 18 360
10 74 34 54 8 11 0 0.00 M M 4.6 22 160 M M 0 27 160
11 76 43 60 14 5 0 0.00 M M 12.0 31 210 M M 0 47 230
12 66 48 57 11 8 0 0.00 M M 17.9 35 200 M M 0 48 220
13 61 34 48 2 17 0 T M M 12.2 29 180 M M 4 37 190
14 56 30 43 -4 22 0 T M M 4.4 16 280 M M 3 1 22 280
15 62 26 44 -3 21 0 0.00 M M 3.7 13 70 M M 0 18 70
16 68 29 49 2 16 0 0.00 M M 8.8 24 220 M M 0 31 220
17 69 38 54 7 11 0 0.00 M M 14.0 33 210 M M 0 47 220
18 63 34 49 1 16 0 0.00 M M 17.8 35 230 M M 1 49 230
19 47 26 37 -11 28 0 0.00 0.0 M 9.3 22 10 M M 2 31 10
20 54 24 39 -9 26 0 0.00 M M 4.6 14 300 M M 0 19 20
21 67 27 47 -1 18 0 0.00 M M 6.7 20 350 M M 1 28 340
22 60 34 47 -1 18 0 0.00 M M 8.1 18 40 M M 1 26 20
23 65 30 48 -1 17 0 0.28 M M 7.6 31 310 M M 4 13 47 300
24 69 37 53 4 12 0 0.01 M M 8.2 26 280 M M 2 3 40 300
25 55 37 46 -3 19 0 0.00 M M 12.7 22 30 M M 1 33 40
26 66 29 48 -2 17 0 0.00 M M 6.3 16 360 M M 0 21 350
27 72 37 55 5 10 0 0.00 M M 5.7 18 340 M M 0 28 350
28 71 40 56 6 9 0 0.00 M M 6.6 18 360 M M 0 25 10
29 79 36 58 7 7 0 0.00 M M 3.7 16 220 M M 0 21 230
30 80 40 60 9 5 0 0.00 M M 7.8 24 210 M M 0 31 210
================================================================================
SM 1848 921 558 0 0.78 0.0 256.9 M 34
================================================================================
AV 61.6 30.7 8.6 FASTST M M 1 MAX(MPH)
MISC ----> # 36 200 52 190
================================================================================
NOTES:
# LAST OF SEVERAL OCCURRENCES
COLUMN 17 PEAK WIND IN M.P.H.
PRELIMINARY LOCAL CLIMATOLOGICAL DATA (WS FORM: F-6) , PAGE 2
STATION: CEDAR CITY UT
MONTH: APRIL
YEAR: 2023
LATITUDE: 37 42 N
LONGITUDE: 113 6 W
[TEMPERATURE DATA] [PRECIPITATION DATA] SYMBOLS USED IN COLUMN 16
AVERAGE MONTHLY: 46.2 TOTAL FOR MONTH: 0.78 1 = FOG OR MIST
DPTR FM NORMAL: -1.0 DPTR FM NORMAL: -0.23 2 = FOG REDUCING VISIBILITY
HIGHEST: 80 ON 30 GRTST 24HR 0.49 ON 3- 4 TO 1/4 MILE OR LESS
LOWEST: 8 ON 5 3 = THUNDER
SNOW, ICE PELLETS, HAIL 4 = ICE PELLETS
TOTAL MONTH: 0.0 INCH 5 = HAIL
GRTST 24HR 0.0 6 = FREEZING RAIN OR DRIZZLE
GRTST DEPTH: M ON M 7 = DUSTSTORM OR SANDSTORM:
VSBY 1/2 MILE OR LESS
8 = SMOKE OR HAZE
[NO. OF DAYS WITH] [WEATHER - DAYS WITH] 9 = BLOWING SNOW
X = TORNADO
MAX 32 OR BELOW: 1 0.01 INCH OR MORE: 4
MAX 90 OR ABOVE: 0 0.10 INCH OR MORE: 2
MIN 32 OR BELOW: 15 0.50 INCH OR MORE: 0
MIN 0 OR BELOW: 0 1.00 INCH OR MORE: 0
[HDD (BASE 65) ]
TOTAL THIS MO. 558 CLEAR (SCALE 0-3) 26
DPTR FM NORMAL 26 PTCLDY (SCALE 4-7) 4
TOTAL FM JUL 1 6007 CLOUDY (SCALE 8-10) 0
DPTR FM NORMAL 348
[CDD (BASE 65) ]
TOTAL THIS MO. 0
DPTR FM NORMAL 0 [PRESSURE DATA]
TOTAL FM JAN 1 0 HIGHEST SLP M ON M
DPTR FM NORMAL 0 LOWEST SLP 29.33 ON 3
[REMARKS]
#FINAL-04-23#