000
CXUS56 KSLC 010910
CF6CDC
PRELIMINARY LOCAL CLIMATOLOGICAL DATA (WS FORM: F-6)
STATION: CEDAR CITY UT
MONTH: NOVEMBER
YEAR: 2023
LATITUDE: 37 42 N
LONGITUDE: 113 6 W
TEMPERATURE IN F: :PCPN: SNOW: WIND :SUNSHINE: SKY :PK WND
================================================================================
1 2 3 4 5 6A 6B 7 8 9 10 11 12 13 14 15 16 17 18
12Z AVG MX 2MIN
DY MAX MIN AVG DEP HDD CDD WTR SNW DPTH SPD SPD DIR MIN PSBL S-S WX SPD DR
================================================================================
1 67 19 43 -1 22 0 0.00 M M 3.7 10 140 M M 0 20 200
2 70 26 48 4 17 0 0.00 M M 4.5 14 220 M M 0 18 200
3 71 28 50 6 15 0 0.00 M M 4.5 10 140 M M 0 13 140
4 75 30 53 10 12 0 0.00 M M 6.4 20 210 M M 0 27 240
5 70 41 56 13 9 0 0.00 M M 8.8 21 230 M M 0 29 220
6 71 45 58 16 7 0 0.00 M M 17.8 35 200 M M 0 47 210
7 64 34 49 7 16 0 0.08 M M 15.0 29 190 M M 3 18 42 200
8 46 26 36 -6 29 0 0.02 M M 10.4 21 30 M M 6 27 30
9 49 20 35 -6 30 0 0.00 M M 4.1 14 350 M M 0 19 360
10 54 14 34 -7 31 0 0.00 M M 2.6 8 140 M M 0 8 10 20
11 60 18 39 -1 26 0 0.00 M M 1.6 9 140 M M 0 10 140
12 64 20 42 2 23 0 0.00 M M 3.8 18 220 M M 0 23 220
13 62 32 47 7 18 0 0.00 M M 7.5 24 200 M M 0 32 200
14 66 32 49 10 16 0 0.00 M M 9.9 24 220 M M 0 8 33 210
15 66 32 49 10 16 0 T M M 8.8 31 210 M M 2 44 210
16 60 37 49 11 16 0 0.04 M M 10.5 25 210 M M 4 36 200
17 60 29 45 7 20 0 0.00 0.0 M 4.6 17 210 M M 1 8 27 230
18 56 34 45 8 20 0 T M M 9.3 23 240 M M 5 31 230
19 44 32 38 1 27 0 0.44 M M 9.4 23 290 M M 9 13 31 290
20 38 29 34 -3 31 0 0.00 M M 9.0 16 40 M M 8 22 10
21 47 24 36 0 29 0 0.00 M M 2.7 7 170 M M 2 10 330
22 56 21 39 3 26 0 0.00 M M 2.3 9 140 M M 0 12 200
23 52 25 39 4 26 0 0.00 M M 6.8 23 240 M M 4 28 240
24 39 28 34 -1 31 0 0.29 M M 4.9 16 230 M M 9 1 21 230
25 30 16 23 -11 42 0 T M M 9.6 16 10 M M 9 1 22 360
26 33 14 24 -10 41 0 0.00 M M 2.6 8 360 M M 1 12 20
27 36 11 24 -10 41 0 0.00 M M 0.6 6 260 M M 0 8 20
28 44 12 28 -5 37 0 0.00 M M 2.6 8 130 M M 0 9 130
29 52 25 39 6 26 0 T M M 3.9 16 230 M M 6 22 210
30 45 29 37 5 28 0 0.01 M M 3.6 16 270 M M 8 1 21 270
================================================================================
SM 1647 783 728 0 0.88 0.0 191.8 M 77
================================================================================
AV 54.9 26.1 6.4 FASTST M M 3 MAX(MPH)
MISC ----> 35 200 47 210
================================================================================
NOTES:
# LAST OF SEVERAL OCCURRENCES
COLUMN 17 PEAK WIND IN M.P.H.
PRELIMINARY LOCAL CLIMATOLOGICAL DATA (WS FORM: F-6) , PAGE 2
STATION: CEDAR CITY UT
MONTH: NOVEMBER
YEAR: 2023
LATITUDE: 37 42 N
LONGITUDE: 113 6 W
[TEMPERATURE DATA] [PRECIPITATION DATA] SYMBOLS USED IN COLUMN 16
AVERAGE MONTHLY: 40.5 TOTAL FOR MONTH: 0.88 1 = FOG OR MIST
DPTR FM NORMAL: 2.0 DPTR FM NORMAL: 0.04 2 = FOG REDUCING VISIBILITY
HIGHEST: 75 ON 4 GRTST 24HR 0.44 ON 19-19 TO 1/4 MILE OR LESS
LOWEST: 11 ON 27 3 = THUNDER
SNOW, ICE PELLETS, HAIL 4 = ICE PELLETS
TOTAL MONTH: 0.0 INCH 5 = HAIL
GRTST 24HR 0.0 6 = FREEZING RAIN OR DRIZZLE
GRTST DEPTH: M ON M 7 = DUSTSTORM OR SANDSTORM:
VSBY 1/2 MILE OR LESS
8 = SMOKE OR HAZE
[NO. OF DAYS WITH] [WEATHER - DAYS WITH] 9 = BLOWING SNOW
X = TORNADO
MAX 32 OR BELOW: 1 0.01 INCH OR MORE: 6
MAX 90 OR ABOVE: 0 0.10 INCH OR MORE: 2
MIN 32 OR BELOW: 25 0.50 INCH OR MORE: 0
MIN 0 OR BELOW: 0 1.00 INCH OR MORE: 0
[HDD (BASE 65) ]
TOTAL THIS MO. 728 CLEAR (SCALE 0-3) 19
DPTR FM NORMAL -67 PTCLDY (SCALE 4-7) 8
TOTAL FM JUL 1 1189 CLOUDY (SCALE 8-10) 3
DPTR FM NORMAL -168
[CDD (BASE 65) ]
TOTAL THIS MO. 0
DPTR FM NORMAL 0 [PRESSURE DATA]
TOTAL FM JAN 1 662 HIGHEST SLP M ON M
DPTR FM NORMAL -17 LOWEST SLP 29.69 ON 7
[REMARKS]
#FINAL-11-23#