000
CXUS53 KEAX 010736
CF6CDJ
PRELIMINARY LOCAL CLIMATOLOGICAL DATA (WS FORM: F-6)
STATION: CHILLICOTHE
MONTH: JUNE
YEAR: 2023
LATITUDE: 39 49 N
LONGITUDE: 93 35 W
TEMPERATURE IN F: :PCPN: SNOW: WIND :SUNSHINE: SKY :PK WND
================================================================================
1 2 3 4 5 6A 6B 7 8 9 10 11 12 13 14 15 16 17 18
12Z AVG MX 2MIN
DY MAX MIN AVG DEP HDD CDD WTR SNW DPTH SPD SPD DIR MIN PSBL S-S WX SPD DR
================================================================================
1 86 66 76 6 0 11 0.00 M M 2.2 8 30 M M 0 14 160
2 91 66 79 9 0 14 0.00 M M 2.7 14 120 M M 0 24 100
3 93 64 79 9 0 14 0.00 M M 3.1 12 90 M M 0 22 80
4 93 63 78 8 0 13 0.00 M M 4.0 14 30 M M 0 21 20
5 91 62 77 6 0 12 0.00 M M 2.0 12 40 M M 0 18 40
6 90 55 73 2 0 8 0.00 M M 1.0 8 300 M M 0 12 280
7 91 66 79 7 0 14 0.00 M M 3.1 16 40 M M 0 22 40
8 76 58 67 -5 0 2 0.03 M M 3.3 9 120 M M 0 16 100
9 83 53 68 -4 0 3 0.00 M M 1.9 9 150 M M 0 15 130
10 79 62 71 -1 0 6 0.10 M M 2.6 8 300 M M 0 12 310
11 74 54 64 -9 1 0 0.18 M M 5.0 14 30 M M 0 22 10
12 77 50 64 -9 1 0 0.00 M M 2.2 10 300 M M 0 19 360
13 83 55 69 -4 0 4 0.00 M M 4.5 13 290 M M 0 23 280
14 89 53 71 -2 0 6 0.00 M M 2.1 9 240 M M 0 15 310
15 90 57 74 0 0 9 0.00 M M 2.0 9 220 M M 0 14 230
16 92 58 75 1 0 10 0.00 M M 2.1 10 40 M M 0 15 30
17 90 62 76 2 0 11 0.00 M M 3.4 13 190 M M 0 18 180
18 84 66 75 1 0 10 0.00 M M 3.2 15 310 M M 0 25 330
19 92 60 76 1 0 11 0.00 M M 2.1 10 150 M M 0 16 160
20 92 63 78 3 0 13 0.00 M M 3.1 14 120 M M 0 23 120
21 91 63 77 2 0 12 0.00 M M 4.1 14 90 M M 0 21 90
22 93 63 78 3 0 13 0.00 M M 1.9 9 110 M M 0 16 110
23 94 63 79 4 0 14 0.00 M M 1.7 10 180 M M 0 16 180
24 94 68 81 5 0 16 0.01 M M 6.1 20 200 M M 0 29 160
25 87 66 77 1 0 12 0.00 M M 6.9 18 300 M M 0 33 280
26 89 63 76 0 0 11 0.00 M M 6.0 17 310 M M 0 32 330
27 90 58 74 -2 0 9 0.00 M M 2.7 10 200 M M 0 18 140
28 95 69 82 6 0 17 0.36 M M 5.2 15 190 M M 0 3 26 170
29 90 70 80 4 0 15 0.19 M M 3.6 16 300 M M 0 36 300
30 96 70 83 7 0 18 0.88 M M 4.0 21 290 M M 0 3 40 310
================================================================================
SM 2655 1846 2 308 1.75 M 97.8 M 0
================================================================================
AV 88.5 61.5 3.3 FASTST M M 0 MAX(MPH)
MISC ----> 21 290 40 310
================================================================================
NOTES:
# LAST OF SEVERAL OCCURRENCES
COLUMN 17 PEAK WIND IN M.P.H.
PRELIMINARY LOCAL CLIMATOLOGICAL DATA (WS FORM: F-6) , PAGE 2
STATION: CHILLICOTHE
MONTH: JUNE
YEAR: 2023
LATITUDE: 39 49 N
LONGITUDE: 93 35 W
[TEMPERATURE DATA] [PRECIPITATION DATA] SYMBOLS USED IN COLUMN 16
AVERAGE MONTHLY: 75.0 TOTAL FOR MONTH: 1.75 1 = FOG OR MIST
DPTR FM NORMAL: 1.5 DPTR FM NORMAL: -3.54 2 = FOG REDUCING VISIBILITY
HIGHEST: 96 ON 30 GRTST 24HR 0.88 ON 30-30 TO 1/4 MILE OR LESS
LOWEST: 50 ON 12 3 = THUNDER
SNOW, ICE PELLETS, HAIL 4 = ICE PELLETS
TOTAL MONTH: M 5 = HAIL
GRTST 24HR M ON M 6 = FREEZING RAIN OR DRIZZLE
GRTST DEPTH: M ON M 7 = DUSTSTORM OR SANDSTORM:
VSBY 1/2 MILE OR LESS
8 = SMOKE OR HAZE
[NO. OF DAYS WITH] [WEATHER - DAYS WITH] 9 = BLOWING SNOW
X = TORNADO
MAX 32 OR BELOW: 0 0.01 INCH OR MORE: 7
MAX 90 OR ABOVE: 19 0.10 INCH OR MORE: 5
MIN 32 OR BELOW: 0 0.50 INCH OR MORE: 1
MIN 0 OR BELOW: 0 1.00 INCH OR MORE: 0
[HDD (BASE 65) ]
TOTAL THIS MO. 2 CLEAR (SCALE 0-3) 30
DPTR FM NORMAL -7 PTCLDY (SCALE 4-7) 0
TOTAL FM JUL 1 4700 CLOUDY (SCALE 8-10) 0
DPTR FM NORMAL -593
[CDD (BASE 65) ]
TOTAL THIS MO. 308
DPTR FM NORMAL 44 [PRESSURE DATA]
TOTAL FM JAN 1 440 HIGHEST SLP M ON M
DPTR FM NORMAL 70 LOWEST SLP 29.64 ON 18
[REMARKS]
#FINAL-06-23#