000
CXUS55 KEAX 010736
CF6CDJ
PRELIMINARY LOCAL CLIMATOLOGICAL DATA (WS FORM: F-6)
STATION: CHILLICOTHE
MONTH: APRIL
YEAR: 2020
LATITUDE: 39 49 N
LONGITUDE: 93 35 W
TEMPERATURE IN F: :PCPN: SNOW: WIND :SUNSHINE: SKY :PK WND
================================================================================
1 2 3 4 5 6A 6B 7 8 9 10 11 12 13 14 15 16 17 18
12Z AVG MX 2MIN
DY MAX MIN AVG DEP HDD CDD WTR SNW DPTH SPD SPD DIR MIN PSBL S-S WX SPD DR
================================================================================
1 68 41 55 6 10 0 0.00 M M 8.2 15 130 M M 0 23 140
2 69 53 61 12 4 0 0.16 M M 7.4 20 140 M M 0 32 130
3 62 31 47 -3 18 0 0.37 M M 8.3 15 310 M M 0 24 320
4 47 30 39 -11 26 0 0.00 M M 5.1 12 350 M M 0 19 350
5 56 30 43 -7 22 0 0.00 M M 4.7 15 130 M M 0 22 110
6 65 46 56 5 9 0 0.00 M M 5.7 13 190 M M 0 20 180
7 80 56 68 17 0 3 0.00 M M 6.9 13 200 M M 0 19 230
8 88 39 64 12 1 0 0.00 M M 6.1 24 350 M M 0 43 360
9 M M M M M M 0.00 M M 9.1 28 310 M M 0 45 310
10 M M M M M M 0.00 M M 5.1 13 210 M M 0 19 170
11 M M M M M M 0.03 M M 8.7 21 180 M M 0 30 190
12 M M M M M M 0.72 M M 9.9 22 330 M M 0 40 330
13 46 M M M M M 0.00 M M 9.3 20 310 M M 0 31 320
14 50 28 39 -14 26 0 0.00 M M 5.1 18 300 M M 0 30 320
15 52 30 41 -13 24 0 0.00 M M 4.3 15 350 M M 0 26 350
16 41 34 38 -16 27 0 0.57 M M 8.7 16 30 M M 0 26 30
17 47 32 40 -14 25 0 0.12 M M 6.8 13 10 M M 0 23 20
18 62 31 47 -8 18 0 0.00 M M 9.1 22 200 M M 0 30 200
19 67 38 53 -2 12 0 0.00 M M 5.0 18 30 M M 0 27 40
20 70 38 54 -1 11 0 0.02 M M 5.2 17 310 M M 0 31 310
21 68 43 56 0 9 0 0.00 M M 2.7 10 290 M M 0 16 40
22 71 45 58 2 7 0 0.07 M M 6.6 18 190 M M 0 29 200
23 74 53 64 8 1 0 0.00 M M 2.1 8 180 M M 0 12 200
24 67 52 60 4 5 0 0.51 M M 3.2 15 10 M M 0 24 10
25 68 49 59 2 6 0 0.15 M M 6.7 15 20 M M 0 26 10
26 71 42 57 0 8 0 0.00 M M 3.5 10 190 M M 0 16 170
27 77 53 65 8 0 0 0.16 M M 9.1 21 190 M M 0 34 200
28 77 51 64 6 1 0 0.04 M M 6.3 17 300 M M 0 32 320
29 69 47 58 0 7 0 0.02 M M 9.0 23 320 M M 0 42 320
30 74 45 60 2 5 0 0.00 M M 3.9 13 310 M M 0 21 310
================================================================================
SM 1686 1037 282 3 2.94 M 191.8 M 0
================================================================================
AV 64.8 41.5 6.4 FASTST M M 0 MAX(MPH)
MISC ----> 28 310 45 310
================================================================================
NOTES:
# LAST OF SEVERAL OCCURRENCES
COLUMN 17 PEAK WIND IN M.P.H.
PRELIMINARY LOCAL CLIMATOLOGICAL DATA (WS FORM: F-6) , PAGE 2
STATION: CHILLICOTHE
MONTH: APRIL
YEAR: 2020
LATITUDE: 39 49 N
LONGITUDE: 93 35 W
[TEMPERATURE DATA] [PRECIPITATION DATA] SYMBOLS USED IN COLUMN 16
AVERAGE MONTHLY: 53.2 TOTAL FOR MONTH: 2.94 1 = FOG OR MIST
DPTR FM NORMAL: -0.5 DPTR FM NORMAL: -0.63 2 = FOG REDUCING VISIBILITY
HIGHEST: 88 ON 8 GRTST 24HR 1.06 ON 1- 2 TO 1/4 MILE OR LESS
LOWEST: 28 ON 14 3 = THUNDER
SNOW, ICE PELLETS, HAIL 4 = ICE PELLETS
TOTAL MONTH: M 5 = HAIL
GRTST 24HR M ON M 6 = FREEZING RAIN OR DRIZZLE
GRTST DEPTH: M ON M 7 = DUSTSTORM OR SANDSTORM:
VSBY 1/2 MILE OR LESS
8 = SMOKE OR HAZE
[NO. OF DAYS WITH] [WEATHER - DAYS WITH] 9 = BLOWING SNOW
X = TORNADO
MAX 32 OR BELOW: 0 0.01 INCH OR MORE: 13
MAX 90 OR ABOVE: 0 0.10 INCH OR MORE: 8
MIN 32 OR BELOW: 7 0.50 INCH OR MORE: 3
MIN 0 OR BELOW: 0 1.00 INCH OR MORE: 0
[HDD (BASE 65) ]
TOTAL THIS MO. 282 CLEAR (SCALE 0-3) 30
DPTR FM NORMAL -68 PTCLDY (SCALE 4-7) 0
TOTAL FM JUL 1 5011 CLOUDY (SCALE 8-10) 0
DPTR FM NORMAL -360
[CDD (BASE 65) ]
TOTAL THIS MO. 3
DPTR FM NORMAL -9 [PRESSURE DATA]
TOTAL FM JAN 1 3 HIGHEST SLP M ON M
DPTR FM NORMAL -11 LOWEST SLP 29.46 ON 12
[REMARKS]
#FINAL-04-20#