000
CXUS56 KEKA 011230
CF6CEC
PRELIMINARY LOCAL CLIMATOLOGICAL DATA (WS FORM: F-6)
STATION: CRESCENT CITY CA
MONTH: JUNE
YEAR: 2023
LATITUDE: 41 46 N
LONGITUDE: 124 14 W
TEMPERATURE IN F: :PCPN: SNOW: WIND :SUNSHINE: SKY :PK WND
================================================================================
1 2 3 4 5 6A 6B 7 8 9 10 11 12 13 14 15 16 17 18
12Z AVG MX 2MIN
DY MAX MIN AVG DEP HDD CDD WTR SNW DPTH SPD SPD DIR MIN PSBL S-S WX SPD DR
================================================================================
1 55 40 48 -7 17 0 0.00 M M 12.0 25 330 M M 1 1 40 330
2 55 43 49 -6 16 0 0.00 M M 7.4 16 150 M M 3 1 25 350
3 57 42 50 -5 15 0 0.00 M M 8.4 24 330 M M 3 1 37 350
4 56 47 52 -3 13 0 0.00 M M 8.7 23 340 M M 7 18 37 350
5 57 44 51 -4 14 0 0.00 M M 7.5 21 170 M M 5 18 30 170
6 55 48 52 -3 13 0 0.00 M M 9.6 17 180 M M 10 1 22 170
7 56 50 53 -2 12 0 T M M 4.3 9 180 M M 10 1 13 180
8 56 50 53 -2 12 0 0.00 M M 4.4 10 180 M M 10 18 14 190
9 58 49 54 -1 11 0 0.00 M M 6.2 13 320 M M 10 18 15 320
10 61 52 57 2 8 0 0.00 M M 6.8 20 160 M M 5 27 160
11 61 52 57 2 8 0 T M M 8.7 22 180 M M 8 1 29 180
12 60 52 56 1 9 0 0.00 M M 5.8 13 200 M M 10 1 19 170
13 63 53 58 3 7 0 T M M 6.5 18 330 M M 9 1 30 320
14 60 52 56 1 9 0 0.00 M M 17.1 31 330 M M 3 1 51 340
15 60 50 55 0 10 0 0.00 0.0 M 17.5 25 330 M M 0 8 43 340
16 62 50 56 0 9 0 0.00 M M 13.0 22 340 M M 0 36 320
17 60 50 55 -1 10 0 0.00 M M 6.6 15 310 M M 6 1 22 340
18 60 49 55 -1 10 0 0.00 M M 5.4 15 320 M M 5 1 20 320
19 58 46 52 -4 13 0 0.10 M M 4.3 13 190 M M 6 1 16 170
20 60 43 52 -4 13 0 0.00 M M 4.7 10 260 M M 1 1 14 260
21 61 45 53 -3 12 0 0.00 M M 5.9 16 160 M M 1 18 22 170
22 57 50 54 -2 11 0 0.00 M M 6.9 21 190 M M 9 1 29 190
23 57 54 56 0 9 0 0.00 M M 6.3 12 180 M M 10 1 15 180
24 58 53 56 0 9 0 0.00 M M 3.2 8 310 M M 10 M M
25 59 53 56 0 9 0 0.00 M M 6.1 15 150 M M 9 1 21 150
26 60 53 57 1 8 0 0.00 M M 7.6 21 170 M M 9 27 170
27 57 53 55 -1 10 0 0.00 M M 5.0 13 330 M M 10 1 17 320
28 59 53 56 0 9 0 0.00 M M 6.8 21 170 M M 10 1 28 160
29 57 53 55 -1 10 0 0.00 M M 5.4 15 170 M M 10 1 20 150
30 60 52 56 0 9 0 0.00 M M 6.0 15 170 M M 9 1 22 170
================================================================================
SM 1755 1481 325 0 0.10 0.0 224.1 M 199
================================================================================
AV 58.5 49.4 7.5 FASTST M M 7 MAX(MPH)
MISC ----> 31 330 51 340
================================================================================
NOTES:
# LAST OF SEVERAL OCCURRENCES
COLUMN 17 PEAK WIND IN M.P.H.
PRELIMINARY LOCAL CLIMATOLOGICAL DATA (WS FORM: F-6) , PAGE 2
STATION: CRESCENT CITY CA
MONTH: JUNE
YEAR: 2023
LATITUDE: 41 46 N
LONGITUDE: 124 14 W
[TEMPERATURE DATA] [PRECIPITATION DATA] SYMBOLS USED IN COLUMN 16
AVERAGE MONTHLY: 53.9 TOTAL FOR MONTH: 0.10 1 = FOG OR MIST
DPTR FM NORMAL: -1.6 DPTR FM NORMAL: -1.30 2 = FOG REDUCING VISIBILITY
HIGHEST: 63 ON 13 GRTST 24HR 0.10 ON 19-19 TO 1/4 MILE OR LESS
LOWEST: 40 ON 1 3 = THUNDER
SNOW, ICE PELLETS, HAIL 4 = ICE PELLETS
TOTAL MONTH: 0.0 INCH 5 = HAIL
GRTST 24HR 0.0 6 = FREEZING RAIN OR DRIZZLE
GRTST DEPTH: M ON M 7 = DUSTSTORM OR SANDSTORM:
VSBY 1/2 MILE OR LESS
8 = SMOKE OR HAZE
[NO. OF DAYS WITH] [WEATHER - DAYS WITH] 9 = BLOWING SNOW
X = TORNADO
MAX 32 OR BELOW: 0 0.01 INCH OR MORE: 1
MAX 90 OR ABOVE: 0 0.10 INCH OR MORE: 1
MIN 32 OR BELOW: 0 0.50 INCH OR MORE: 0
MIN 0 OR BELOW: 0 1.00 INCH OR MORE: 0
[HDD (BASE 65) ]
TOTAL THIS MO. 325 CLEAR (SCALE 0-3) 8
DPTR FM NORMAL 38 PTCLDY (SCALE 4-7) 7
TOTAL FM JUL 1 4785 CLOUDY (SCALE 8-10) 15
DPTR FM NORMAL 361
[CDD (BASE 65) ]
TOTAL THIS MO. 0
DPTR FM NORMAL 0 [PRESSURE DATA]
TOTAL FM JAN 1 1 HIGHEST SLP 30.24 ON 20
DPTR FM NORMAL 1 LOWEST SLP 29.75 ON 5
[REMARKS]
#FINAL-06-23#