000
CXUS56 KEKA 011230
CF6CEC
PRELIMINARY LOCAL CLIMATOLOGICAL DATA (WS FORM: F-6)
STATION: CRESCENT CITY CA
MONTH: SEPTEMBER
YEAR: 2021
LATITUDE: 41 46 N
LONGITUDE: 124 14 W
TEMPERATURE IN F: :PCPN: SNOW: WIND :SUNSHINE: SKY :PK WND
================================================================================
1 2 3 4 5 6A 6B 7 8 9 10 11 12 13 14 15 16 17 18
12Z AVG MX 2MIN
DY MAX MIN AVG DEP HDD CDD WTR SNW DPTH SPD SPD DIR MIN PSBL S-S WX SPD DR
================================================================================
1 62 42 52 -6 13 0 0.00 M M 7.5 21 180 M M 6 18 29 350
2 55 42 49 -9 16 0 0.00 0.0 M 7.2 17 170 M M 10 28 22 170
3 53 49 51 -7 14 0 0.00 M M 4.5 14 150 M M 10 2 16 150
4 59 48 54 -4 11 0 0.00 M M 3.6 9 200 M M 8 28 13 180
5 64 50 57 -1 8 0 0.00 M M 3.8 9 180 M M 8 28 14 270
6 64 51 58 0 7 0 0.00 M M 4.6 10 180 M M 4 28 13 160
7 62 50 56 -2 9 0 0.01 M M 4.5 22 220 M M 5 28 25 220
8 61 52 57 -1 8 0 0.00 M M 3.5 10 330 M M 10 28 14 320
9 62 53 58 0 7 0 0.00 0.0 M 4.1 9 170 M M 10 28 12 170
10 65 51 58 0 7 0 0.00 0.0 M 5.7 13 310 M M 6 28 16 150
11 61 50 56 -2 9 0 0.00 0.0 M 6.0 14 170 M M 4 28 17 170
12 64 52 58 0 7 0 0.00 0.0 M 7.0 18 170 M M 6 28 26 350
13 63 46 55 -3 10 0 0.00 M M 6.5 20 350 M M 1 28 26 350
14 64 45 55 -3 10 0 0.00 M M 6.1 18 340 M M 1 28 27 340
15 66 47 57 0 8 0 0.00 M M 7.9 21 340 M M 0 18 34 340
16 62 43 53 -4 12 0 0.00 M M 7.5 21 180 M M 4 28 27 170
17 62 44 53 -4 12 0 0.00 M M 7.9 18 160 M M 7 18 27 170
18 64 56 60 3 5 0 1.49 M M 13.1 25 260 M M 10 18 38 260
19 65 53 59 2 6 0 0.27 M M 8.1 22 160 M M 4 18 32 150
20 64 52 58 1 7 0 0.00 M M 8.6 21 340 M M 1 18 33 330
21 83 52 68 11 0 3 0.00 M M 6.9 15 170 M M 0 18 19 170
22 64 49 57 0 8 0 0.00 M M 7.0 17 350 M M 3 28 27 10
23 69 44 57 0 8 0 0.00 M M 5.4 14 330 M M 2 28 20 350
24 73 51 62 5 3 0 0.00 M M 7.5 14 160 M M 1 28 14 160
25 60 52 56 -1 9 0 0.00 M M 10.8 18 160 M M 10 28 26 170
26 63 55 59 2 6 0 0.00 M M 10.7 18 160 M M 10 18 26 160
27 60 49 55 -2 10 0 1.68 M M 9.3 23 180 M M 10 1 31 190
28 63 47 55 -1 10 0 0.06 M M 4.3 9 320 M M 6 28 13 340
29 63 45 54 -2 11 0 0.00 M M 3.1 10 310 M M 2 28 13 330
30 65 47 56 0 9 0 0.00 M M 6.9 16 340 M M 3 28 26 340
================================================================================
SM 1905 1467 260 3 3.51 0.0 199.6 M 162
================================================================================
AV 63.5 48.9 6.7 FASTST M M 5 MAX(MPH)
MISC ----> 25 260 38 260
================================================================================
NOTES:
# LAST OF SEVERAL OCCURRENCES
COLUMN 17 PEAK WIND IN M.P.H.
PRELIMINARY LOCAL CLIMATOLOGICAL DATA (WS FORM: F-6) , PAGE 2
STATION: CRESCENT CITY CA
MONTH: SEPTEMBER
YEAR: 2021
LATITUDE: 41 46 N
LONGITUDE: 124 14 W
[TEMPERATURE DATA] [PRECIPITATION DATA] SYMBOLS USED IN COLUMN 16
AVERAGE MONTHLY: 56.2 TOTAL FOR MONTH: 3.51 1 = FOG OR MIST
DPTR FM NORMAL: -1.1 DPTR FM NORMAL: 2.41 2 = FOG REDUCING VISIBILITY
HIGHEST: 83 ON 21 GRTST 24HR 1.76 ON 18-19 TO 1/4 MILE OR LESS
LOWEST: 42 ON 2, 1 3 = THUNDER
SNOW, ICE PELLETS, HAIL 4 = ICE PELLETS
TOTAL MONTH: 0.0 INCH 5 = HAIL
GRTST 24HR 0.0 6 = FREEZING RAIN OR DRIZZLE
GRTST DEPTH: M ON M 7 = DUSTSTORM OR SANDSTORM:
VSBY 1/2 MILE OR LESS
8 = SMOKE OR HAZE
[NO. OF DAYS WITH] [WEATHER - DAYS WITH] 9 = BLOWING SNOW
X = TORNADO
MAX 32 OR BELOW: 0 0.01 INCH OR MORE: 5
MAX 90 OR ABOVE: 0 0.10 INCH OR MORE: 3
MIN 32 OR BELOW: 0 0.50 INCH OR MORE: 2
MIN 0 OR BELOW: 0 1.00 INCH OR MORE: 2
[HDD (BASE 65) ]
TOTAL THIS MO. 260 CLEAR (SCALE 0-3) 10
DPTR FM NORMAL 29 PTCLDY (SCALE 4-7) 11
TOTAL FM JUL 1 722 CLOUDY (SCALE 8-10) 9
DPTR FM NORMAL 50
[CDD (BASE 65) ]
TOTAL THIS MO. 3
DPTR FM NORMAL 2 [PRESSURE DATA]
TOTAL FM JAN 1 3 HIGHEST SLP 30.24 ON 28
DPTR FM NORMAL 1 LOWEST SLP 29.78 ON 1
[REMARKS]
#FINAL-09-21#