000
CXUS55 KGJT 011711
CLMCEZ
CLIMATE REPORT
NATIONAL WEATHER SERVICE GRAND JUNCTION CO
1011 AM MST MON JAN 01 2024
...................................
...THE CORTEZ CO CLIMATE SUMMARY FOR THE MONTH OF DECEMBER 2023...
CLIMATE NORMAL PERIOD 1991 TO 2020
CLIMATE RECORD PERIOD 9999 TO 9999
WEATHER OBSERVED NORMAL DEPART LAST YEAR`S
VALUE DATE(S) VALUE FROM VALUE DATE(S)
NORMAL
................................................................
TEMPERATURE (F)
HIGHEST 55 12/07 MM MM 57 12/01
12/12
LOWEST 7 12/29 MM MM 2 12/17
AVG. MAXIMUM 45.6 42.0 3.6 43.9
AVG. MINIMUM 19.0 15.1 3.9 17.5
MEAN 32.3 28.6 3.7 30.7
DAYS MAX >= 90 0 0.0 0.0 0
DAYS MAX <= 32 0 3.6 -3.6 4
DAYS MIN <= 32 30 30.2 -0.2 29
DAYS MIN <= 0 0 2.0 -2.0 0
PRECIPITATION (INCHES)
TOTALS 0.66 0.80 -0.14 1.53
DAILY AVG. 0.02 0.03 -0.01 0.05
DAYS >= .01 7 6.7 0.3 9
DAYS >= .10 2 2.6 -0.6 3
DAYS >= .50 0 0.2 -0.2 1
DAYS >= 1.00 0 0.0 0.0 0
GREATEST
24 HR. TOTAL 0.31 12/13 TO 12/14 0.94
SNOWFALL (INCHES)
TOTALS MM MM MM MM
SINCE 7/1 MM MM MM MM
SNOWDEPTH AVG. MM MM
DAYS >= 1.0 MM MM MM MM
GREATEST
SNOW DEPTH MM MM MM
24 HR TOTAL MM MM
DEGREE DAYS
HEATING TOTAL 1003 1130 -127 1057
SINCE 7/1 2326 2594 -268 2531
COOLING TOTAL 0 0 0 0
SINCE 1/1 579 489 90 745
................................................................
WIND (MPH)
AVERAGE WIND SPEED 5.3
HIGHEST WIND SPEED/DIRECTION 26/280 DATE 12/08
HIGHEST GUST SPEED/DIRECTION 39/100 DATE 12/13
SKY COVER
POSSIBLE SUNSHINE (PERCENT) MM
AVERAGE SKY COVER 0.24
NUMBER OF DAYS FAIR 21
NUMBER OF DAYS PC 8
NUMBER OF DAYS CLOUDY 2
AVERAGE RH (PERCENT) 64
WEATHER CONDITIONS. NUMBER OF DAYS WITH
THUNDERSTORM 1 MIXED PRECIP 0
HEAVY RAIN 1 RAIN 2
LIGHT RAIN 7 FREEZING RAIN 0
LT FREEZING RAIN 0 HAIL 0
HEAVY SNOW 0 SNOW 1
LIGHT SNOW 4 SLEET 0
FOG 12 FOG W/VIS <= 1/4 MILE 5
HAZE 0
- INDICATES NEGATIVE NUMBERS.
R INDICATES RECORD WAS SET OR TIED.
MM INDICATES DATA IS MISSING.
T INDICATES TRACE AMOUNT.
$$