000
CXUS52 KCHS 010915
CF6CHS
PRELIMINARY LOCAL CLIMATOLOGICAL DATA (WS FORM: F-6)
STATION: NORTH CHARLESTON SC
MONTH: FEBRUARY
YEAR: 2024
LATITUDE: 32 54 N
LONGITUDE: 80 2 W
TEMPERATURE IN F: :PCPN: SNOW: WIND :SUNSHINE: SKY :PK WND
================================================================================
1 2 3 4 5 6A 6B 7 8 9 10 11 12 13 14 15 16 17 18
12Z AVG MX 2MIN
DY MAX MIN AVG DEP HDD CDD WTR SNW DPTH SPD SPD DIR MIN PSBL S-S WX SPD DR
================================================================================
1 63 35 49 -1 16 0 0.00 0.0 0 4.6 12 210 M M 1 1 12 210
2 69 42 56 6 9 0 0.00 0.0 0 4.1 8 250 M M 5 10 240
3 62 43 53 2 12 0 0.00 0.0 0 9.1 17 50 M M 1 26 50
4 59 41 50 -1 15 0 0.06 0.0 0 12.5 23 60 M M 7 33 40
5 55 47 51 0 14 0 0.91 0.0 0 13.2 26 30 M M 9 1 37 30
6 60 44 52 1 13 0 0.00 0.0 0 15.1 24 360 M M 3 34 350
7 60 36 48 -3 17 0 0.00 0.0 0 9.0 17 30 M M 0 26 20
8 64 33 49 -2 16 0 0.00 0.0 0 3.7 13 100 M M 4 17 100
9 72 43 58 6 7 0 0.00 0.0 0 5.1 14 200 M M 8 17 200
10 76 51 64 12 1 0 0.00 0.0 0 7.7 21 200 M M 8 1 27 190
11 75 55 65 13 0 0 0.49 0.0 0 7.8 23 230 M M 8 13 33 230
12 66 61 64 12 1 0 1.72 0.0 0 6.9 21 220 M M 10 1 30 210
13 66 47 57 5 8 0 T 0.0 0 12.9 32 250 M M 3 47 260
14 68 39 54 2 11 0 0.00 0.0 0 4.5 13 180 M M 1 16 190
15 72 41 57 4 8 0 0.00 0.0 0 6.7 23 220 M M 4 33 240
16 72 51 62 9 3 0 0.00 0.0 0 5.6 16 170 M M 7 22 200
17 67 51 59 6 6 0 0.00 0.0 0 10.0 16 260 M M 10 22 230
18 51 39 45 -8 20 0 0.00 0.0 0 6.1 13 20 M M 10 17 30
19 64 33 49 -5 16 0 0.00 0.0 0 4.1 17 10 M M 4 23 20
20 64 32 48 -6 17 0 0.00 0.0 0 6.1 16 10 M M 1 24 60
21 65 35 50 -4 15 0 0.00 0.0 0 7.1 15 330 M M 1 24 10
22 68 37 53 -1 12 0 0.00 0.0 0 7.1 18 170 M M 4 24 180
23 73 51 62 8 3 0 0.28 0.0 0 12.2 23 350 M M 7 1 32 190
24 70 48 59 5 6 0 T 0.0 0 9.9 25 280 M M 3 42 270
25 62 39 51 -4 14 0 0.00 0.0 0 6.4 15 20 M M 1 21 180
26 70 39 55 0 10 0 0.00 0.0 0 5.8 17 170 M M 2 23 170
27 73 50 62 7 3 0 0.00 0.0 0 11.4 28 200 M M 5 38 210
28 78 57 68 13 0 3 0.00 0.0 0 13.8 28 200 M M 7 40 190
29 66 49 58 2 7 0 0.00 0.0 0 11.5 22 10 M M 9 28 350
================================================================================
SM 1930 1269 280 3 3.46 0.0 240.0 M 143
================================================================================
AV 66.6 43.8 8.3 FASTST M M 5 MAX(MPH)
MISC ----> 32 250 47 260
================================================================================
NOTES:
# LAST OF SEVERAL OCCURRENCES
COLUMN 17 PEAK WIND IN M.P.H.
PRELIMINARY LOCAL CLIMATOLOGICAL DATA (WS FORM: F-6) , PAGE 2
STATION: NORTH CHARLESTON SC
MONTH: FEBRUARY
YEAR: 2024
LATITUDE: 32 54 N
LONGITUDE: 80 2 W
[TEMPERATURE DATA] [PRECIPITATION DATA] SYMBOLS USED IN COLUMN 16
AVERAGE MONTHLY: 55.2 TOTAL FOR MONTH: 3.46 1 = FOG OR MIST
DPTR FM NORMAL: 2.5 DPTR FM NORMAL: 0.41 2 = FOG REDUCING VISIBILITY
HIGHEST: 78 ON 28 GRTST 24HR 2.21 ON 11-12 TO 1/4 MILE OR LESS
LOWEST: 32 ON 20 3 = THUNDER
SNOW, ICE PELLETS, HAIL 4 = ICE PELLETS
TOTAL MONTH: 0.0 INCH 5 = HAIL
GRTST 24HR 0.0 6 = FREEZING RAIN OR DRIZZLE
GRTST DEPTH: 0 7 = DUSTSTORM OR SANDSTORM:
VSBY 1/2 MILE OR LESS
8 = SMOKE OR HAZE
[NO. OF DAYS WITH] [WEATHER - DAYS WITH] 9 = BLOWING SNOW
X = TORNADO
MAX 32 OR BELOW: 0 0.01 INCH OR MORE: 5
MAX 90 OR ABOVE: 0 0.10 INCH OR MORE: 4
MIN 32 OR BELOW: 1 0.50 INCH OR MORE: 2
MIN 0 OR BELOW: 0 1.00 INCH OR MORE: 1
[HDD (BASE 65) ]
TOTAL THIS MO. 280 CLEAR (SCALE 0-3) 10
DPTR FM NORMAL -72 PTCLDY (SCALE 4-7) 14
TOTAL FM JUL 1 1261 CLOUDY (SCALE 8-10) 5
DPTR FM NORMAL -292
[CDD (BASE 65) ]
TOTAL THIS MO. 3
DPTR FM NORMAL -4 [PRESSURE DATA]
TOTAL FM JAN 1 27 HIGHEST SLP 30.44 ON 29
DPTR FM NORMAL 16 LOWEST SLP 29.54 ON 23
[REMARKS]
#FINAL-02-24#