554
CXUS54 KOHX 012024
CF6CKV
PRELIMINARY LOCAL CLIMATOLOGICAL DATA (WS FORM: F-6)
STATION: CLARKSVILLE
MONTH: APRIL
YEAR: 2020
LATITUDE: 36 37 N
LONGITUDE: 87 25 W
TEMPERATURE IN F: :PCPN: SNOW: WIND :SUNSHINE: SKY :PK WND
================================================================================
1 2 3 4 5 6A 6B 7 8 9 10 11 12 13 14 15 16 17 18
12Z AVG MX 2MIN
DY MAX MIN AVG DEP HDD CDD WTR SNW DPTH SPD SPD DIR MIN PSBL S-S WX SPD DR
================================================================================
1 59 37 48 -5 17 0 0.00 M M 4.3 12 350 M M 2 17 340
2 66 36 51 -3 14 0 0.00 M M 2.9 9 110 M M 0 1 17 110
3 70 42 56 2 9 0 0.02 M M 2.0 14 210 M M 5 17 220
4 72 50 61 7 4 0 0.00 M M 6.3 15 10 M M 4 19 360
5 73 45 59 5 6 0 0.00 M M 4.8 13 340 M M 4 18 17 360
6 80 49 65 10 0 0 0.00 M M 1.7 8 350 M M 1 18 12 10
7 81 58 70 15 0 5 0.00 M M 9.2 21 220 M M 5 29 210
8 81 61 71 16 0 6 0.49 M M 8.2 36 300 M M 6 13 53 310
9 64 46 55 -1 10 0 0.00 M M 14.2 29 350 M M 2 38 350
10 56 34 45 -11 20 0 0.00 M M 7.2 24 360 M M 0 32 350
11 69 33 51 -5 14 0 0.00 M M 5.5 17 200 M M 1 1 25 210
12 63 53 58 2 7 0 1.17 M M 8.0 28 130 M M 7 13 37 130
13 57 41 49 -8 16 0 0.19 M M 11.7 31 310 M M 8 13 47 310
14 49 33 41 -16 24 0 0.00 M M 6.2 18 330 M M 5 26 340
15 60 27 44 -13 21 0 0.00 M M 6.8 20 260 M M 2 1 30 270
16 63 33 48 -10 17 0 0.00 M M 5.8 13 110 M M 0 17 140
17 75 42 59 1 6 0 0.20 M M 13.3 29 210 M M 5 1 45 220
18 59 39 49 -9 16 0 0.00 M M 7.7 20 340 M M 3 1 26 340
19 58 43 51 -7 14 0 0.11 M M 4.6 12 340 M M 6 1 15 340
20 71 43 57 -2 8 0 0.00 M M 6.9 26 250 M M 0 1 38 270
21 71 44 58 -1 7 0 0.01 M M 9.6 28 330 M M 2 13 36 320
22 71 38 55 -5 10 0 0.11 M M 6.8 21 210 M M 4 1 31 200
23 65 53 59 -1 6 0 0.27 M M 9.2 20 190 M M 8 1 26 190
24 73 54 64 4 1 0 0.00 M M 5.0 12 300 M M 5 16 300
25 65 51 58 -2 7 0 0.67 M M 10.2 24 280 M M 8 13 35 280
26 54 39 47 -14 18 0 0.00 M M 12.0 26 310 M M 8 36 300
27 70 34 52 -9 13 0 0.00 M M 2.7 7 360 M M 1 1 10 350
28 79 54 67 6 0 2 0.01 M M 9.1 25 190 M M 6 36 210
29 68 52 60 -2 5 0 0.47 M M 11.5 30 310 M M 7 1 40 320
30 68 47 58 -4 7 0 0.00 M M 11.5 24 310 M M 6 34 320
================================================================================
SM 2010 1311 297 13 3.72 M 224.9 M 121
================================================================================
AV 67.0 43.7 7.5 FASTST M M 4 MAX(MPH)
MISC ----> # 36 300 # 53 310
================================================================================
NOTES:
# LAST OF SEVERAL OCCURRENCES
COLUMN 17 PEAK WIND IN M.P.H.
PRELIMINARY LOCAL CLIMATOLOGICAL DATA (WS FORM: F-6) , PAGE 2
STATION: CLARKSVILLE
MONTH: APRIL
YEAR: 2020
LATITUDE: 36 37 N
LONGITUDE: 87 25 W
[TEMPERATURE DATA] [PRECIPITATION DATA] SYMBOLS USED IN COLUMN 16
AVERAGE MONTHLY: 55.4 TOTAL FOR MONTH: 3.72 1 = FOG OR MIST
DPTR FM NORMAL: -2.2 DPTR FM NORMAL: -0.75 2 = FOG REDUCING VISIBILITY
HIGHEST: 81 ON 8, 7 GRTST 24HR 1.17 ON 12-12 TO 1/4 MILE OR LESS
LOWEST: 27 ON 15 3 = THUNDER
SNOW, ICE PELLETS, HAIL 4 = ICE PELLETS
TOTAL MONTH: M 5 = HAIL
GRTST 24HR M ON M 6 = FREEZING RAIN OR DRIZZLE
GRTST DEPTH: M ON M 7 = DUSTSTORM OR SANDSTORM:
VSBY 1/2 MILE OR LESS
8 = SMOKE OR HAZE
[NO. OF DAYS WITH] [WEATHER - DAYS WITH] 9 = BLOWING SNOW
X = TORNADO
MAX 32 OR BELOW: 0 0.01 INCH OR MORE: 12
MAX 90 OR ABOVE: 0 0.10 INCH OR MORE: 9
MIN 32 OR BELOW: 1 0.50 INCH OR MORE: 2
MIN 0 OR BELOW: 0 1.00 INCH OR MORE: 1
[HDD (BASE 65) ]
TOTAL THIS MO. 297 CLEAR (SCALE 0-3) 11
DPTR FM NORMAL 46 PTCLDY (SCALE 4-7) 16
TOTAL FM JUL 1 3510 CLOUDY (SCALE 8-10) 3
DPTR FM NORMAL -435
[CDD (BASE 65) ]
TOTAL THIS MO. 13
DPTR FM NORMAL -15 [PRESSURE DATA]
TOTAL FM JAN 1 33 HIGHEST SLP 30.38 ON 16
DPTR FM NORMAL -3 LOWEST SLP 29.33 ON 12
[REMARKS]
#FINAL-04-20#