000
CXUS54 KHGX 010657
CLMCLL
CLIMATE REPORT
NATIONAL WEATHER SERVICE HOUSTON/GALVESTON TX
1257 AM CST THU FEB 01 2024
...................................
...THE COLLEGE STATION CLIMATE SUMMARY FOR THE MONTH OF JANUARY 2024...
CLIMATE NORMAL PERIOD: 1991 TO 2020
CLIMATE RECORD PERIOD: 1888 TO 2024
WEATHER OBSERVED NORMAL DEPART LAST YEAR`S
VALUE DATE(S) VALUE FROM VALUE DATE(S)
NORMAL
................................................................
TEMPERATURE (F)
RECORD
HIGH 86 01/23/1972
01/30/1911
LOW -3 01/31/1949
HIGHEST 77 01/31 MM MM 80 01/11
LOWEST 16 01/17 MM MM 32 01/26
01/27
AVG. MAXIMUM 58.8 61.7 -2.9 66.0
AVG. MINIMUM 37.8 41.3 -3.5 46.1
MEAN 48.3 51.5 -3.2 56.0
DAYS MAX >= 90 0 0.0 0.0 0
DAYS MAX <= 32 2 0.2 1.8 0
DAYS MIN <= 32 9 5.9 3.1 2
DAYS MIN <= 0 0 0.0 0.0 0
PRECIPITATION (INCHES)
RECORD
MAXIMUM 15.60 1991
TOTALS 7.78 3.43 4.35 2.04
DAILY AVG. 0.25 0.11 0.14 0.07
DAYS >= .01 10 9.0 1.0 10
DAYS >= .10 8 5.1 2.9 5
DAYS >= .50 5 2.1 2.9 1
DAYS >= 1.00 3 1.0 2.0 0
GREATEST
24 HR. TOTAL 2.50 01/22 TO 01/22 0.92 01/24 TO 01/24
SNOWFALL (INCHES)
RECORDS
TOTAL T 2022
TOTALS TR
SINCE 7/1 T
LIQUID 7/1 -0.10
DAYS >= TRACE 2
GREATEST
24 HR TOTAL MM
DEGREE DAYS
HEATING TOTAL 509 430 79 290
SINCE 7/1 995 1044 -49 MM
COOLING TOTAL 0 11 -11 21
SINCE 1/1 0 11 -11 MM
................................................................
WIND (MPH)
AVERAGE WIND SPEED 9.1
HIGHEST WIND SPEED/DIRECTION 33/320 DATE 01/08
HIGHEST GUST SPEED/DIRECTION 51/330 DATE 01/08
SKY COVER
AVERAGE SKY COVER 0.46
AVERAGE RH (PERCENT) 69
WEATHER CONDITIONS. NUMBER OF DAYS WITH
THUNDERSTORM 5 MIXED PRECIP 0
HEAVY RAIN 7 RAIN 6
LIGHT RAIN 12 FREEZING RAIN 0
LT FREEZING RAIN 2 HAIL 0
HEAVY SNOW 0 SNOW 0
LIGHT SNOW 1 SLEET 0
FOG 16 FOG W/VIS <= 1/4 MILE 4
HAZE 0
- INDICATES NEGATIVE NUMBERS.
R INDICATES RECORD WAS SET OR TIED.
MM INDICATES DATA IS MISSING.
T INDICATES TRACE AMOUNT.
$$