000
CXUS52 KGSP 011551
CF6CLT
PRELIMINARY LOCAL CLIMATOLOGICAL DATA (WS FORM: F-6)
STATION: CHARLOTTE NC
MONTH: OCTOBER
YEAR: 2021
LATITUDE: 35 12 N
LONGITUDE: 80 57 W
TEMPERATURE IN F: :PCPN: SNOW: WIND :SUNSHINE: SKY :PK WND
================================================================================
1 2 3 4 5 6A 6B 7 8 9 10 11 12 13 14 15 16 17 18
12Z AVG MX 2MIN
DY MAX MIN AVG DEP HDD CDD WTR SNW DPTH SPD SPD DIR MIN PSBL S-S WX SPD DR
================================================================================
1 83 63 73 5 0 8 0.00 0.0 0 5.7 10 40 M M 8 1 20 60
2 84 64 74 7 0 9 0.00 0.0 0 4.2 13 190 M M 6 18 220
3 85 64 75 8 0 10 T 0.0 0 5.9 14 200 M M 6 1 18 220
4 82 68 75 9 0 10 T 0.0 0 3.7 12 240 M M 8 16 240
5 87 68 78 12 0 13 T 0.0 0 5.8 15 140 M M 8 21 130
6 86 71 79 13 0 14 0.52 0.0 0 7.9 17 100 M M 9 1 26 80
7 74 69 72 7 0 7 0.02 0.0 0 8.7 15 70 M M 10 1 24 70
8 69 66 68 3 0 3 0.13 0.0 0 6.9 18 100 M M 9 1 25 90
9 76 66 71 6 0 6 0.00 0.0 0 9.2 17 40 M M 8 1 26 30
10 81 61 71 7 0 6 0.00 0.0 0 9.3 17 20 M M 5 24 70
11 72 61 67 3 0 2 0.00 0.0 0 6.7 12 30 M M 8 1 17 110
12 82 64 73 10 0 8 0.00 0.0 0 3.3 8 140 M M 6 13 50
13 84 57 71 8 0 6 0.00 0.0 0 2.0 9 230 M M 4 1 12 260
14 87 60 74 11 0 9 0.00 0.0 0 3.5 10 50 M M 5 1 19 50
15 87 56 72 10 0 7 0.00 0.0 0 2.9 9 220 M M 1 1 13 150
16 85 51 68 6 0 3 0.00 0.0 0 9.2 22 320 M M 2 30 310
17 70 39 55 -6 10 0 0.00 0.0 0 5.1 13 340 M M 0 20 350
18 75 40 58 -3 7 0 0.00 0.0 0 3.7 10 270 M M 0 16 250
19 77 40 59 -2 6 0 0.00 0.0 0 3.1 9 220 M M 1 15 70
20 81 47 64 4 1 0 0.00 0.0 0 2.5 8 190 M M 2 1 11 220
21 81 53 67 7 0 2 T 0.0 0 8.0 17 210 M M 5 26 200
22 78 56 67 7 0 2 0.07 0.0 0 5.1 14 220 M M 7 1 19 220
23 76 47 62 3 3 0 0.00 0.0 0 3.3 9 10 M M 1 1 13 50
24 78 46 62 3 3 0 0.00 0.0 0 4.3 12 170 M M 4 1 15 180
25 82 59 71 13 0 6 T 0.0 0 6.4 21 220 M M 7 28 210
26 72 50 61 3 4 0 0.00 0.0 0 10.0 20 330 M M 1 1 28 330
27 72 39 56 -2 9 0 0.00 0.0 0 2.9 12 350 M M 3 14 350
28 63 44 54 -3 11 0 0.40 0.0 0 8.1 18 110 M M 7 1 26 110
29 68 52 60 3 5 0 0.01 0.0 0 10.0 18 230 M M 9 13 24 200
30 64 52 58 2 7 0 T 0.0 0 6.5 13 190 M M 9 17 220
31 73 50 62 6 3 0 0.00 0.0 0 6.4 16 320 M M 5 1 23 320
================================================================================
SM 2414 1723 69 131 1.15 0.0 180.3 M 164
================================================================================
AV 77.9 55.6 5.8 FASTST M M 5 MAX(MPH)
MISC ----> 22 320 30 310
================================================================================
NOTES:
# LAST OF SEVERAL OCCURRENCES
COLUMN 17 PEAK WIND IN M.P.H.
PRELIMINARY LOCAL CLIMATOLOGICAL DATA (WS FORM: F-6) , PAGE 2
STATION: CHARLOTTE NC
MONTH: OCTOBER
YEAR: 2021
LATITUDE: 35 12 N
LONGITUDE: 80 57 W
[TEMPERATURE DATA] [PRECIPITATION DATA] SYMBOLS USED IN COLUMN 16
AVERAGE MONTHLY: 66.7 TOTAL FOR MONTH: 1.15 1 = FOG OR MIST
DPTR FM NORMAL: 4.8 DPTR FM NORMAL: -2.01 2 = FOG REDUCING VISIBILITY
HIGHEST: 87 ON 15,14 GRTST 24HR 0.53 ON 6- 7 TO 1/4 MILE OR LESS
LOWEST: 39 ON 27,17 3 = THUNDER
SNOW, ICE PELLETS, HAIL 4 = ICE PELLETS
TOTAL MONTH: 0.0 INCH 5 = HAIL
GRTST 24HR 0.0 6 = FREEZING RAIN OR DRIZZLE
GRTST DEPTH: 0 7 = DUSTSTORM OR SANDSTORM:
VSBY 1/2 MILE OR LESS
8 = SMOKE OR HAZE
[NO. OF DAYS WITH] [WEATHER - DAYS WITH] 9 = BLOWING SNOW
X = TORNADO
MAX 32 OR BELOW: 0 0.01 INCH OR MORE: 6
MAX 90 OR ABOVE: 0 0.10 INCH OR MORE: 3
MIN 32 OR BELOW: 0 0.50 INCH OR MORE: 1
MIN 0 OR BELOW: 0 1.00 INCH OR MORE: 0
[HDD (BASE 65) ]
TOTAL THIS MO. 69 CLEAR (SCALE 0-3) 9
DPTR FM NORMAL -83 PTCLDY (SCALE 4-7) 15
TOTAL FM JUL 1 72 CLOUDY (SCALE 8-10) 7
DPTR FM NORMAL -92
[CDD (BASE 65) ]
TOTAL THIS MO. 131
DPTR FM NORMAL 77 [PRESSURE DATA]
TOTAL FM JAN 1 1926 HIGHEST SLP 30.27 ON 20
DPTR FM NORMAL 165 LOWEST SLP 29.47 ON 29
[REMARKS]
#FINAL-10-21#