000
CXUS56 KLOX 011155
CF6CMA
PRELIMINARY LOCAL CLIMATOLOGICAL DATA (WS FORM: F-6)
STATION: CAMARILLO AIRPORT CA
MONTH: APRIL
YEAR: 2023
LATITUDE: 34 12 N
LONGITUDE: 119 6 W
TEMPERATURE IN F: :PCPN: SNOW: WIND :SUNSHINE: SKY :PK WND
================================================================================
1 2 3 4 5 6A 6B 7 8 9 10 11 12 13 14 15 16 17 18
12Z AVG MX 2MIN
DY MAX MIN AVG DEP HDD CDD WTR SNW DPTH SPD SPD DIR MIN PSBL S-S WX SPD DR
================================================================================
1 68 42 55 -4 10 0 0.00 M M 4.1 14 260 M M 0 8 18 260
2 64 43 54 -5 11 0 0.00 M M 6.3 15 240 M M 2 21 250
3 65 45 55 -4 10 0 0.00 M M 10.5 31 280 M M 3 48 270
4 60 39 50 -9 15 0 0.00 M M 6.9 16 260 M M 0 22 240
5 68 38 53 -6 12 0 0.00 M M 6.7 23 260 M M 0 8 37 260
6 75 41 58 -2 7 0 0.00 M M 7.0 20 70 M M 0 31 240
7 67 48 58 -2 7 0 0.00 M M 5.6 15 260 M M 0 20 260
8 64 47 56 -4 9 0 0.00 M M 4.1 15 220 M M 1 19 220
9 69 50 60 0 5 0 0.00 M M 3.3 10 260 M M 4 12 14 260
10 68 51 60 0 5 0 0.00 M M 4.5 14 240 M M 6 128 19 230
11 64 52 58 -2 7 0 0.00 M M 4.7 13 220 M M 7 1 19 210
12 59 53 56 -4 9 0 0.00 M M 3.6 10 260 M M 10 18 13 270
13 63 53 58 -2 7 0 T M M 5.1 14 210 M M 9 8 23 230
14 64 49 57 -3 8 0 0.00 M M 4.5 14 220 M M 5 21 240
15 67 44 56 -4 9 0 0.00 M M 4.2 14 210 M M 0 18 230
16 65 45 55 -5 10 0 0.00 M M 4.0 14 270 M M 4 12 23 310
17 61 50 56 -4 9 0 0.00 M M 3.8 12 200 M M 10 1 16 210
18 66 48 57 -3 8 0 0.00 M M 5.6 16 220 M M 4 22 230
19 68 44 56 -4 9 0 0.00 M M 5.9 15 260 M M 0 21 240
20 80 45 63 3 2 0 0.00 M M 6.0 17 260 M M 0 21 260
21 87 53 70 10 0 5 0.00 M M 4.7 15 220 M M 0 20 230
22 77 53 65 5 0 0 0.00 M M 4.4 13 240 M M 0 16 220
23 69 52 61 0 4 0 0.00 M M 4.9 14 210 M M 0 8 19 210
24 67 53 60 -1 5 0 0.00 M M 4.7 14 220 M M 6 18 19 210
25 67 53 60 -1 5 0 0.00 M M 3.7 13 260 M M 8 18 20 260
26 66 53 60 -1 5 0 0.00 M M 4.3 13 260 M M 7 128 17 260
27 66 52 59 -2 6 0 0.00 M M 3.9 12 230 M M 8 128 19 200
28 65 53 59 -2 6 0 0.00 M M 4.4 12 240 M M 8 18 20 200
29 67 54 61 0 4 0 0.00 M M 3.8 13 260 M M 8 18 17 260
30 63 54 59 -2 6 0 0.00 M M 4.2 14 270 M M 10 18 19 260
================================================================================
SM 2019 1457 210 5 T M 149.4 M 120
================================================================================
AV 67.3 48.6 5.0 FASTST M M 4 MAX(MPH)
MISC ----> 31 280 48 270
================================================================================
NOTES:
# LAST OF SEVERAL OCCURRENCES
COLUMN 17 PEAK WIND IN M.P.H.
PRELIMINARY LOCAL CLIMATOLOGICAL DATA (WS FORM: F-6) , PAGE 2
STATION: CAMARILLO AIRPORT CA
MONTH: APRIL
YEAR: 2023
LATITUDE: 34 12 N
LONGITUDE: 119 6 W
[TEMPERATURE DATA] [PRECIPITATION DATA] SYMBOLS USED IN COLUMN 16
AVERAGE MONTHLY: 57.9 TOTAL FOR MONTH: T 1 = FOG OR MIST
DPTR FM NORMAL: -2.2 DPTR FM NORMAL: -0.64 2 = FOG REDUCING VISIBILITY
HIGHEST: 87 ON 21 GRTST 24HR T ON 13-13 TO 1/4 MILE OR LESS
LOWEST: 38 ON 5 3 = THUNDER
SNOW, ICE PELLETS, HAIL 4 = ICE PELLETS
TOTAL MONTH: M 5 = HAIL
GRTST 24HR M ON M 6 = FREEZING RAIN OR DRIZZLE
GRTST DEPTH: M ON M 7 = DUSTSTORM OR SANDSTORM:
VSBY 1/2 MILE OR LESS
8 = SMOKE OR HAZE
[NO. OF DAYS WITH] [WEATHER - DAYS WITH] 9 = BLOWING SNOW
X = TORNADO
MAX 32 OR BELOW: 0 0.01 INCH OR MORE: 0
MAX 90 OR ABOVE: 0 0.10 INCH OR MORE: 0
MIN 32 OR BELOW: 0 0.50 INCH OR MORE: 0
MIN 0 OR BELOW: 0 1.00 INCH OR MORE: 0
[HDD (BASE 65) ]
TOTAL THIS MO. 210 CLEAR (SCALE 0-3) 13
DPTR FM NORMAL 49 PTCLDY (SCALE 4-7) 13
TOTAL FM JUL 1 1880 CLOUDY (SCALE 8-10) 4
DPTR FM NORMAL 454
[CDD (BASE 65) ]
TOTAL THIS MO. 5
DPTR FM NORMAL -9 [PRESSURE DATA]
TOTAL FM JAN 1 5 HIGHEST SLP 30.19 ON 4
DPTR FM NORMAL -35 LOWEST SLP 29.79 ON 23
[REMARKS]
#FINAL-04-23#