000
CXUS53 KARX 011535
CF6CMY
PRELIMINARY LOCAL CLIMATOLOGICAL DATA (WS FORM: F-6)
STATION: SPARTA - FORT MCCOY WI
MONTH: OCTOBER
YEAR: 2023
LATITUDE: 43 58 N
LONGITUDE: 90 44 W
TEMPERATURE IN F: :PCPN: SNOW: WIND :SUNSHINE: SKY :PK WND
================================================================================
1 2 3 4 5 6A 6B 7 8 9 10 11 12 13 14 15 16 17 18
12Z AVG MX 2MIN
DY MAX MIN AVG DEP HDD CDD WTR SNW DPTH SPD SPD DIR MIN PSBL S-S WX SPD DR
================================================================================
1 90 61 76 M 0 11 0.00 0.0 0 5.7 16 240 M M 1 20 240
2 85 50 68 M 0 3 0.00 0.0 0 3.5 13 190 M M 1 17 210
3 86 51 69 M 0 4 0.00 0.0 0 6.1 15 180 M M 1 25 190
4 77 49 63 M 2 0 T 0.0 0 7.2 15 230 M M 5 22 240
5 71 37 54 M 11 0 0.00 0.0 0 7.1 18 280 M M 3 25 280
6 54 41 48 M 17 0 T 0.0 0 7.7 17 260 M M 5 1 24 260
7 52 36 44 M 21 0 0.00 0.0 0 3.8 14 320 M M 4 18 330
8 57 39 48 M 17 0 0.00 0.0 0 0.7 7 350 M M 9 M M
9 56 27 42 M 23 0 0.00 0.0 0 4.2 15 330 M M 3 21 310
10 60 30 45 M 20 0 0.00 0.0 0 2.7 12 330 M M 7 M M
11 63 28 46 M 19 0 0.00 0.0 0 0.0 M M M M 2 M M
12 50 40 45 M 20 0 0.19 0.0 0 3.9 13 80 M M 8 1 21 80
13 50 47 49 M 16 0 M 0.0 0 9.9 17 90 M M 10 1 25 100
14 56 47 52 M 13 0 M 0.0 0 3.2 10 40 M M 10 1 21 60
15 59 37 48 M 17 0 0.00 0.0 0 4.2 15 330 M M 7 22 310
16 55 28 42 M 23 0 0.00 0.0 0 1.7 8 310 M M 2 M M
17 65 29 47 M 18 0 0.00 0.0 0 0.3 4 250 M M 4 12 M M
18 64 36 50 M 15 0 T 0.0 0 3.8 16 180 M M 6 20 170
19 56 40 48 M 17 0 T 0.0 0 3.2 8 310 M M 8 1 M M
20 62 33 48 M 17 0 0.00 0.0 0 0.7 9 300 M M 3 1 M M
21 56 37 47 M 18 0 T 0.0 0 3.0 13 320 M M 7 1 21 320
22 57 25 41 M 24 0 0.00 0.0 0 0.0 M M M M 1 1 M M
23 60 35 48 M 17 0 0.01 0.0 0 1.3 10 190 M M 9 18 M M
24 75 46 61 M 4 0 0.01 0.0 0 4.1 14 220 M M 9 13 23 60
25 64 57 61 M 4 0 M 0.0 0 1.4 12 220 M M 10 1 M M
26 67 58 63 M 2 0 0.53 0.0 0 0.8 7 200 M M 9 1 M M
27 65 37 51 M 14 0 0.07 0.0 0 9.0 21 270 M M 10 25 270
28 37 33 35 M 30 0 M M 0 2.5 10 320 M M 9 M M
29 38 21 30 M 35 0 0.00 0.0 0 2.0 8 360 M M 7 M M
30 37 17 27 M 38 0 0.00 0.0 0 5.2 14 280 M M 3 20 270
31 36 20 28 M 37 0 M M M 4.2 14 260 M M 7 1 20 260
================================================================================
SM 1860 1172 509 18 0.81 0.0 113.1 M 180
================================================================================
AV 60.0 37.8 3.6 FASTST M M 6 MAX(MPH)
MISC ----> 21 270 # 25 190
================================================================================
NOTES:
# LAST OF SEVERAL OCCURRENCES
COLUMN 17 PEAK WIND IN M.P.H.
PRELIMINARY LOCAL CLIMATOLOGICAL DATA (WS FORM: F-6) , PAGE 2
STATION: SPARTA - FORT MCCOY WI
MONTH: OCTOBER
YEAR: 2023
LATITUDE: 43 58 N
LONGITUDE: 90 44 W
[TEMPERATURE DATA] [PRECIPITATION DATA] SYMBOLS USED IN COLUMN 16
AVERAGE MONTHLY: 48.9 TOTAL FOR MONTH: 0.81 1 = FOG OR MIST
DPTR FM NORMAL: 0.0 DPTR FM NORMAL: M 2 = FOG REDUCING VISIBILITY
HIGHEST: 90 ON 1 GRTST 24HR 0.53 ON 26-26 TO 1/4 MILE OR LESS
LOWEST: 17 ON 30 3 = THUNDER
SNOW, ICE PELLETS, HAIL 4 = ICE PELLETS
TOTAL MONTH: 0.0 INCH 5 = HAIL
GRTST 24HR 0.0 6 = FREEZING RAIN OR DRIZZLE
GRTST DEPTH: 0 7 = DUSTSTORM OR SANDSTORM:
VSBY 1/2 MILE OR LESS
8 = SMOKE OR HAZE
[NO. OF DAYS WITH] [WEATHER - DAYS WITH] 9 = BLOWING SNOW
X = TORNADO
MAX 32 OR BELOW: 0 0.01 INCH OR MORE: 5
MAX 90 OR ABOVE: 1 0.10 INCH OR MORE: 2
MIN 32 OR BELOW: 9 0.50 INCH OR MORE: 1
MIN 0 OR BELOW: 0 1.00 INCH OR MORE: 0
[HDD (BASE 65) ]
TOTAL THIS MO. 509 CLEAR (SCALE 0-3) 8
DPTR FM NORMAL M PTCLDY (SCALE 4-7) 13
TOTAL FM JUL 1 673 CLOUDY (SCALE 8-10) 10
DPTR FM NORMAL M
[CDD (BASE 65) ]
TOTAL THIS MO. 18
DPTR FM NORMAL M [PRESSURE DATA]
TOTAL FM JAN 1 484 HIGHEST SLP M ON M
DPTR FM NORMAL M LOWEST SLP M ON M
[REMARKS]
#FINAL-10-23#