000
CXUS53 KTOP 010800
CF6CNK
PRELIMINARY LOCAL CLIMATOLOGICAL DATA (WS FORM: F-6)
STATION: Concordia KS
MONTH: APRIL
YEAR: 2020
LATITUDE: 39 32 N
LONGITUDE: 97 39 W
TEMPERATURE IN F: :PCPN: SNOW: WIND :SUNSHINE: SKY :PK WND
================================================================================
1 2 3 4 5 6A 6B 7 8 9 10 11 12 13 14 15 16 17 18
12Z AVG MX 2MIN
DY MAX MIN AVG DEP HDD CDD WTR SNW DPTH SPD SPD DIR MIN PSBL S-S WX SPD DR
================================================================================
1 76 45 61 13 4 0 0.00 0.0 0 15.9 35 170 M M 0 47 160
2 63 26 45 -4 20 0 T 0.0 0 15.5 28 340 M M 6 168 37 340
3 45 24 35 -14 30 0 0.10 0.0 0 14.6 24 350 M M 4 3 33 340
4 49 26 38 -11 27 0 0.00 0.0 0 6.6 12 100 M M 6 8 17 120
5 59 27 43 -7 22 0 0.00 0.0 0 10.0 18 140 M M 6 18 27 140
6 82 54 68 18 0 3 0.00 0.0 0 16.8 25 190 M M 5 8 35 190
7 90 53 72 22 0 7 0.00 0.0 0 7.9 24 200 M M 0 12 32 200
8 84 45 65 14 0 0 0.00 0.0 0 12.6 28 360 M M 0 38 30
9 62 34 48 -3 17 0 0.00 0.0 0 11.4 25 340 M M 1 38 340
10 62 23 43 -8 22 0 0.00 0.0 0 11.0 23 190 M M 2 32 190
11 82 53 68 16 0 3 0.00 0.0 0 10.4 22 180 M M 0 8 32 180
12 59 29 44 -8 21 0 T T 0 20.8 37 360 M M 9 18 54 360
13 48 22 35 -17 30 0 0.00 0.0 0 11.4 22 340 M M 0 33 350
14 55 26 41 -12 24 0 0.00 0.0 0 9.2 26 270 M M 5 39 280
15 59 28 44 -9 21 0 0.00 0.0 0 5.9 16 20 M M 3 21 10
16 47 33 40 -13 25 0 0.12 1.0 1 14.3 22 20 M M 9 18 32 80
17 54 31 43 -11 22 0 T 0.0 0 10.0 20 190 M M 6 1 27 180
18 72 38 55 1 10 0 0.00 0.0 0 16.9 31 190 M M 0 43 180
19 71 45 58 4 7 0 0.00 0.0 0 8.3 21 80 M M 0 30 80
20 75 41 58 3 7 0 0.04 0.0 0 10.3 25 310 M M 2 3 39 290
21 78 42 60 5 5 0 0.00 0.0 0 7.1 17 170 M M 0 23 180
22 62 53 58 3 7 0 0.44 0.0 0 5.0 17 170 M M 8 1 21 160
23 82 48 65 9 0 0 0.00 0.0 0 6.9 20 180 M M 0 38 200
24 63 50 57 1 8 0 0.12 0.0 0 9.7 22 360 M M 5 1 29 350
25 72 45 59 3 6 0 0.00 0.0 0 9.6 20 320 M M 1 27 330
26 75 40 58 1 7 0 0.00 0.0 0 10.9 24 150 M M 2 3 38 120
27 82 52 67 10 0 2 0.15 0.0 0 9.8 20 180 M M 2 3 27 180
28 79 50 65 8 0 0 0.02 0.0 0 14.7 29 340 0 0 0 54 340
29 71 49 60 2 5 0 0.00 0.0 0 16.2 29 350 M M 3 40 330
30 78 43 61 3 4 0 0.00 0.0 0 6.9 18 160 M M 0 23 160
================================================================================
SM 2036 1175 351 15 0.99 1.0 336.6 0 85
================================================================================
AV 67.9 39.2 11.2 FASTST 0 0 3 MAX(MPH)
MISC ----> # 37 360 # 54 340
================================================================================
NOTES:
# LAST OF SEVERAL OCCURRENCES
COLUMN 17 PEAK WIND IN M.P.H.
PRELIMINARY LOCAL CLIMATOLOGICAL DATA (WS FORM: F-6) , PAGE 2
STATION: Concordia KS
MONTH: APRIL
YEAR: 2020
LATITUDE: 39 32 N
LONGITUDE: 97 39 W
[TEMPERATURE DATA] [PRECIPITATION DATA] SYMBOLS USED IN COLUMN 16
AVERAGE MONTHLY: 53.5 TOTAL FOR MONTH: 0.99 1 = FOG OR MIST
DPTR FM NORMAL: 0.4 DPTR FM NORMAL: -1.46 2 = FOG REDUCING VISIBILITY
HIGHEST: 90 ON 7 GRTST 24HR 0.44 ON 22-22 TO 1/4 MILE OR LESS
LOWEST: 22 ON 13 3 = THUNDER
SNOW, ICE PELLETS, HAIL 4 = ICE PELLETS
TOTAL MONTH: 1.0 INCH 5 = HAIL
GRTST 24HR 1.0 ON 16-16 6 = FREEZING RAIN OR DRIZZLE
GRTST DEPTH: 1 ON 16 7 = DUSTSTORM OR SANDSTORM:
VSBY 1/2 MILE OR LESS
8 = SMOKE OR HAZE
[NO. OF DAYS WITH] [WEATHER - DAYS WITH] 9 = BLOWING SNOW
X = TORNADO
MAX 32 OR BELOW: 0 0.01 INCH OR MORE: 7
MAX 90 OR ABOVE: 1 0.10 INCH OR MORE: 5
MIN 32 OR BELOW: 10 0.50 INCH OR MORE: 0
MIN 0 OR BELOW: 0 1.00 INCH OR MORE: 0
[HDD (BASE 65) ]
TOTAL THIS MO. 351 CLEAR (SCALE 0-3) 19
DPTR FM NORMAL -22 PTCLDY (SCALE 4-7) 8
TOTAL FM JUL 1 4693 CLOUDY (SCALE 8-10) 3
DPTR FM NORMAL -571
[CDD (BASE 65) ]
TOTAL THIS MO. 15
DPTR FM NORMAL -1 [PRESSURE DATA]
TOTAL FM JAN 1 15 HIGHEST SLP 0.00 ON M
DPTR FM NORMAL -2 LOWEST SLP 29.42 ON 11
[REMARKS]
#FINAL-04-20#