000
CXUS55 KGJT 011010
CF6CNY
PRELIMINARY LOCAL CLIMATOLOGICAL DATA (WS FORM: F-6)
STATION: CANYONLANDS AIRPORT UT
MONTH: NOVEMBER
YEAR: 2023
LATITUDE: 38 46 N
LONGITUDE: 109 45 W
TEMPERATURE IN F: :PCPN: SNOW: WIND :SUNSHINE: SKY :PK WND
================================================================================
1 2 3 4 5 6A 6B 7 8 9 10 11 12 13 14 15 16 17 18
12Z AVG MX 2MIN
DY MAX MIN AVG DEP HDD CDD WTR SNW DPTH SPD SPD DIR MIN PSBL S-S WX SPD DR
================================================================================
1 56 22 39 -7 26 0 0.00 M M 2.5 9 310 M M 0 13 310
2 62 20 41 -5 24 0 0.00 M M 2.1 8 300 M M 0 12 100
3 67 27 47 1 18 0 0.00 M M 2.2 12 330 M M 0 13 330
4 69 30 50 5 15 0 0.00 M M 2.0 12 150 M M 0 13 140
5 68 32 50 6 15 0 0.00 M M 2.7 9 150 M M 0 11 120
6 75 32 54 10 11 0 0.00 M M 8.9 25 210 M M 0 33 200
7 72 41 57 13 8 0 0.00 M M 13.2 31 240 M M 0 40 240
8 56 31 44 1 21 0 T M M 9.5 23 280 M M 4 8 30 270
9 55 20 38 -5 27 0 0.00 M M 4.6 17 50 M M 0 23 60
10 52 19 36 -6 29 0 0.00 M M 3.5 12 320 M M 0 18 320
11 55 15 35 -7 30 0 0.00 M M 2.7 10 300 M M 0 11 310
12 56 19 38 -3 27 0 0.00 M M 2.2 9 320 M M 0 13 310
13 58 19 39 -2 26 0 0.00 M M 3.1 13 290 M M 0 17 320
14 64 28 46 6 19 0 0.00 M M 2.1 9 310 M M 0 11 310
15 64 32 48 8 17 0 0.00 M M 2.9 13 320 M M 0 15 330
16 63 40 52 13 13 0 0.14 M M 3.2 10 130 M M 6 1 12 130
17 63 34 49 10 16 0 0.00 M M 2.1 8 150 M M 1 13 140
18 59 35 47 9 18 0 0.00 M M 4.4 18 220 M M 4 24 230
19 53 40 47 9 18 0 0.14 M M 6.0 18 290 M M 9 1 25 270
20 56 33 45 8 20 0 0.00 M M 10.1 23 70 M M 2 28 50
21 51 24 38 1 27 0 0.00 M M 3.2 12 330 M M 0 13 330
22 51 23 37 1 28 0 0.00 M M 1.7 9 320 M M 0 11 320
23 47 23 35 -1 30 0 0.00 M M 1.8 10 320 M M 1 11 330
24 42 31 37 2 28 0 0.44 M M 6.6 15 270 M M 10 1 20 140
25 36 24 30 -5 35 0 0.03 M M 3.6 21 290 M M 6 1 26 290
26 35 19 27 -7 38 0 0.00 M M 3.8 10 50 M M 0 14 110
27 33 19 26 -8 39 0 0.00 M M 2.3 8 320 M M 0 10 300
28 34 16 25 -9 40 0 0.00 M M 2.7 8 340 M M 0 9 310
29 33 17 25 -8 40 0 0.00 M M 3.1 9 320 M M 3 11 310
30 40 21 31 -2 34 0 0.00 M M 2.4 10 320 M M 6 14 330
================================================================================
SM 1625 786 737 0 0.75 M 121.2 M 52
================================================================================
AV 54.2 26.2 4.0 FASTST M M 2 MAX(MPH)
MISC ----> 31 240 40 240
================================================================================
NOTES:
# LAST OF SEVERAL OCCURRENCES
COLUMN 17 PEAK WIND IN M.P.H.
PRELIMINARY LOCAL CLIMATOLOGICAL DATA (WS FORM: F-6) , PAGE 2
STATION: CANYONLANDS AIRPORT UT
MONTH: NOVEMBER
YEAR: 2023
LATITUDE: 38 46 N
LONGITUDE: 109 45 W
[TEMPERATURE DATA] [PRECIPITATION DATA] SYMBOLS USED IN COLUMN 16
AVERAGE MONTHLY: 40.2 TOTAL FOR MONTH: 0.75 1 = FOG OR MIST
DPTR FM NORMAL: 0.7 DPTR FM NORMAL: 0.35 2 = FOG REDUCING VISIBILITY
HIGHEST: 75 ON 6 GRTST 24HR 0.47 ON 24-25 TO 1/4 MILE OR LESS
LOWEST: 15 ON 11 3 = THUNDER
SNOW, ICE PELLETS, HAIL 4 = ICE PELLETS
TOTAL MONTH: M 5 = HAIL
GRTST 24HR M ON M 6 = FREEZING RAIN OR DRIZZLE
GRTST DEPTH: M ON M 7 = DUSTSTORM OR SANDSTORM:
VSBY 1/2 MILE OR LESS
8 = SMOKE OR HAZE
[NO. OF DAYS WITH] [WEATHER - DAYS WITH] 9 = BLOWING SNOW
X = TORNADO
MAX 32 OR BELOW: 0 0.01 INCH OR MORE: 4
MAX 90 OR ABOVE: 0 0.10 INCH OR MORE: 3
MIN 32 OR BELOW: 24 0.50 INCH OR MORE: 0
MIN 0 OR BELOW: 0 1.00 INCH OR MORE: 0
[HDD (BASE 65) ]
TOTAL THIS MO. 737 CLEAR (SCALE 0-3) 22
DPTR FM NORMAL -28 PTCLDY (SCALE 4-7) 6
TOTAL FM JUL 1 1040 CLOUDY (SCALE 8-10) 2
DPTR FM NORMAL -115
[CDD (BASE 65) ]
TOTAL THIS MO. 0
DPTR FM NORMAL 0 [PRESSURE DATA]
TOTAL FM JAN 1 1436 HIGHEST SLP 30.62 ON 21
DPTR FM NORMAL 22 LOWEST SLP 29.61 ON 7
[REMARKS]
#FINAL-11-23#