000
CXUS55 KRIW 011110
CF6COD
PRELIMINARY LOCAL CLIMATOLOGICAL DATA (WS FORM: F-6)
STATION: CODY WY
MONTH: FEBRUARY
YEAR: 2023
LATITUDE: 44 31 N
LONGITUDE: 109 1 W
TEMPERATURE IN F: :PCPN: SNOW: WIND :SUNSHINE: SKY :PK WND
================================================================================
1 2 3 4 5 6A 6B 7 8 9 10 11 12 13 14 15 16 17 18
12Z AVG MX 2MIN
DY MAX MIN AVG DEP HDD CDD WTR SNW DPTH SPD SPD DIR MIN PSBL S-S WX SPD DR
================================================================================
1 39 8 24 -3 41 0 0.00 M M 10.0 22 260 M M 2 38 260
2 45 16 31 4 34 0 0.00 M M 7.2 18 260 M M 1 33 280
3 52 19 36 9 29 0 0.00 M M 10.5 21 250 M M 0 35 220
4 46 36 41 13 24 0 0.00 M M 15.6 25 250 M M 1 45 260
5 43 28 36 8 29 0 0.00 M M 9.5 22 250 M M 4 36 260
6 43 33 38 10 27 0 0.00 M M 10.0 22 270 M M 5 36 270
7 46 37 42 14 23 0 0.00 M M 13.7 21 270 M M 0 40 270
8 38 25 32 4 33 0 T M M 10.0 20 270 M M 6 1 35 280
9 36 12 24 -4 41 0 0.00 M M 7.7 18 160 M M 0 23 160
10 43 11 27 -1 38 0 0.00 M M 3.2 9 40 M M 0 M M
11 42 16 29 1 36 0 0.00 M M 4.3 12 20 M M 0 M M
12 50 13 32 4 33 0 0.00 M M 6.2 18 270 M M 0 37 260
13 56 31 44 15 21 0 0.00 M M 9.7 16 240 M M 2 33 270
14 39 10 25 -4 40 0 T M M 16.0 30 360 M M 9 12 43 340
15 28 -4 12 -17 53 0 T M M 5.0 12 350 M M 2 M M
16 34 -6 14 -15 51 0 0.00 M M 3.1 7 300 M M 0 M M
17 42 11 27 -2 38 0 0.00 M M 9.1 17 260 M M 0 31 280
18 42 20 31 1 34 0 0.00 M M 10.6 20 250 M M 2 39 290
19 37 15 26 -4 39 0 T M M 15.6 29 250 M M 3 51 260
20 42 26 34 4 31 0 T M M 11.2 20 240 M M 4 41 250
21 45 1 23 -7 42 0 0.01 M M 16.0 23 340 M M 7 12 33 70
22 1 -13 -6 -37 71 0 T M M 16.6 23 360 M M 10 8 31 340
23 1 -20 -9 -40 74 0 T M M 3.9 9 20 M M 3 M M
24 15 -21 -3 -34 68 0 0.00 M M 3.5 7 40 M M 0 M M
25 45 -2 22 -10 43 0 0.00 M M 14.7 27 250 M M 2 45 250
26 51 18 35 3 30 0 0.00 M M 9.4 22 260 M M 3 30 260
27 38 24 31 -1 34 0 0.00 M M 10.7 20 250 M M 2 32 260
28 36 19 28 -5 37 0 0.00 M M 13.0 21 260 M M 1 35 270
================================================================================
SM 1075 363 1094 0 0.01 M 276.1 M 69
================================================================================
AV 38.4 13.0 9.9 FASTST M M 2 MAX(MPH)
MISC ----> 30 360 51 260
================================================================================
NOTES:
# LAST OF SEVERAL OCCURRENCES
COLUMN 17 PEAK WIND IN M.P.H.
PRELIMINARY LOCAL CLIMATOLOGICAL DATA (WS FORM: F-6) , PAGE 2
STATION: CODY WY
MONTH: FEBRUARY
YEAR: 2023
LATITUDE: 44 31 N
LONGITUDE: 109 1 W
[TEMPERATURE DATA] [PRECIPITATION DATA] SYMBOLS USED IN COLUMN 16
AVERAGE MONTHLY: 25.7 TOTAL FOR MONTH: 0.01 1 = FOG OR MIST
DPTR FM NORMAL: -3.6 DPTR FM NORMAL: -0.35 2 = FOG REDUCING VISIBILITY
HIGHEST: 56 ON 13 GRTST 24HR 0.01 ON 21-21 TO 1/4 MILE OR LESS
LOWEST: -21 ON 24 3 = THUNDER
SNOW, ICE PELLETS, HAIL 4 = ICE PELLETS
TOTAL MONTH: M 5 = HAIL
GRTST 24HR M ON M 6 = FREEZING RAIN OR DRIZZLE
GRTST DEPTH: M ON M 7 = DUSTSTORM OR SANDSTORM:
VSBY 1/2 MILE OR LESS
8 = SMOKE OR HAZE
[NO. OF DAYS WITH] [WEATHER - DAYS WITH] 9 = BLOWING SNOW
X = TORNADO
MAX 32 OR BELOW: 4 0.01 INCH OR MORE: 1
MAX 90 OR ABOVE: 0 0.10 INCH OR MORE: 0
MIN 32 OR BELOW: 25 0.50 INCH OR MORE: 0
MIN 0 OR BELOW: 6 1.00 INCH OR MORE: 0
[HDD (BASE 65) ]
TOTAL THIS MO. 1094 CLEAR (SCALE 0-3) 20
DPTR FM NORMAL 94 PTCLDY (SCALE 4-7) 6
TOTAL FM JUL 1 5440 CLOUDY (SCALE 8-10) 2
DPTR FM NORMAL 690
[CDD (BASE 65) ]
TOTAL THIS MO. 0
DPTR FM NORMAL 0 [PRESSURE DATA]
TOTAL FM JAN 1 0 HIGHEST SLP M ON M
DPTR FM NORMAL 0 LOWEST SLP M ON M
[REMARKS]
#FINAL-02-23#