000
CXUS53 KLSX 011611 CCA
CF6COU
PRELIMINARY LOCAL CLIMATOLOGICAL DATA (WS FORM: F-6)
STATION: COLUMBIA ASOS
MONTH: MARCH
YEAR: 2022
LATITUDE: 38 49 N
LONGITUDE: 92 13 W
TEMPERATURE IN F: :PCPN: SNOW: WIND :SUNSHINE: SKY :PK WND
================================================================================
1 2 3 4 5 6A 6B 7 8 9 10 11 12 13 14 15 16 17 18
12Z AVG MX 2MIN
DY MAX MIN AVG DEP HDD CDD WTR SNW DPTH SPD SPD DIR MIN PSBL S-S WX SPD DR
================================================================================
1 74 36 55 15 10 0 0.00 0.0 0 8.4 20 250 M M 0 24 220
2 82 41 62 21 3 0 0.00 0.0 0 8.8 22 230 M M 0 28 250
3 58 37 48 7 17 0 0.00 0.0 0 14.2 21 60 M M 0 30 60
4 73 34 54 12 11 0 0.00 0.0 0 10.8 17 150 M M 0 23 170
5 76 47 62 20 3 0 0.11 0.0 0 16.4 36 210 M M 8 1 48 210
6 52 33 43 1 22 0 1.06 T 0 10.2 24 40 M M 5 16 32 350
7 37 28 33 -10 32 0 0.02 T 0 12.2 22 310 M M 10 16 32 330
8 42 24 33 -10 32 0 0.00 0.0 0 2.7 10 170 M M 2 13 180
9 50 27 39 -4 26 0 0.00 0.0 0 7.0 14 30 M M 2 20 30
10 34 23 29 -15 36 0 0.20 2.3 0 11.9 17 10 M M 9 18 24 20
11 33 18 26 -18 39 0 0.10 2.6 5 12.3 23 300 M M 4 1 30 310
12 33 8 21 -23 44 0 0.00 0.0 4 8.9 20 340 M M 1 26 340
13 67 33 50 5 15 0 0.00 0.0 1 13.5 21 240 M M 2 31 230
14 67 40 54 9 11 0 0.00 0.0 0 12.1 22 180 M M 4 31 180
15 71 42 57 11 8 0 0.00 0.0 0 3.5 10 220 M M 4 1 14 180
16 74 45 60 14 5 0 0.00 0.0 0 9.0 20 190 M M 0 26 210
17 78 49 64 18 1 0 0.00 0.0 0 8.6 15 150 M M 0 20 150
18 58 39 49 2 16 0 0.32 0.0 0 11.0 22 310 M M 10 1 28 320
19 58 39 49 2 16 0 T 0.0 0 12.1 22 280 M M 4 30 260
20 75 39 57 10 8 0 0.00 0.0 0 9.8 16 160 M M 0 24 200
21 75 51 63 15 2 0 0.57 0.0 0 12.5 26 160 M M 3 1 38 160
22 64 50 57 9 8 0 0.36 0.0 0 11.6 25 100 M M 7 1 35 80
23 52 39 46 -2 19 0 0.18 0.0 0 11.7 21 280 M M 10 1 29 280
24 42 37 40 -9 25 0 0.17 0.0 0 8.9 16 300 M M 10 1 22 290
25 56 39 48 -1 17 0 0.00 0.0 0 13.9 28 300 M M 3 42 290
26 53 37 45 -5 20 0 0.00 0.0 0 13.6 24 310 M M 0 31 310
27 48 31 40 -10 25 0 0.00 0.0 0 7.2 15 20 M M 3 21 40
28 55 34 45 -5 20 0 0.00 0.0 0 12.7 22 100 M M 1 29 120
29 75 43 59 8 6 0 0.00 0.0 0 16.6 28 160 M M 4 34 170
30 70 37 54 3 11 0 1.07 0.0 0 12.6 25 300 M M 10 1 37 310
31 38 32 35 -16 30 0 0.00 0.0 0 11.8 21 280 M M 10 30 270
================================================================================
SM 1820 1112 538 0 4.16 4.9 336.5 M 126
================================================================================
AV 58.7 35.9 10.9 FASTST M M 4 MAX(MPH)
MISC ----> 36 210 48 210
================================================================================
NOTES:
# LAST OF SEVERAL OCCURRENCES
COLUMN 17 PEAK WIND IN M.P.H.
PRELIMINARY LOCAL CLIMATOLOGICAL DATA (WS FORM: F-6) , PAGE 2
STATION: COLUMBIA ASOS
MONTH: MARCH
YEAR: 2022
LATITUDE: 38 49 N
LONGITUDE: 92 13 W
[TEMPERATURE DATA] [PRECIPITATION DATA] SYMBOLS USED IN COLUMN 16
AVERAGE MONTHLY: 47.3 TOTAL FOR MONTH: 4.16 1 = FOG OR MIST
DPTR FM NORMAL: 1.3 DPTR FM NORMAL: 1.19 2 = FOG REDUCING VISIBILITY
HIGHEST: 82 ON 2 GRTST 24HR 1.08 ON 6- 7 TO 1/4 MILE OR LESS
LOWEST: 8 ON 12 3 = THUNDER
SNOW, ICE PELLETS, HAIL 4 = ICE PELLETS
TOTAL MONTH: 4.9 INCHES 5 = HAIL
GRTST 24HR 2.6 ON 11-11 6 = FREEZING RAIN OR DRIZZLE
GRTST DEPTH: 5 ON 11 7 = DUSTSTORM OR SANDSTORM:
VSBY 1/2 MILE OR LESS
8 = SMOKE OR HAZE
[NO. OF DAYS WITH] [WEATHER - DAYS WITH] 9 = BLOWING SNOW
X = TORNADO
MAX 32 OR BELOW: 0 0.01 INCH OR MORE: 11
MAX 90 OR ABOVE: 0 0.10 INCH OR MORE: 10
MIN 32 OR BELOW: 8 0.50 INCH OR MORE: 3
MIN 0 OR BELOW: 0 1.00 INCH OR MORE: 2
[HDD (BASE 65) ]
TOTAL THIS MO. 538 CLEAR (SCALE 0-3) 16
DPTR FM NORMAL -58 PTCLDY (SCALE 4-7) 7
TOTAL FM JUL 1 3790 CLOUDY (SCALE 8-10) 8
DPTR FM NORMAL -511
[CDD (BASE 65) ]
TOTAL THIS MO. 0
DPTR FM NORMAL -5 [PRESSURE DATA]
TOTAL FM JAN 1 0 HIGHEST SLP 30.44 ON 12
DPTR FM NORMAL -5 LOWEST SLP 29.32 ON 30
[REMARKS]
#FINAL-03-22#